From mboxrd@z Thu Jan 1 00:00:00 1970 Return-Path: Received: from mails.dpdk.org (mails.dpdk.org [217.70.189.124]) by inbox.dpdk.org (Postfix) with ESMTP id 8E28D48871 for ; Tue, 30 Sep 2025 16:07:13 +0200 (CEST) Received: from mails.dpdk.org (localhost [127.0.0.1]) by mails.dpdk.org (Postfix) with ESMTP id 8944540151; Tue, 30 Sep 2025 16:07:13 +0200 (CEST) Received: from mail-io1-f98.google.com (mail-io1-f98.google.com [209.85.166.98]) by mails.dpdk.org (Postfix) with ESMTP id F04AC40151 for ; Tue, 30 Sep 2025 16:07:11 +0200 (CEST) Received: by mail-io1-f98.google.com with SMTP id ca18e2360f4ac-92aee734585so83085739f.3 for ; Tue, 30 Sep 2025 07:07:11 -0700 (PDT) DKIM-Signature: v=1; a=rsa-sha256; c=relaxed/relaxed; d=iol.unh.edu; s=unh-iol; t=1759241231; x=1759846031; darn=dpdk.org; h=cc:to:from:subject:message-id:date:from:to:cc:subject:date :message-id:reply-to; bh=ZoSZSz56+7745qh0+e9yPeH1UgJZCt0+CVe5qky/z3I=; b=Oc2qb9Y9dzxxLeIiqZW/+52tqiZQ9uUr1dhNP8WyOT2wsCQbVDWNCKFHwgr6HmaP/x l/PBsY5iSXcWTTTQflROJtPrDV3ZiYXwW2yHm13DKh5glcs20hxtP8M4SmD+il6T+Ryc 8Wtxo8vOV1HLn55kIxNT5nWCuUylr05xJ9WWI= X-Google-DKIM-Signature: v=1; a=rsa-sha256; c=relaxed/relaxed; d=1e100.net; s=20230601; t=1759241231; x=1759846031; h=cc:to:from:subject:message-id:date:x-gm-message-state:from:to:cc :subject:date:message-id:reply-to; bh=ZoSZSz56+7745qh0+e9yPeH1UgJZCt0+CVe5qky/z3I=; b=Fz/cr9Ss1WiDdKUT+L5+PKD+47D62pIJu2xuKXwQ/akGo2rZJFOJpwYF5j52BnoLQ2 kR0QHlEVuvY9H+jgjqJY0VluOUgQVo5HBXOCFqV1QTOU2Ehk/NJmqrsIlGuF8MzLSalv dNtOGoCfeEqBXwPAj2tj6rkV6OV0LjAWIxXKAOro2ugRYGRWekECLozs9Q7ZgzRZPc+K BFIzYZYnPBAQFBK7nDD0QOK006GAcI6hZPFmLaA4fXZSjNlDP88VPVdp59jyGN/NZ+it Gk0j0pgdKpU0G4XT0e75nFZc6Owwmun5eAklKi2+iDSF+7+BuJQYVGYrmkJwxCwLQXwi l6fQ== X-Gm-Message-State: AOJu0Yzy64cHgxj6mM/a11lCCxPL4Cz5E/+X+KJ03Y3Io8tX7Co5yWy2 8ckUKgs4PJwG8F0sinR7sngbOlVooweEt3jSmN77WqRIRl86Ge7W1IIwThicOXAxIhcsGrSrmow M9G1E8tSMfnrDBopS72BPxF579SZ7cZaPUmUL1dQrT3eRqG+Ii8tX X-Gm-Gg: ASbGncvfq6Z91cEkZQIxj7BJCBaw5jCBPML87ey5LdzMZL7HiXWrW1x+rmOdJrJ7fQ8 kp2AMOKIWTLGWzF96zJG0o18v8mAUq45sScJe1hKNmtLuegb2KBglXAx5aZCJFyddF9hrpK1cks sTR8aLeiJgSLsE6NPDJA+RoO5Dp8TcwbcNT9M0hQO+C93NxpQz+xhMKTGmWS+Vp6dpxNNEVIk0L E1cXIxreafkDubb87WBXU4DM1SsLtytiqgaEu0T58HtE97x4/RTSkyoAter4I8Ce6hQYdPop8HQ BsVF8FOevEwqIYT0QJqvQ0v4XQ8VGPtjnnzIGDRbibh/q5cBJBv1Vf4= X-Google-Smtp-Source: AGHT+IHHOPZUzWwRBfw54/WV5v/ayQMYThDJcOgBh3lavxDk8tja5iuyxnfkvD9/ZE+YDi4sz2NtGu3feUes X-Received: by 2002:a05:6602:2c03:b0:887:574d:dfbb with SMTP id ca18e2360f4ac-90164f0d34amr2973508139f.11.1759241230932; Tue, 30 Sep 2025 07:07:10 -0700 (PDT) Received: from postal.iol.unh.edu (postal.iol.unh.edu. [2606:4100:3880:1234::84]) by smtp-relay.gmail.com with ESMTPS id ca18e2360f4ac-9040f54bc5fsm49543639f.11.2025.09.30.07.07.10 (version=TLS1_2 cipher=ECDHE-ECDSA-AES128-GCM-SHA256 bits=128/128); Tue, 30 Sep 2025 07:07:10 -0700 (PDT) X-Relaying-Domain: iol.unh.edu Date: Tue, 30 Sep 2025 07:07:10 -0700 (PDT) Message-ID: <68dbe40e.050a0220.15a012.f428SMTPIN_ADDED_MISSING@mx.google.com> Received: from [172.21.0.3] (unknown [172.18.0.240]) by postal.iol.unh.edu (Postfix) with ESMTP id 40B1E6051830; Tue, 30 Sep 2025 10:07:10 -0400 (EDT) Subject: |FAILURE| [GIT MASTER] 62f583c49bf67dd4d6733ece14e55fe6839e66d1 From: dpdklab@iol.unh.edu To: Test Report Cc: dpdk-test-reports@iol.unh.edu, Xueming Li , Christian Ehrhardt , Kevin Traynor , Luca Boccassi Content-Type: text/plain X-BeenThere: test-report@dpdk.org X-Mailman-Version: 2.1.29 Precedence: list List-Id: automatic DPDK test reports List-Unsubscribe: , List-Archive: List-Post: List-Help: List-Subscribe: , Errors-To: test-report-bounces@dpdk.org _Testing issues_ Branch: tags/v23.11 62f583c49bf67dd4d6733ece14e55fe6839e66d1 --> testing issues Upstream job id: Generic-DPDK-Compile-Meson#429868 Test environment and result as below: +------------------------------+--------------------+ | Environment | dpdk_meson_compile | +==============================+====================+ | Red Hat Enterprise Linux 9.5 | PASS | +------------------------------+--------------------+ | Ubuntu 20.04 | PASS | +------------------------------+--------------------+ | Debian GNU/Linux 12 | PASS | +------------------------------+--------------------+ | Fedora Linux 42 | PASS | +------------------------------+--------------------+ | Ubuntu 22.04 | PASS | +------------------------------+--------------------+ | CentOS Stream 9 | PASS | +------------------------------+--------------------+ | Ubuntu 24.04 | PASS | +------------------------------+--------------------+ | CentOS Stream 10 | PASS | +------------------------------+--------------------+ Red Hat Enterprise Linux 9.5 Kernel: 5.4 Compiler: gcc gcc (GCC) 11.5.0 20240719 (Red Hat 11.5.0-2) Ubuntu 20.04 Kernel: 5.15 Compiler: aarch64-linux-gnu-gcc gcc (Ubuntu 9.4.0-1ubuntu1~20.04.2) 9.4.0 Debian GNU/Linux 12 Kernel: 5.4 Compiler: gcc gcc (Debian 12.2.0-14+deb12u1) 12.2.0 Fedora Linux 42 Kernel: 5.4 Compiler: gcc gcc (GCC) 15.2.1 20250808 (Red Hat 15.2.1-1) Ubuntu 22.04 Kernel: 5.4 Compiler: gcc gcc (Ubuntu 11.4.0-1ubuntu1~22.04) 11.4.0 CentOS Stream 9 Kernel: 5.4 Compiler: gcc gcc (GCC) 11.5.0 20240719 (Red Hat 11.5.0-11) Ubuntu 24.04 Kernel: 5.4 Compiler: gcc gcc (Ubuntu 13.3.0-6ubuntu2~24.04) 13.3.0 CentOS Stream 10 Kernel: 5.4 Compiler: gcc gcc (GCC) 14.2.1 20250110 (Red Hat 14.2.1-8) To view detailed results, visit: https://lab.dpdk.org/results/dashboard/tarballs/35052/ UNH-IOL DPDK Community Lab To manage your email subscriptions, visit: https://lab.dpdk.org/results/dashboard/preferences/subscriptions/