From mboxrd@z Thu Jan 1 00:00:00 1970 Return-Path: Received: from mails.dpdk.org (mails.dpdk.org [217.70.189.124]) by inbox.dpdk.org (Postfix) with ESMTP id A22DA48871 for ; Tue, 30 Sep 2025 16:07:29 +0200 (CEST) Received: from mails.dpdk.org (localhost [127.0.0.1]) by mails.dpdk.org (Postfix) with ESMTP id 9C01740151; Tue, 30 Sep 2025 16:07:29 +0200 (CEST) Received: from mail-pl1-f226.google.com (mail-pl1-f226.google.com [209.85.214.226]) by mails.dpdk.org (Postfix) with ESMTP id EF3FC40151 for ; Tue, 30 Sep 2025 16:07:23 +0200 (CEST) Received: by mail-pl1-f226.google.com with SMTP id d9443c01a7336-28832ad6f64so29195295ad.1 for ; Tue, 30 Sep 2025 07:07:23 -0700 (PDT) DKIM-Signature: v=1; a=rsa-sha256; c=relaxed/relaxed; d=iol.unh.edu; s=unh-iol; t=1759241243; x=1759846043; darn=dpdk.org; h=cc:to:from:subject:message-id:date:from:to:cc:subject:date :message-id:reply-to; bh=kTDnvtB1laST4c/JGJTsaW1hx2Don1WH91grhVlYjvk=; b=Hl1ZSrWiamfOSDgmU3pbDX2x2c0GuRC/AXF5ZHut7lw4pMED6eoiJFLRido48nUZmR L5Sfvly7OjCu6IYaA+2Mlnxg45jwY900AApwUpBju76S2G8ein0CUYNs8rgixOCidElE ZfDaudL92rFQQhvhSe5+G6ib0VwFdaGGXN8ik= X-Google-DKIM-Signature: v=1; a=rsa-sha256; c=relaxed/relaxed; d=1e100.net; s=20230601; t=1759241243; x=1759846043; h=cc:to:from:subject:message-id:date:x-gm-message-state:from:to:cc :subject:date:message-id:reply-to; bh=kTDnvtB1laST4c/JGJTsaW1hx2Don1WH91grhVlYjvk=; b=Gq2HBChnOHjWxVK3jRUvZRwHFUHujxOvvNkjOLi9B1HZ2V+oCiAwyHxz72OWqEutSa qnEEuJFMxxBd1dQvGvQEbnx9f0Sz2TwMGgSdF/4LvQpqntwvNrBO2HNZ+UFKkOlWETkd VcIwwefR+Ua4GBe5GxZceKUMkUxz1bhFTWJxF7RIrVGiqI0FkLpcrZ7S1whQgY5mXQ7E 5gVCTPtQ6xgmqatqH7s/HZwFg+/U3rZiS3+gwpLOR7m+Sq6W0PD/H1ceJVDRQ6Q/Vprj RnlNPzZuDodl74x8m4OETh2re6sZG8Ob5H9SQ4QBkflGsoW7qyYcRjSgmmeBptvHPaSV P7DA== X-Gm-Message-State: AOJu0YwWZ+gNIae9OJQ3KaASqah9jvBAi5fEUH1ngFstpT7AfmJTtn0r ZYi65XblM+Vu0Nu8QmokUqZb9IBeBu4igrWmEMZV1Rc028AH5363JNXp5nsqXzAMFFt9JH9AgFl TFvmWkkleuVfxoBnoK7VqcwWM8nLFl6O/NrOc X-Gm-Gg: ASbGncuEPYNQiiAavrp+ziw3ogJxkm03kcGjR8jdeMXYPv43rMgUUgumGuPRqjgenZO j4Tvn2SBdCqJXvKSCdVKL7sH9JIyrMJI6NW/nfF63GDlozPrwe02SPfqmBA3NjOwAiUS65mTlut BSMsIYrflzffA05LrBjZcGuSBn9obhNqJuS/9g/GQv03sp5EnGC8AKkSW2bAVCivw2XaxnRhnfT mCV2nM0isKcyLgEQjUI8O0xV921yj50ae5x0TsUycW8ThVSCnzoYHfiN0vGv/Eu4poieUVpFj/x a6PPs11vBSGrkxZ/kFXhO7z21VT+WI9e0/BU4F5HzR1dbMkeBlIEMyHUWwcMINIiKJnY8/A9XY1 b0Q== X-Google-Smtp-Source: AGHT+IE4jxWhxmwgsmw87uU/1NvJKvx/q9Xi+LjvdDCrIeX7TYBDEnizzpG0UMMyc9C1eBM8a9D4s1XxTkem X-Received: by 2002:a17:902:c945:b0:269:8072:5bda with SMTP id d9443c01a7336-27ed4ec4369mr274664715ad.54.1759241243124; Tue, 30 Sep 2025 07:07:23 -0700 (PDT) Received: from postal.iol.unh.edu (postal.iol.unh.edu. [132.177.123.84]) by smtp-relay.gmail.com with ESMTPS id d9443c01a7336-27ed66bb713sm12799975ad.3.2025.09.30.07.07.22 (version=TLS1_2 cipher=ECDHE-ECDSA-AES128-GCM-SHA256 bits=128/128); Tue, 30 Sep 2025 07:07:23 -0700 (PDT) X-Relaying-Domain: iol.unh.edu Date: Tue, 30 Sep 2025 07:07:23 -0700 (PDT) Message-ID: <68dbe41b.170a0220.d6ca6.c315SMTPIN_ADDED_MISSING@mx.google.com> Received: from [172.21.0.3] (unknown [172.18.0.240]) by postal.iol.unh.edu (Postfix) with ESMTP id 5DC3B6051830; Tue, 30 Sep 2025 10:07:22 -0400 (EDT) Subject: |FAILURE| [GIT MASTER] 62f583c49bf67dd4d6733ece14e55fe6839e66d1 From: dpdklab@iol.unh.edu To: Test Report Cc: dpdk-test-reports@iol.unh.edu, Xueming Li , Christian Ehrhardt , Kevin Traynor , Luca Boccassi Content-Type: text/plain X-BeenThere: test-report@dpdk.org X-Mailman-Version: 2.1.29 Precedence: list List-Id: automatic DPDK test reports List-Unsubscribe: , List-Archive: List-Post: List-Help: List-Subscribe: , Errors-To: test-report-bounces@dpdk.org _Testing issues_ Branch: tags/v23.11 62f583c49bf67dd4d6733ece14e55fe6839e66d1 --> testing issues Upstream job id: Generic-DPDK-Compile-Meson#429874 Test environment and result as below: +------------------------------+--------------------+ | Environment | dpdk_meson_compile | +==============================+====================+ | Red Hat Enterprise Linux 9.5 | PASS | +------------------------------+--------------------+ | Ubuntu 20.04 | PASS | +------------------------------+--------------------+ | Debian GNU/Linux 12 | PASS | +------------------------------+--------------------+ | Fedora Linux 42 | PASS | +------------------------------+--------------------+ | Ubuntu 22.04 | PASS | +------------------------------+--------------------+ | CentOS Stream 9 | PASS | +------------------------------+--------------------+ | Ubuntu 24.04 | PASS | +------------------------------+--------------------+ | CentOS Stream 10 | PASS | +------------------------------+--------------------+ Red Hat Enterprise Linux 9.5 Kernel: 5.4 Compiler: gcc gcc (GCC) 11.5.0 20240719 (Red Hat 11.5.0-2) Ubuntu 20.04 Kernel: 5.15 Compiler: aarch64-linux-gnu-gcc gcc (Ubuntu 9.4.0-1ubuntu1~20.04.2) 9.4.0 Debian GNU/Linux 12 Kernel: 5.4 Compiler: gcc gcc (Debian 12.2.0-14+deb12u1) 12.2.0 Fedora Linux 42 Kernel: 5.4 Compiler: gcc gcc (GCC) 15.2.1 20250808 (Red Hat 15.2.1-1) Ubuntu 22.04 Kernel: 5.4 Compiler: gcc gcc (Ubuntu 11.4.0-1ubuntu1~22.04) 11.4.0 CentOS Stream 9 Kernel: 5.4 Compiler: gcc gcc (GCC) 11.5.0 20240719 (Red Hat 11.5.0-11) Ubuntu 24.04 Kernel: 5.4 Compiler: gcc gcc (Ubuntu 13.3.0-6ubuntu2~24.04) 13.3.0 CentOS Stream 10 Kernel: 5.4 Compiler: gcc gcc (GCC) 14.2.1 20250110 (Red Hat 14.2.1-8) To view detailed results, visit: https://lab.dpdk.org/results/dashboard/tarballs/35052/ UNH-IOL DPDK Community Lab To manage your email subscriptions, visit: https://lab.dpdk.org/results/dashboard/preferences/subscriptions/