From: dpdklab@iol.unh.edu
To: Test Report <test-report@dpdk.org>
Cc: dpdk-test-reports@iol.unh.edu
Subject: |PENDING| pw157144-157146 [PATCH] [v1,3/3] app/test: add ML crypto t
Date: Tue, 30 Sep 2025 11:49:25 -0700 (PDT) [thread overview]
Message-ID: <68dc2635.170a0220.53436.7f3fSMTPIN_ADDED_MISSING@mx.google.com> (raw)
In-Reply-To: <20250930180316.1021-4-gmuthukrishn@marvell.com>
Test-Label: iol-unit-arm64-testing
Test-Status: PENDING
http://dpdk.org/patch/157146
_Testing pending_
Submitter: Gowrishankar Muthukrishnan <gmuthukrishn@marvell.com>
Date: Tuesday, September 30 2025 18:03:13
DPDK git baseline: Repo:dpdk
Branch: master
CommitID:f3878b615e69a12087a6c5d212723478cfc79c31
157144-157146 --> testing pending
Upstream job id: Generic-Unit-Test-DPDK#376753
Test environment and result as below:
+------------------------------+----------------+---------------------------+--------------+------------------------------+
| Environment | dpdk_unit_test | cryptodev_sw_zuc_autotest | lpm_autotest | cryptodev_sw_snow3g_autotest |
+==============================+================+===========================+==============+==============================+
| CentOS Stream 9 | PEND | SKIPPED | SKIPPED | SKIPPED |
+------------------------------+----------------+---------------------------+--------------+------------------------------+
| CentOS Stream 10 | PEND | SKIPPED | SKIPPED | SKIPPED |
+------------------------------+----------------+---------------------------+--------------+------------------------------+
| Debian GNU/Linux 12 | PEND | SKIPPED | SKIPPED | SKIPPED |
+------------------------------+----------------+---------------------------+--------------+------------------------------+
| Ubuntu 22.04 | PEND | SKIPPED | SKIPPED | SKIPPED |
+------------------------------+----------------+---------------------------+--------------+------------------------------+
| Fedora Linux 40 | PEND | SKIPPED | SKIPPED | SKIPPED |
+------------------------------+----------------+---------------------------+--------------+------------------------------+
| Fedora Linux 41 | PEND | SKIPPED | SKIPPED | SKIPPED |
+------------------------------+----------------+---------------------------+--------------+------------------------------+
| Fedora Linux 42 | PEND | SKIPPED | SKIPPED | SKIPPED |
+------------------------------+----------------+---------------------------+--------------+------------------------------+
| Red Hat Enterprise Linux 9.5 | PEND | SKIPPED | SKIPPED | SKIPPED |
+------------------------------+----------------+---------------------------+--------------+------------------------------+
| Ubuntu 20.04 | PEND | SKIPPED | PASS | SKIPPED |
+------------------------------+----------------+---------------------------+--------------+------------------------------+
| Ubuntu 24.04 | PEND | SKIPPED | SKIPPED | SKIPPED |
+------------------------------+----------------+---------------------------+--------------+------------------------------+
| Debian 12 (arm) | SKIPPED | PEND | SKIPPED | PEND |
+------------------------------+----------------+---------------------------+--------------+------------------------------+
CentOS Stream 9
Kernel: 5.4
Compiler: gcc gcc (GCC) 11.5.0 20240719 (Red Hat 11.5.0-11)
CentOS Stream 10
Kernel: 5.4
Compiler: gcc gcc (GCC) 14.2.1 20250110 (Red Hat 14.2.1-8)
Debian GNU/Linux 12
Kernel: 5.4
Compiler: gcc gcc (Debian 12.2.0-14+deb12u1) 12.2.0
Ubuntu 22.04
Kernel: 5.15
Compiler: gcc gcc (Ubuntu 11.4.0-1ubuntu1~22.04.2) 11.4.0
Fedora Linux 40
Kernel: 5.4
Compiler: gcc gcc (GCC) 14.2.1 20240912 (Red Hat 14.2.1-3)
Fedora Linux 41
Kernel: 5.4
Compiler: gcc gcc (GCC) 14.3.1 20250523 (Red Hat 14.3.1-1)
Fedora Linux 42
Kernel: 5.4
Compiler: clang gcc (GCC) 15.2.1 20250808 (Red Hat 15.2.1-1)
Red Hat Enterprise Linux 9.5
Kernel: 5.4
Compiler: gcc gcc (GCC) 11.5.0 20240719 (Red Hat 11.5.0-2)
Ubuntu 20.04
Kernel: 5.4
Compiler: gcc gcc (Ubuntu 9.4.0-1ubuntu1~20.04.2) 9.4.0
Ubuntu 24.04
Kernel: 5.4
Compiler: gcc gcc (Ubuntu 13.3.0-6ubuntu2~24.04) 13.3.0
Debian 12 (arm)
Kernel: Depends on container host
Compiler: gcc (Debian 12.2.0-14) 12.2.0
To view detailed results, visit:
https://lab.dpdk.org/results/dashboard/patchsets/34185/
UNH-IOL DPDK Community Lab
To manage your email subscriptions, visit:
https://lab.dpdk.org/results/dashboard/preferences/subscriptions/
next prev parent reply other threads:[~2025-09-30 18:49 UTC|newest]
Thread overview: 42+ messages / expand[flat|nested] mbox.gz Atom feed top
[not found] <20250930180316.1021-4-gmuthukrishn@marvell.com>
2025-09-30 17:29 ` |SUCCESS| pw157144-157146 [PATCH v1 3/3] app/test: add ML crypto test vectors qemudev
2025-09-30 17:34 ` qemudev
2025-09-30 18:05 ` |WARNING| pw157146 " checkpatch
2025-09-30 18:34 ` |PENDING| pw157144-157146 [PATCH] [v1,3/3] app/test: add ML crypto t dpdklab
2025-09-30 18:37 ` |SUCCESS| " dpdklab
2025-09-30 18:37 ` |PENDING| " dpdklab
2025-09-30 18:37 ` |FAILURE| " dpdklab
2025-09-30 18:38 ` dpdklab
2025-09-30 18:38 ` dpdklab
2025-09-30 18:48 ` dpdklab
2025-09-30 18:49 ` dpdklab [this message]
2025-09-30 18:52 ` dpdklab
2025-09-30 18:54 ` dpdklab
2025-09-30 18:54 ` dpdklab
2025-09-30 18:56 ` dpdklab
2025-09-30 18:58 ` |SUCCESS| " dpdklab
2025-09-30 19:00 ` |FAILURE| " dpdklab
2025-09-30 19:00 ` |SUCCESS| " dpdklab
2025-09-30 19:01 ` dpdklab
2025-09-30 19:03 ` |FAILURE| " dpdklab
2025-09-30 19:07 ` dpdklab
2025-09-30 19:08 ` dpdklab
2025-09-30 19:15 ` dpdklab
2025-09-30 19:18 ` dpdklab
2025-09-30 19:28 ` dpdklab
2025-09-30 20:39 ` |FAILURE| pw157146 [PATCH v1 3/3] app/test: add ML crypto test vectors 0-day Robot
2025-09-30 21:59 ` |SUCCESS| pw157144-157146 [PATCH] [v1,3/3] app/test: add ML crypto t dpdklab
2025-09-30 22:00 ` dpdklab
2025-10-01 1:56 ` |FAILURE| " dpdklab
2025-10-01 2:06 ` dpdklab
2025-10-01 2:20 ` |PENDING| " dpdklab
2025-10-01 2:36 ` |FAILURE| " dpdklab
2025-10-01 2:50 ` dpdklab
2025-10-01 3:44 ` dpdklab
2025-10-01 4:02 ` dpdklab
2025-10-01 4:18 ` dpdklab
2025-10-01 4:45 ` dpdklab
2025-10-01 5:35 ` dpdklab
2025-10-01 9:06 ` dpdklab
2025-10-01 14:11 ` dpdklab
2025-10-01 14:12 ` dpdklab
2025-10-01 15:46 ` dpdklab
Reply instructions:
You may reply publicly to this message via plain-text email
using any one of the following methods:
* Save the following mbox file, import it into your mail client,
and reply-to-all from there: mbox
Avoid top-posting and favor interleaved quoting:
https://en.wikipedia.org/wiki/Posting_style#Interleaved_style
* Reply using the --to, --cc, and --in-reply-to
switches of git-send-email(1):
git send-email \
--in-reply-to=68dc2635.170a0220.53436.7f3fSMTPIN_ADDED_MISSING@mx.google.com \
--to=dpdklab@iol.unh.edu \
--cc=dpdk-test-reports@iol.unh.edu \
--cc=test-report@dpdk.org \
/path/to/YOUR_REPLY
https://kernel.org/pub/software/scm/git/docs/git-send-email.html
* If your mail client supports setting the In-Reply-To header
via mailto: links, try the mailto: link
Be sure your reply has a Subject: header at the top and a blank line
before the message body.
This is a public inbox, see mirroring instructions
for how to clone and mirror all data and code used for this inbox;
as well as URLs for NNTP newsgroup(s).