From mboxrd@z Thu Jan 1 00:00:00 1970 Return-Path: Received: from mails.dpdk.org (mails.dpdk.org [217.70.189.124]) by inbox.dpdk.org (Postfix) with ESMTP id 7E0B048874 for ; Tue, 30 Sep 2025 20:54:32 +0200 (CEST) Received: from mails.dpdk.org (localhost [127.0.0.1]) by mails.dpdk.org (Postfix) with ESMTP id 5B09640150; Tue, 30 Sep 2025 20:54:32 +0200 (CEST) Received: from mail-pl1-f226.google.com (mail-pl1-f226.google.com [209.85.214.226]) by mails.dpdk.org (Postfix) with ESMTP id C799040150 for ; Tue, 30 Sep 2025 20:54:30 +0200 (CEST) Received: by mail-pl1-f226.google.com with SMTP id d9443c01a7336-2897522a1dfso27615095ad.1 for ; Tue, 30 Sep 2025 11:54:30 -0700 (PDT) DKIM-Signature: v=1; a=rsa-sha256; c=relaxed/relaxed; d=iol.unh.edu; s=unh-iol; t=1759258470; x=1759863270; darn=dpdk.org; h=references:in-reply-to:cc:to:from:subject:message-id:date:from:to :cc:subject:date:message-id:reply-to; bh=9UGQTrUZV2tPETmzqfAXNpgue8Wm7nIFDvMinv3J0tQ=; b=gkSlgyvgBzElnfSJ2EoYyGVryvL2IV1YijwytKtSZB2OSEaflN5URTuaT9wfXR8PT3 GwuMKJiIMO2UtHKY2WnJI5qg4w8p776VKSdVQU6tLz4UC0A1gJ/f2s7mLaO1+NJ85aKp O67QBjMjb5qUlBzAFYGZI6ZWnEohUkAQ6zBR4= X-Google-DKIM-Signature: v=1; a=rsa-sha256; c=relaxed/relaxed; d=1e100.net; s=20230601; t=1759258470; x=1759863270; h=references:in-reply-to:cc:to:from:subject:message-id:date :x-gm-message-state:from:to:cc:subject:date:message-id:reply-to; bh=9UGQTrUZV2tPETmzqfAXNpgue8Wm7nIFDvMinv3J0tQ=; b=laVwp1qAovUmILcNj4oetfhF17qMT00RmIreggreK/E/vdLAdb52KKEeOmzq1yPa9l JKvHHk1xk96kGdy3bF0zpTES0EU63t36Tu4vP4nd1WR/XSPxxXSTOoSwnq7/IGcJFVWp 1Vs/b7HjdyblgjAcLWxzl5nat1xzSmUtuR5xDRLEQFfItya/L2YQVIoB1y+o4WsomKrK RIO9TYAJt7n70G/sbkJaNxK8YKvjGd9zAq0UNVY1ZsPuXmvH/N9F5VZXwew45ju+hjxT pJhp6kSTcCv8z1BabsD4w338LizK6alQSMD8XWrmim2sT3f/Yvtgic/broUQjH4RHg9J +uOg== X-Gm-Message-State: AOJu0Yx6VWXQ1eXldcD2htGOF9E+XGthtWTpJ2C7FqDqwdyyx8mlbzp1 U6d+rY0eRzEKQaxfR5LHquLmdDokOSDqxHoHnQjiUWb7iSUEINvlyN/ONHUtmbp/Aqjot2Tf7yy llyuMtCQOqTWoxPe/UF7wR8QMKNo2zB4HWrioQL9yTIS7 X-Gm-Gg: ASbGncsA7u2d/ixSsy1sv7wXHLJzlfo+3F7GJsX16fIa8Fn0R6BzjJApwOaQp2cDtzM zBjnRApXAAtYC4W/KsCZWf9jbx4YDW2ev2lekeDSuzKq5HbVyN2PbwocRH53lJuAAqC9lr/1GIR 2d3OEDbrcSSlKOau4j7Ax+oOXaZ2TYGp7iIcizE8k0qNuOdZvG2fYp1yPScwtUUHXKEvEwq7sWD blVhEsEGIXfMXENF0eNn1hr1ljfSYv0Ju7SmGQduJs9TluIS8Ag7oBsOpTkzNdttar8UIGRF82z 1UV2SwChQ5soIQLqiZtle/1zexUf8IibuRBgYsJDNFORGrXApV3rpK6pfjexG68AhHk6um6J8Cl e7A== X-Google-Smtp-Source: AGHT+IG9xU7iMNMJNEPQoGSrmuxoiIHmgMWkdr7CTcMS3H3uvfUJe7lVRSf0KikGia45ZgnqCfIGdhPMBVjt X-Received: by 2002:a17:902:f644:b0:276:76e1:2e87 with SMTP id d9443c01a7336-28e7f4a1a94mr9055615ad.44.1759258469927; Tue, 30 Sep 2025 11:54:29 -0700 (PDT) Received: from postal.iol.unh.edu (postal.iol.unh.edu. [132.177.123.84]) by smtp-relay.gmail.com with ESMTPS id d9443c01a7336-27eda7f1290sm12269145ad.72.2025.09.30.11.54.29 (version=TLS1_2 cipher=ECDHE-ECDSA-AES128-GCM-SHA256 bits=128/128); Tue, 30 Sep 2025 11:54:29 -0700 (PDT) X-Relaying-Domain: iol.unh.edu Date: Tue, 30 Sep 2025 11:54:29 -0700 (PDT) Message-ID: <68dc2765.170a0220.2c3ecb.960cSMTPIN_ADDED_MISSING@mx.google.com> Received: from [172.21.0.5] (unknown [172.18.0.240]) by postal.iol.unh.edu (Postfix) with ESMTP id 33CC4604D420; Tue, 30 Sep 2025 14:54:29 -0400 (EDT) Subject: |FAILURE| pw157144-157146 [PATCH] [v1,3/3] app/test: add ML crypto t From: dpdklab@iol.unh.edu To: Test Report Cc: dpdk-test-reports@iol.unh.edu, Gowrishankar Muthukrishnan In-Reply-To: <20250930180316.1021-4-gmuthukrishn@marvell.com> References: <20250930180316.1021-4-gmuthukrishn@marvell.com> Content-Type: text/plain X-BeenThere: test-report@dpdk.org X-Mailman-Version: 2.1.29 Precedence: list List-Id: automatic DPDK test reports List-Unsubscribe: , List-Archive: List-Post: List-Help: List-Subscribe: , Errors-To: test-report-bounces@dpdk.org Test-Label: iol-unit-amd64-testing Test-Status: FAILURE http://dpdk.org/patch/157146 _Testing issues_ Submitter: Gowrishankar Muthukrishnan Date: Tuesday, September 30 2025 18:03:13 DPDK git baseline: Repo:dpdk Branch: master CommitID:f3878b615e69a12087a6c5d212723478cfc79c31 157144-157146 --> testing issues Upstream job id: Generic-Unit-Test-DPDK#376766 Test environment and result as below: +-------------------------------+----------------+ | Environment | dpdk_unit_test | +===============================+================+ | CentOS Stream 9 | PASS | +-------------------------------+----------------+ | Debian GNU/Linux 12 | WARN | +-------------------------------+----------------+ | CentOS Stream 10 | FAIL | +-------------------------------+----------------+ | Fedora Linux 40 | WARN | +-------------------------------+----------------+ | Fedora Linux 41 | WARN | +-------------------------------+----------------+ | Red Hat Enterprise Linux 9.5 | WARN | +-------------------------------+----------------+ | Windows Server 2022 | PEND | +-------------------------------+----------------+ | Fedora Linux 42 | PEND | +-------------------------------+----------------+ | Red Hat Enterprise Linux 8.10 | PEND | +-------------------------------+----------------+ | Ubuntu 22.04 | PEND | +-------------------------------+----------------+ | Ubuntu 24.04 | PEND | +-------------------------------+----------------+ | Ubuntu 20.04 | PEND | +-------------------------------+----------------+ ==== 20 line log output for Red Hat Enterprise Linux 9.5 (dpdk_unit_test): ==== | ^~~~~~~~~~~~~~~~~~~~~~~~ | process_openssl_mlkem_op_evp ../drivers/crypto/openssl/rte_openssl_pmd.c:4313:26: error: nested extern declaration of 'process_openssl_mlkem_op' [-Werror=nested-externs] ../drivers/crypto/openssl/rte_openssl_pmd.c:4320:26: error: implicit declaration of function 'process_openssl_mldsa_op'; did you mean 'process_openssl_mldsa_op_evp'? [-Werror=implicit-function-declaration] 4320 | retval = process_openssl_mldsa_op(op, sess); | ^~~~~~~~~~~~~~~~~~~~~~~~ | process_openssl_mldsa_op_evp ../drivers/crypto/openssl/rte_openssl_pmd.c:4320:26: error: nested extern declaration of 'process_openssl_mldsa_op' [-Werror=nested-externs] At top level: ../drivers/crypto/openssl/rte_openssl_pmd.c:4070:1: error: 'process_openssl_mldsa_op_evp' defined but not used [-Werror=unused-function] 4070 | process_openssl_mldsa_op_evp(struct rte_crypto_op *cop, | ^~~~~~~~~~~~~~~~~~~~~~~~~~~~ ../drivers/crypto/openssl/rte_openssl_pmd.c:3601:1: error: 'process_openssl_mlkem_op_evp' defined but not used [-Werror=unused-function] 3601 | process_openssl_mlkem_op_evp(struct rte_crypto_op *cop, | ^~~~~~~~~~~~~~~~~~~~~~~~~~~~ cc1: all warnings being treated as errors [2789/3540] Generating rte_crypto_openssl_map with a custom command [2790/3540] Generating rte_crypto_cnxk.sym_chk with a custom command (wrapped by meson to capture output) [2791/3540] Compiling C object drivers/libtmp_rte_crypto_octeontx.a.p/crypto_octeontx_otx_cryptodev_ops.c.o ninja: build stopped: subcommand failed. ==== End log output ==== CentOS Stream 9 Kernel: 5.15 Compiler: gcc gcc (GCC) 11.5.0 20240719 (Red Hat 11.5.0-11) Debian GNU/Linux 12 Kernel: 5.15 Compiler: gcc gcc (Debian 12.2.0-14+deb12u1) 12.2.0 CentOS Stream 10 Kernel: 5.15 Compiler: gcc gcc (GCC) 14.2.1 20250110 (Red Hat 14.2.1-8) Fedora Linux 40 Kernel: 5.15 Compiler: clang gcc (GCC) 14.2.1 20240912 (Red Hat 14.2.1-3) Fedora Linux 41 Kernel: 5.15 Compiler: gcc gcc (GCC) 14.3.1 20250523 (Red Hat 14.3.1-1) Red Hat Enterprise Linux 9.5 Kernel: 5.15 Compiler: gcc gcc (GCC) 11.5.0 20240719 (Red Hat 11.5.0-2) Windows Server 2022 Kernel: 10.0.20348.2031 Compiler: clang 15.0.7, gcc 14.1.0 (MinGW), and MSVC VS 19.39.33521 Fedora Linux 42 Kernel: 5.15 Compiler: gcc gcc (GCC) 15.2.1 20250808 (Red Hat 15.2.1-1) Red Hat Enterprise Linux 8.10 Kernel: 5.15 Compiler: gcc gcc (GCC) 8.5.0 20210514 (Red Hat 8.5.0-22) Ubuntu 22.04 Kernel: 5.15 Compiler: gcc gcc (Ubuntu 11.4.0-1ubuntu1~22.04) 11.4.0 Ubuntu 24.04 Kernel: 5.15 Compiler: gcc gcc (Ubuntu 13.3.0-6ubuntu2~24.04) 13.3.0 Ubuntu 20.04 Kernel: 5.15 Compiler: gcc gcc (Ubuntu 9.4.0-1ubuntu1~20.04.2) 9.4.0 To view detailed results, visit: https://lab.dpdk.org/results/dashboard/patchsets/34185/ UNH-IOL DPDK Community Lab To manage your email subscriptions, visit: https://lab.dpdk.org/results/dashboard/preferences/subscriptions/