From mboxrd@z Thu Jan 1 00:00:00 1970 Return-Path: Received: from mails.dpdk.org (mails.dpdk.org [217.70.189.124]) by inbox.dpdk.org (Postfix) with ESMTP id 6E0FE48874 for ; Tue, 30 Sep 2025 20:54:39 +0200 (CEST) Received: from mails.dpdk.org (localhost [127.0.0.1]) by mails.dpdk.org (Postfix) with ESMTP id 67A5C40150; Tue, 30 Sep 2025 20:54:39 +0200 (CEST) Received: from mail-oa1-f97.google.com (mail-oa1-f97.google.com [209.85.160.97]) by mails.dpdk.org (Postfix) with ESMTP id 2749640150 for ; Tue, 30 Sep 2025 20:54:38 +0200 (CEST) Received: by mail-oa1-f97.google.com with SMTP id 586e51a60fabf-3701626c1d5so1011195fac.3 for ; Tue, 30 Sep 2025 11:54:38 -0700 (PDT) DKIM-Signature: v=1; a=rsa-sha256; c=relaxed/relaxed; d=iol.unh.edu; s=unh-iol; t=1759258477; x=1759863277; darn=dpdk.org; h=references:in-reply-to:cc:to:from:subject:message-id:date:from:to :cc:subject:date:message-id:reply-to; bh=F7prHPcoIwzO3Yr8BtA0Y7VWgq2T6mBTPoCTciDgvuc=; b=j0KDh+sdg/rmz4/z4q0QChpsF7TnLGOkNanWV1lkKrPD/SpM3iSX8J/2nKP2WWuvwu wq5j46QSER/k0EQWq8dpM98p4eW8+75yJLJkcmu3FE26V/UByaT2y7b8BCw15l060b5R +lRtu6pvG3jEauHTGiEXgcSjKRYqDKnAvr6yo= X-Google-DKIM-Signature: v=1; a=rsa-sha256; c=relaxed/relaxed; d=1e100.net; s=20230601; t=1759258477; x=1759863277; h=references:in-reply-to:cc:to:from:subject:message-id:date :x-gm-message-state:from:to:cc:subject:date:message-id:reply-to; bh=F7prHPcoIwzO3Yr8BtA0Y7VWgq2T6mBTPoCTciDgvuc=; b=syZISRuS+MUjey0wbV2jc9wbFInFsQVU6pEoLyZRh4sWwWg1AuZhgeRVYytDa9nNTd RR59B7yUE0arKDWQkXt7X3Hp9C2GbFHxElYXNKBvNWbdMtIT8RZFwcDe5ugQFNwa9q4N shhF1SbldCZulrnqxGN/0I5aaBKlGDTlBXhReaQBRgX0arbQyH5OhqcGC1w1pEEqu9ra X0xKX6kQeZwpdEbrIBRNW3vnDwddwGjXNDvkaP+ASKO7z2Yh1BPEFnhqkPcGGjxK66sJ dgF5zut/+HclW9OKUPjqykz8UH18zdGb04Dp4YxlLGHK+osnW/ykfqhTJf4WzE7VF5pQ GNdw== X-Gm-Message-State: AOJu0YzhAB+9AKxJUmUrHw6Z4NDnLG1oHxNDbUtNeNBVPF0gvDOSuqWK BrEj2dWtd4JC2bQJfTFtiA5+TH2+49I2AuQPWq4guxOMND8R8TSD6miiJFp/DUlD5LvyQ7uuS/P /rQDmqbsVpAkeFPKSVw0soOyRetzfZ6W9/zVBajq0amm/dYsqjQKPzn/NDtiT X-Gm-Gg: ASbGncscyVGs0L0GLd4uL5h307p6NWq/wlIWkKP5+3/5Lhf8e0RBKvqIlEXuED+JAjX M2X3mG1b7hoHa9IghJNENOd55RDrvKolH0vCagloVjkHogfxmJY8a8KhZLsI4f0VRjFQ9gQrEKS 8UcFDHBQiUyhUuu+ukxj/MqTI2QSyTOOwmSLOzI+/FZ97gPII24zWbi1X5DX71BK8i2yUMBg8Va YePlHjLDR3yJUaR8ilfpJHuPWKs8hDltBL7VRGKE7wH2Rb5utFcPGADHl2zcyDFPOK9UC8JuzBk QVExzNWENSUzcL21bpdC4H0on6Qd0ya+rc0/s6yKEv5ntsbHsd9h7vQ= X-Google-Smtp-Source: AGHT+IE6YbWoaX0r1V4VnYn1LuVzgmdrqe7NRnlFn/y6NkL1myQFF3Znv8aSTgXcMYFs7GS1x3wulRpiWNbL X-Received: by 2002:a05:6871:b26:b0:333:13ff:56b5 with SMTP id 586e51a60fabf-39b8d53d268mr433804fac.8.1759258477405; Tue, 30 Sep 2025 11:54:37 -0700 (PDT) Received: from postal.iol.unh.edu (postal.iol.unh.edu. [2606:4100:3880:1234::84]) by smtp-relay.gmail.com with ESMTPS id 586e51a60fabf-363a5927ef3sm1182141fac.11.2025.09.30.11.54.37 (version=TLS1_2 cipher=ECDHE-ECDSA-AES128-GCM-SHA256 bits=128/128); Tue, 30 Sep 2025 11:54:37 -0700 (PDT) X-Relaying-Domain: iol.unh.edu Date: Tue, 30 Sep 2025 11:54:37 -0700 (PDT) Message-ID: <68dc276d.050a0220.1db13e.7d03SMTPIN_ADDED_MISSING@mx.google.com> Received: from [172.21.0.4] (unknown [172.18.0.240]) by postal.iol.unh.edu (Postfix) with ESMTP id E403A604D420; Tue, 30 Sep 2025 14:54:36 -0400 (EDT) Subject: |FAILURE| pw157144-157146 [PATCH] [v1,3/3] app/test: add ML crypto t From: dpdklab@iol.unh.edu To: Test Report Cc: dpdk-test-reports@iol.unh.edu, Gowrishankar Muthukrishnan In-Reply-To: <20250930180316.1021-4-gmuthukrishn@marvell.com> References: <20250930180316.1021-4-gmuthukrishn@marvell.com> Content-Type: text/plain X-BeenThere: test-report@dpdk.org X-Mailman-Version: 2.1.29 Precedence: list List-Id: automatic DPDK test reports List-Unsubscribe: , List-Archive: List-Post: List-Help: List-Subscribe: , Errors-To: test-report-bounces@dpdk.org Test-Label: iol-unit-amd64-testing Test-Status: FAILURE http://dpdk.org/patch/157146 _Testing issues_ Submitter: Gowrishankar Muthukrishnan Date: Tuesday, September 30 2025 18:03:13 DPDK git baseline: Repo:dpdk Branch: master CommitID:f3878b615e69a12087a6c5d212723478cfc79c31 157144-157146 --> testing issues Upstream job id: Generic-Unit-Test-DPDK#376771 Test environment and result as below: +-------------------------------+----------------+ | Environment | dpdk_unit_test | +===============================+================+ | CentOS Stream 9 | PASS | +-------------------------------+----------------+ | Debian GNU/Linux 12 | WARN | +-------------------------------+----------------+ | CentOS Stream 10 | FAIL | +-------------------------------+----------------+ | Fedora Linux 40 | WARN | +-------------------------------+----------------+ | Fedora Linux 41 | WARN | +-------------------------------+----------------+ | Red Hat Enterprise Linux 9.5 | WARN | +-------------------------------+----------------+ | Windows Server 2022 | PEND | +-------------------------------+----------------+ | Fedora Linux 42 | PEND | +-------------------------------+----------------+ | Red Hat Enterprise Linux 8.10 | PEND | +-------------------------------+----------------+ | Ubuntu 22.04 | PEND | +-------------------------------+----------------+ | Ubuntu 24.04 | PEND | +-------------------------------+----------------+ | Ubuntu 20.04 | PEND | +-------------------------------+----------------+ ==== 20 line log output for Red Hat Enterprise Linux 9.5 (dpdk_unit_test): ==== | ^~~~~~~~~~~~~~~~~~~~~~~~ | process_openssl_mlkem_op_evp ../drivers/crypto/openssl/rte_openssl_pmd.c:4313:26: error: nested extern declaration of 'process_openssl_mlkem_op' [-Werror=nested-externs] ../drivers/crypto/openssl/rte_openssl_pmd.c:4320:26: error: implicit declaration of function 'process_openssl_mldsa_op'; did you mean 'process_openssl_mldsa_op_evp'? [-Werror=implicit-function-declaration] 4320 | retval = process_openssl_mldsa_op(op, sess); | ^~~~~~~~~~~~~~~~~~~~~~~~ | process_openssl_mldsa_op_evp ../drivers/crypto/openssl/rte_openssl_pmd.c:4320:26: error: nested extern declaration of 'process_openssl_mldsa_op' [-Werror=nested-externs] At top level: ../drivers/crypto/openssl/rte_openssl_pmd.c:4070:1: error: 'process_openssl_mldsa_op_evp' defined but not used [-Werror=unused-function] 4070 | process_openssl_mldsa_op_evp(struct rte_crypto_op *cop, | ^~~~~~~~~~~~~~~~~~~~~~~~~~~~ ../drivers/crypto/openssl/rte_openssl_pmd.c:3601:1: error: 'process_openssl_mlkem_op_evp' defined but not used [-Werror=unused-function] 3601 | process_openssl_mlkem_op_evp(struct rte_crypto_op *cop, | ^~~~~~~~~~~~~~~~~~~~~~~~~~~~ cc1: all warnings being treated as errors [2789/3540] Generating rte_crypto_openssl_map with a custom command [2790/3540] Generating rte_crypto_cnxk.sym_chk with a custom command (wrapped by meson to capture output) [2791/3540] Compiling C object drivers/libtmp_rte_crypto_octeontx.a.p/crypto_octeontx_otx_cryptodev_ops.c.o ninja: build stopped: subcommand failed. ==== End log output ==== CentOS Stream 9 Kernel: 5.15 Compiler: gcc gcc (GCC) 11.5.0 20240719 (Red Hat 11.5.0-11) Debian GNU/Linux 12 Kernel: 5.15 Compiler: gcc gcc (Debian 12.2.0-14+deb12u1) 12.2.0 CentOS Stream 10 Kernel: 5.15 Compiler: gcc gcc (GCC) 14.2.1 20250110 (Red Hat 14.2.1-8) Fedora Linux 40 Kernel: 5.15 Compiler: clang gcc (GCC) 14.2.1 20240912 (Red Hat 14.2.1-3) Fedora Linux 41 Kernel: 5.15 Compiler: gcc gcc (GCC) 14.3.1 20250523 (Red Hat 14.3.1-1) Red Hat Enterprise Linux 9.5 Kernel: 5.15 Compiler: gcc gcc (GCC) 11.5.0 20240719 (Red Hat 11.5.0-2) Windows Server 2022 Kernel: 10.0.20348.2031 Compiler: clang 15.0.7, gcc 14.1.0 (MinGW), and MSVC VS 19.39.33521 Fedora Linux 42 Kernel: 5.15 Compiler: gcc gcc (GCC) 15.2.1 20250808 (Red Hat 15.2.1-1) Red Hat Enterprise Linux 8.10 Kernel: 5.15 Compiler: gcc gcc (GCC) 8.5.0 20210514 (Red Hat 8.5.0-22) Ubuntu 22.04 Kernel: 5.15 Compiler: gcc gcc (Ubuntu 11.4.0-1ubuntu1~22.04) 11.4.0 Ubuntu 24.04 Kernel: 5.15 Compiler: gcc gcc (Ubuntu 13.3.0-6ubuntu2~24.04) 13.3.0 Ubuntu 20.04 Kernel: 5.15 Compiler: gcc gcc (Ubuntu 9.4.0-1ubuntu1~20.04.2) 9.4.0 To view detailed results, visit: https://lab.dpdk.org/results/dashboard/patchsets/34185/ UNH-IOL DPDK Community Lab To manage your email subscriptions, visit: https://lab.dpdk.org/results/dashboard/preferences/subscriptions/