From mboxrd@z Thu Jan 1 00:00:00 1970 Return-Path: Received: from mails.dpdk.org (mails.dpdk.org [217.70.189.124]) by inbox.dpdk.org (Postfix) with ESMTP id 1537048874 for ; Tue, 30 Sep 2025 21:00:15 +0200 (CEST) Received: from mails.dpdk.org (localhost [127.0.0.1]) by mails.dpdk.org (Postfix) with ESMTP id EF47240150; Tue, 30 Sep 2025 21:00:14 +0200 (CEST) Received: from mail-pl1-f225.google.com (mail-pl1-f225.google.com [209.85.214.225]) by mails.dpdk.org (Postfix) with ESMTP id 8187140150 for ; Tue, 30 Sep 2025 21:00:13 +0200 (CEST) Received: by mail-pl1-f225.google.com with SMTP id d9443c01a7336-2698d47e776so54720495ad.1 for ; Tue, 30 Sep 2025 12:00:13 -0700 (PDT) DKIM-Signature: v=1; a=rsa-sha256; c=relaxed/relaxed; d=iol.unh.edu; s=unh-iol; t=1759258812; x=1759863612; darn=dpdk.org; h=references:in-reply-to:cc:to:from:subject:message-id:date:from:to :cc:subject:date:message-id:reply-to; bh=CHDHu2b8M77PMT++6KTL84xqUA5Q3p4lVhHboFhOx+s=; b=DJeHv88GBcSRWHuI4eQyiApXvZMjS6OZitak8ivROSsx9gYRoEWMs/70BgdqZKIYlG c/3dQL6g7acnzZamZbZoFAlr/Wn3Jpym+dQ2PVHNHwcuzrhHIayycT5wvyGEclB/gx8k 7fwLG+Mr4yssZ3LYaBiLZXwV2xvCu3DpiaSDI= X-Google-DKIM-Signature: v=1; a=rsa-sha256; c=relaxed/relaxed; d=1e100.net; s=20230601; t=1759258812; x=1759863612; h=references:in-reply-to:cc:to:from:subject:message-id:date :x-gm-message-state:from:to:cc:subject:date:message-id:reply-to; bh=CHDHu2b8M77PMT++6KTL84xqUA5Q3p4lVhHboFhOx+s=; b=GTAzMXa1Oc9KlTT8n43cRMtqBHFfSbaxTqkx3d3uhVt6nnIvjFNbkmmW83LbGqoEIR Hgv1Pi+my6s7Kht004e/KVlh/6mXua6l+QcL8JAFjTXmYnvPs+iUjVYbp8K2tMHgz6Rr XkFofL5CjHmVLOWGv2GT++8awT7lq2jHNda2ZzaJ2UgGeuGiLEvze0oWr2DLga1cqplP SQR7MUwEe82LqrpauswsdkJunVuWpey12ItD70EsbI88v7wPtih6TZCWH2TZt9viHX6z TnjT1hNxzPXt5GrJkgK981n4zXyuHIfo1uqWiboKyDTruc7jSPMsuI57c/oAcETeH07z OUUQ== X-Gm-Message-State: AOJu0YxCR5mAlPGZGY6pfPvtYyfXNNSupa8hvZzaW/KcpLA+X4+xKS8p 0VQm4aQ++DhzxChTdc7ALLS7vgyjNblIbyEe9ZiqVpSoUaoelkcJzWYpF0ofYlGXAKVyitfR30u mlhHzkCN1X2P5l8zfk+fCGaMB9zrOrHNPKc73rDfMdlfX X-Gm-Gg: ASbGncue5cH6oZVeIYCcNeKDRLi/OR4xjEfQN5fghobFEoG9nlrqpAuKQfcOkqKkRW0 tu7W+pvsbdmqVkY4qbkhrm+pymeEWsRN5CUxvtQgq/ofW48ZYeH9EraUZVy+W5ptls5QQ1o2qWb Lj1t3T3+u6MPM2W4fV8an1VK5Hnvb6x6ZCzWBpka5l4dT8LEaG9HdQeqLvPNCM0PcBD18r/kQ/J kGeBTzcF3YPdCE061e5/TGfng8pku1Kb9E89wzck9FqhuMfdDeIYH0OpUoS6+Q8GXnTfbExxICT Ozp6lUETDCyPsgMb9KPSjEK3nfChu7ZYtrbl0KbSNiEQCj8GCEZ9thu0QCkpaaybILUybkyxyFB oJg== X-Google-Smtp-Source: AGHT+IHE10+3e7bG6pm0ipdhes/Ad2/qKgIOm8kVS997vsEfukaMrtvihiSCWZRF/q55RiFD5n7cxQvN+m+s X-Received: by 2002:a17:902:ea0c:b0:264:70e9:dcb8 with SMTP id d9443c01a7336-28e7f440626mr7966715ad.55.1759258812552; Tue, 30 Sep 2025 12:00:12 -0700 (PDT) Received: from postal.iol.unh.edu (postal.iol.unh.edu. [132.177.123.84]) by smtp-relay.gmail.com with ESMTPS id d9443c01a7336-27ed685c535sm12072075ad.73.2025.09.30.12.00.12 (version=TLS1_2 cipher=ECDHE-ECDSA-AES128-GCM-SHA256 bits=128/128); Tue, 30 Sep 2025 12:00:12 -0700 (PDT) X-Relaying-Domain: iol.unh.edu Date: Tue, 30 Sep 2025 12:00:12 -0700 (PDT) Message-ID: <68dc28bc.170a0220.26b175.7efdSMTPIN_ADDED_MISSING@mx.google.com> Received: from [172.21.0.5] (unknown [172.18.0.240]) by postal.iol.unh.edu (Postfix) with ESMTP id 05BBF604D421; Tue, 30 Sep 2025 15:00:12 -0400 (EDT) Subject: |FAILURE| pw157144-157146 [PATCH] [v1,3/3] app/test: add ML crypto t From: dpdklab@iol.unh.edu To: Test Report Cc: dpdk-test-reports@iol.unh.edu, Gowrishankar Muthukrishnan In-Reply-To: <20250930180316.1021-4-gmuthukrishn@marvell.com> References: <20250930180316.1021-4-gmuthukrishn@marvell.com> Content-Type: text/plain X-BeenThere: test-report@dpdk.org X-Mailman-Version: 2.1.29 Precedence: list List-Id: automatic DPDK test reports List-Unsubscribe: , List-Archive: List-Post: List-Help: List-Subscribe: , Errors-To: test-report-bounces@dpdk.org Test-Label: iol-unit-amd64-testing Test-Status: FAILURE http://dpdk.org/patch/157146 _Testing issues_ Submitter: Gowrishankar Muthukrishnan Date: Tuesday, September 30 2025 18:03:13 DPDK git baseline: Repo:dpdk Branch: master CommitID:f3878b615e69a12087a6c5d212723478cfc79c31 157144-157146 --> testing issues Upstream job id: Generic-Unit-Test-DPDK#376777 Test environment and result as below: +-------------------------------+----------------+ | Environment | dpdk_unit_test | +===============================+================+ | CentOS Stream 9 | PASS | +-------------------------------+----------------+ | Debian GNU/Linux 12 | WARN | +-------------------------------+----------------+ | CentOS Stream 10 | FAIL | +-------------------------------+----------------+ | Fedora Linux 40 | WARN | +-------------------------------+----------------+ | Fedora Linux 41 | WARN | +-------------------------------+----------------+ | Red Hat Enterprise Linux 9.5 | WARN | +-------------------------------+----------------+ | Windows Server 2022 | PEND | +-------------------------------+----------------+ | Fedora Linux 42 | PEND | +-------------------------------+----------------+ | Red Hat Enterprise Linux 8.10 | PEND | +-------------------------------+----------------+ | Ubuntu 22.04 | WARN | +-------------------------------+----------------+ | Ubuntu 24.04 | WARN | +-------------------------------+----------------+ | Ubuntu 20.04 | PEND | +-------------------------------+----------------+ ==== 20 line log output for Ubuntu 24.04 (dpdk_unit_test): ==== | ^~~~~~~~~~~~~~~~~~~~~~~~ | process_openssl_mlkem_op_evp ../drivers/crypto/openssl/rte_openssl_pmd.c:4313:26: error: nested extern declaration of 'process_openssl_mlkem_op' [-Werror=nested-externs] ../drivers/crypto/openssl/rte_openssl_pmd.c:4320:26: error: implicit declaration of function 'process_openssl_mldsa_op'; did you mean 'process_openssl_mldsa_op_evp'? [-Werror=implicit-function-declaration] 4320 | retval = process_openssl_mldsa_op(op, sess); | ^~~~~~~~~~~~~~~~~~~~~~~~ | process_openssl_mldsa_op_evp ../drivers/crypto/openssl/rte_openssl_pmd.c:4320:26: error: nested extern declaration of 'process_openssl_mldsa_op' [-Werror=nested-externs] ../drivers/crypto/openssl/rte_openssl_pmd.c: At top level: ../drivers/crypto/openssl/rte_openssl_pmd.c:4070:1: error: 'process_openssl_mldsa_op_evp' defined but not used [-Werror=unused-function] 4070 | process_openssl_mldsa_op_evp(struct rte_crypto_op *cop, | ^~~~~~~~~~~~~~~~~~~~~~~~~~~~ ../drivers/crypto/openssl/rte_openssl_pmd.c:3601:1: error: 'process_openssl_mlkem_op_evp' defined but not used [-Werror=unused-function] 3601 | process_openssl_mlkem_op_evp(struct rte_crypto_op *cop, | ^~~~~~~~~~~~~~~~~~~~~~~~~~~~ cc1: all warnings being treated as errors [2794/3540] Compiling C object drivers/libtmp_rte_crypto_scheduler.a.p/crypto_scheduler_scheduler_failover.c.o [2795/3540] Compiling C object drivers/libtmp_rte_crypto_scheduler.a.p/crypto_scheduler_scheduler_multicore.c.o [2796/3540] Compiling C object drivers/libtmp_rte_crypto_octeontx.a.p/crypto_octeontx_otx_cryptodev_ops.c.o ninja: build stopped: subcommand failed. ==== End log output ==== CentOS Stream 9 Kernel: 5.15 Compiler: gcc gcc (GCC) 11.5.0 20240719 (Red Hat 11.5.0-11) Debian GNU/Linux 12 Kernel: 5.15 Compiler: gcc gcc (Debian 12.2.0-14+deb12u1) 12.2.0 CentOS Stream 10 Kernel: 5.15 Compiler: gcc gcc (GCC) 14.2.1 20250110 (Red Hat 14.2.1-8) Fedora Linux 40 Kernel: 5.15 Compiler: clang gcc (GCC) 14.2.1 20240912 (Red Hat 14.2.1-3) Fedora Linux 41 Kernel: 5.15 Compiler: gcc gcc (GCC) 14.3.1 20250523 (Red Hat 14.3.1-1) Red Hat Enterprise Linux 9.5 Kernel: 5.15 Compiler: gcc gcc (GCC) 11.5.0 20240719 (Red Hat 11.5.0-2) Windows Server 2022 Kernel: 10.0.20348.2031 Compiler: clang 15.0.7, gcc 14.1.0 (MinGW), and MSVC VS 19.39.33521 Fedora Linux 42 Kernel: 5.15 Compiler: gcc gcc (GCC) 15.2.1 20250808 (Red Hat 15.2.1-1) Red Hat Enterprise Linux 8.10 Kernel: 5.15 Compiler: gcc gcc (GCC) 8.5.0 20210514 (Red Hat 8.5.0-22) Ubuntu 22.04 Kernel: 5.15 Compiler: gcc gcc (Ubuntu 11.4.0-1ubuntu1~22.04) 11.4.0 Ubuntu 24.04 Kernel: 5.15 Compiler: gcc gcc (Ubuntu 13.3.0-6ubuntu2~24.04) 13.3.0 Ubuntu 20.04 Kernel: 5.15 Compiler: gcc gcc (Ubuntu 9.4.0-1ubuntu1~20.04.2) 9.4.0 To view detailed results, visit: https://lab.dpdk.org/results/dashboard/patchsets/34185/ UNH-IOL DPDK Community Lab To manage your email subscriptions, visit: https://lab.dpdk.org/results/dashboard/preferences/subscriptions/