From mboxrd@z Thu Jan 1 00:00:00 1970 Return-Path: Received: from mails.dpdk.org (mails.dpdk.org [217.70.189.124]) by inbox.dpdk.org (Postfix) with ESMTP id D5E8248874 for ; Tue, 30 Sep 2025 21:07:05 +0200 (CEST) Received: from mails.dpdk.org (localhost [127.0.0.1]) by mails.dpdk.org (Postfix) with ESMTP id D241C40150; Tue, 30 Sep 2025 21:07:05 +0200 (CEST) Received: from mail-pl1-f225.google.com (mail-pl1-f225.google.com [209.85.214.225]) by mails.dpdk.org (Postfix) with ESMTP id AF3AF40150 for ; Tue, 30 Sep 2025 21:07:04 +0200 (CEST) Received: by mail-pl1-f225.google.com with SMTP id d9443c01a7336-27d69771e3eso51346605ad.3 for ; Tue, 30 Sep 2025 12:07:04 -0700 (PDT) DKIM-Signature: v=1; a=rsa-sha256; c=relaxed/relaxed; d=iol.unh.edu; s=unh-iol; t=1759259224; x=1759864024; darn=dpdk.org; h=references:in-reply-to:cc:to:from:subject:message-id:date:from:to :cc:subject:date:message-id:reply-to; bh=G+f7+zDyTdpqocEZMToSd5jnQJxeFEgAo+HUtBKkQ9c=; b=MHkU6hlBZ8ruY4dTjq8/Z3v0FyO752OWthtf/KL4sqIrulOVbAAU/rLc4F7DtCBFAh eLiyu5UqsToXqoJVshDYM9ln5D/jmje+cvZLgUhEILb/SIfY/8wwqAJ37eSYOJkHRv0w Az33tgbNqjgM5EEKuw7psL9eBIdu9LYuBOZRs= X-Google-DKIM-Signature: v=1; a=rsa-sha256; c=relaxed/relaxed; d=1e100.net; s=20230601; t=1759259224; x=1759864024; h=references:in-reply-to:cc:to:from:subject:message-id:date :x-gm-message-state:from:to:cc:subject:date:message-id:reply-to; bh=G+f7+zDyTdpqocEZMToSd5jnQJxeFEgAo+HUtBKkQ9c=; b=iF4qhwSGU3QQ3JGu4XTF9IWKWNnRarGs2pT5IvB7rQI/a9NUpxd+3EmkpAit2tRMYa nY70MOkJGH0vxY746DlV9sB1GXTcs642Dec8DrixfgTkk8Niq0K3GoNbgUrj78cVbPzw s0KvYg6oiCzXHKCR7UQ1jvt0dEDND7J+LIIRUK24dR+uqIQQ2By367+oO7ebykTA3gHh UbuzRliSWpeHT2zTCJaPU6XRrUQWZb9aLla8Gz1zpFzfgP9YoVcgck+XxNvIoCOCi8El m+B8yMtbiODvgIDAEmmzhB10y2X0DhmslnskckKFSw+atd8x92PX78b37ggsA67zKFwO ndhg== X-Gm-Message-State: AOJu0Yyrk0QvJ35ZZ29BBbhIT7jq/vU2m04ot+VFk3iXpxamP5o/ZaHh roIXeyoQVyG/LrUPR081qB9ALt7MwuZRiueJINhhj7dfBgX3AhMEh0q/wru3Y0R4qt1XrNPa7/b cI5xFnapgw8JZNyyMV1MaPHfo5w2D9UV8F91oUuDTN4o1 X-Gm-Gg: ASbGncuTMmAIv0AVmUqN/7/q4qjXIymp77CUzta8sKWZRjucflYD97VfiP96+IGvMOZ REKWqvfRwK9bROFbS9mZ649ogZdhEGHs0z3zVV4AQi9bF8i11NqmYppsHbghzyrmZNm2nLL/lj6 HYLBYC+1T0WYiDQOJbucZj3Q15nfKdSJhUqCmZuGVmwRBh4pMJDQwwY1iMwj7kuB8Bi7051Xq+6 Acf4Qv8xPPIr3j1P827C4L7xdeVCWUD+00tPndjgEdEF5eq8WjVZ+Btsye1va6lqOcWH0WwMvdh hNK+ryLfxh9gejVyXWegTVOGEUHHqxqb0laMZ9Swq37FqLNHZ0VXxRXzwKLjR6fsGLKND7dmDcI Vjg== X-Google-Smtp-Source: AGHT+IEugh8+KxgymfqKf/44OeMXv+cdyeWpJUMm+gykBw/Q1bLr4j6deofdJ7DtefhQGPMj3Oa3nDYE3ctR X-Received: by 2002:a17:903:228b:b0:25f:fe5f:c927 with SMTP id d9443c01a7336-28e7f2f758cmr10430645ad.31.1759259223735; Tue, 30 Sep 2025 12:07:03 -0700 (PDT) Received: from postal.iol.unh.edu (postal.iol.unh.edu. [132.177.123.84]) by smtp-relay.gmail.com with ESMTPS id d9443c01a7336-27ed66bb79bsm11958275ad.10.2025.09.30.12.07.03 (version=TLS1_2 cipher=ECDHE-ECDSA-AES128-GCM-SHA256 bits=128/128); Tue, 30 Sep 2025 12:07:03 -0700 (PDT) X-Relaying-Domain: iol.unh.edu Date: Tue, 30 Sep 2025 12:07:03 -0700 (PDT) Message-ID: <68dc2a57.170a0220.55ae9.636cSMTPIN_ADDED_MISSING@mx.google.com> Received: from [172.21.0.2] (unknown [172.18.0.240]) by postal.iol.unh.edu (Postfix) with ESMTP id 060206050A61; Tue, 30 Sep 2025 15:07:03 -0400 (EDT) Subject: |FAILURE| pw157144-157146 [PATCH] [v1,3/3] app/test: add ML crypto t From: dpdklab@iol.unh.edu To: Test Report Cc: dpdk-test-reports@iol.unh.edu, Gowrishankar Muthukrishnan In-Reply-To: <20250930180316.1021-4-gmuthukrishn@marvell.com> References: <20250930180316.1021-4-gmuthukrishn@marvell.com> Content-Type: text/plain X-BeenThere: test-report@dpdk.org X-Mailman-Version: 2.1.29 Precedence: list List-Id: automatic DPDK test reports List-Unsubscribe: , List-Archive: List-Post: List-Help: List-Subscribe: , Errors-To: test-report-bounces@dpdk.org Test-Label: iol-unit-amd64-testing Test-Status: FAILURE http://dpdk.org/patch/157146 _Testing issues_ Submitter: Gowrishankar Muthukrishnan Date: Tuesday, September 30 2025 18:03:13 DPDK git baseline: Repo:dpdk Branch: master CommitID:f3878b615e69a12087a6c5d212723478cfc79c31 157144-157146 --> testing issues Upstream job id: Generic-Unit-Test-DPDK#376770 Test environment and result as below: +-------------------------------+----------------+ | Environment | dpdk_unit_test | +===============================+================+ | CentOS Stream 9 | PASS | +-------------------------------+----------------+ | Debian GNU/Linux 12 | WARN | +-------------------------------+----------------+ | CentOS Stream 10 | FAIL | +-------------------------------+----------------+ | Fedora Linux 40 | WARN | +-------------------------------+----------------+ | Fedora Linux 41 | WARN | +-------------------------------+----------------+ | Red Hat Enterprise Linux 9.5 | WARN | +-------------------------------+----------------+ | Windows Server 2022 | PEND | +-------------------------------+----------------+ | Fedora Linux 42 | PEND | +-------------------------------+----------------+ | Red Hat Enterprise Linux 8.10 | FAIL | +-------------------------------+----------------+ | Ubuntu 22.04 | WARN | +-------------------------------+----------------+ | Ubuntu 24.04 | WARN | +-------------------------------+----------------+ | Ubuntu 20.04 | PEND | +-------------------------------+----------------+ ==== 20 line log output for Ubuntu 24.04 (dpdk_unit_test): ==== | ^~~~~~~~~~~~~~~~~~~~~~~~ | process_openssl_mlkem_op_evp ../drivers/crypto/openssl/rte_openssl_pmd.c:4313:26: error: nested extern declaration of 'process_openssl_mlkem_op' [-Werror=nested-externs] ../drivers/crypto/openssl/rte_openssl_pmd.c:4320:26: error: implicit declaration of function 'process_openssl_mldsa_op'; did you mean 'process_openssl_mldsa_op_evp'? [-Werror=implicit-function-declaration] 4320 | retval = process_openssl_mldsa_op(op, sess); | ^~~~~~~~~~~~~~~~~~~~~~~~ | process_openssl_mldsa_op_evp ../drivers/crypto/openssl/rte_openssl_pmd.c:4320:26: error: nested extern declaration of 'process_openssl_mldsa_op' [-Werror=nested-externs] ../drivers/crypto/openssl/rte_openssl_pmd.c: At top level: ../drivers/crypto/openssl/rte_openssl_pmd.c:4070:1: error: 'process_openssl_mldsa_op_evp' defined but not used [-Werror=unused-function] 4070 | process_openssl_mldsa_op_evp(struct rte_crypto_op *cop, | ^~~~~~~~~~~~~~~~~~~~~~~~~~~~ ../drivers/crypto/openssl/rte_openssl_pmd.c:3601:1: error: 'process_openssl_mlkem_op_evp' defined but not used [-Werror=unused-function] 3601 | process_openssl_mlkem_op_evp(struct rte_crypto_op *cop, | ^~~~~~~~~~~~~~~~~~~~~~~~~~~~ cc1: all warnings being treated as errors [2794/3540] Compiling C object drivers/libtmp_rte_crypto_scheduler.a.p/crypto_scheduler_scheduler_failover.c.o [2795/3540] Compiling C object drivers/libtmp_rte_crypto_scheduler.a.p/crypto_scheduler_scheduler_multicore.c.o [2796/3540] Compiling C object drivers/libtmp_rte_crypto_octeontx.a.p/crypto_octeontx_otx_cryptodev_ops.c.o ninja: build stopped: subcommand failed. ==== End log output ==== CentOS Stream 9 Kernel: 5.15 Compiler: gcc gcc (GCC) 11.5.0 20240719 (Red Hat 11.5.0-11) Debian GNU/Linux 12 Kernel: 5.15 Compiler: gcc gcc (Debian 12.2.0-14+deb12u1) 12.2.0 CentOS Stream 10 Kernel: 5.15 Compiler: gcc gcc (GCC) 14.2.1 20250110 (Red Hat 14.2.1-8) Fedora Linux 40 Kernel: 5.15 Compiler: clang gcc (GCC) 14.2.1 20240912 (Red Hat 14.2.1-3) Fedora Linux 41 Kernel: 5.15 Compiler: gcc gcc (GCC) 14.3.1 20250523 (Red Hat 14.3.1-1) Red Hat Enterprise Linux 9.5 Kernel: 5.15 Compiler: gcc gcc (GCC) 11.5.0 20240719 (Red Hat 11.5.0-2) Windows Server 2022 Kernel: 10.0.20348.2031 Compiler: clang 15.0.7, gcc 14.1.0 (MinGW), and MSVC VS 19.39.33521 Fedora Linux 42 Kernel: 5.15 Compiler: gcc gcc (GCC) 15.2.1 20250808 (Red Hat 15.2.1-1) Red Hat Enterprise Linux 8.10 Kernel: 5.15 Compiler: gcc gcc (GCC) 8.5.0 20210514 (Red Hat 8.5.0-22) Ubuntu 22.04 Kernel: 5.15 Compiler: gcc gcc (Ubuntu 11.4.0-1ubuntu1~22.04) 11.4.0 Ubuntu 24.04 Kernel: 5.15 Compiler: gcc gcc (Ubuntu 13.3.0-6ubuntu2~24.04) 13.3.0 Ubuntu 20.04 Kernel: 5.15 Compiler: gcc gcc (Ubuntu 9.4.0-1ubuntu1~20.04.2) 9.4.0 To view detailed results, visit: https://lab.dpdk.org/results/dashboard/patchsets/34185/ UNH-IOL DPDK Community Lab To manage your email subscriptions, visit: https://lab.dpdk.org/results/dashboard/preferences/subscriptions/