From mboxrd@z Thu Jan 1 00:00:00 1970 Return-Path: Received: from mails.dpdk.org (mails.dpdk.org [217.70.189.124]) by inbox.dpdk.org (Postfix) with ESMTP id 1975B48874 for ; Tue, 30 Sep 2025 21:08:44 +0200 (CEST) Received: from mails.dpdk.org (localhost [127.0.0.1]) by mails.dpdk.org (Postfix) with ESMTP id 132C540150; Tue, 30 Sep 2025 21:08:44 +0200 (CEST) Received: from mail-pl1-f227.google.com (mail-pl1-f227.google.com [209.85.214.227]) by mails.dpdk.org (Postfix) with ESMTP id 1656540150 for ; Tue, 30 Sep 2025 21:08:43 +0200 (CEST) Received: by mail-pl1-f227.google.com with SMTP id d9443c01a7336-279e2554c8fso64497405ad.2 for ; Tue, 30 Sep 2025 12:08:42 -0700 (PDT) DKIM-Signature: v=1; a=rsa-sha256; c=relaxed/relaxed; d=iol.unh.edu; s=unh-iol; t=1759259322; x=1759864122; darn=dpdk.org; h=references:in-reply-to:cc:to:from:subject:message-id:date:from:to :cc:subject:date:message-id:reply-to; bh=7WZa22nwxIVlwUjZP3l+OU1SJXAWmO7eCG4Fu6vqphQ=; b=HBMy8qfOaazdho3J2jdqWxe5kF+PfYNdPxhU2wAPurKELf85x9w4QEtPAGnqN76FfP cxcgvm+HPyd7pjUi8kvF1Y14QqFFyAxEgyFo7GJomfboOs/b4C4a6P0pMHOYTmztzLb/ AdigsZdbXJGvE6YjmIgXyFD4A4OqLndWeVfU8= X-Google-DKIM-Signature: v=1; a=rsa-sha256; c=relaxed/relaxed; d=1e100.net; s=20230601; t=1759259322; x=1759864122; h=references:in-reply-to:cc:to:from:subject:message-id:date :x-gm-message-state:from:to:cc:subject:date:message-id:reply-to; bh=7WZa22nwxIVlwUjZP3l+OU1SJXAWmO7eCG4Fu6vqphQ=; b=gmlE1Zcsik0kXDa6p6Xy4+AIDi/MtddVtBSrkHHS4Upv2NdJ8hoLvGJ51JDXqGu5uV 2JSj9Pwv4uszBjpj3b45B2mxeY+leAWwiLZWOtXtWzNMgsMz1y+p/4PsukyBI0SRo5hP jBagyC58DcJ/WxXDsaotXnR6I9G/0MKNlIIDFs2xJycyYqDt8VsEypUkE+2ZHbamg+Rq nfF03tp10BUyHYXvTf7ZZClTQbywH7DONJ8e4r5d5n2F/+ZE+qIPadNZHXVkzYUTmhJV Z/3g4g0RNtoa8VRY35RsO9Et/5KoNcfoiX5qfTfD4CNA4uieSpe2plCFr/uNzgGahGIP Nf4Q== X-Gm-Message-State: AOJu0YynG4jQTYosUJOCCPeQ1w2lOzSMuEE7O+xiByFy0jeF7IEf1sG1 nuSSWJmOfvI/dE4ygf8VaA5Pwm5qhzuRnZEqEYnjxt0HpRqQUfMcuRUrc130AOIni+QERPK4D0U bOhHPOogxReVGfYV8hWm77mwXlpafE/Q4edq5dmcCbYY6 X-Gm-Gg: ASbGncuHhrTHKINipv03ajM9yUq3ENe7OFl6wxS754uBUU6sgSAr0T2qbvWtjZVuFlj 82842SRhpTCoJkEI90kr+yXP98MQq3FQwdgAeQUNlOCvOuFr/ZB49esk+Fe2pUpjZAmRRxCCszi JH6MbcbwZAp0bBGyOPWp13BAUEe0e4eyeu9ckPMVd64lAmg/mNQOsN4g/3SJRE7QhjpqjCXah5m lS4/z3EJnfkPa4TOD5WnKr17OL4nif79w+SvE8uM6gGPddoDA4XK/KcBxPzLbgo+uvs9nTsHkje T5/hIf3LhzIyKWOqQnADukh2hJrn7r2fGbo2qh6dKGLv3xcb8aCXLZR+nsMbyvgRFr/ANeCXIdi qhA== X-Google-Smtp-Source: AGHT+IGy2LvxtZQzJksYBFOC7bc/gDN9W5ke269BRlhYmbRQWE4sGL+vvB6iYmL8annqBqIpySf5J2bW4e8w X-Received: by 2002:a17:903:240f:b0:28e:7ab2:811e with SMTP id d9443c01a7336-28e7f29398dmr9447115ad.13.1759259322143; Tue, 30 Sep 2025 12:08:42 -0700 (PDT) Received: from postal.iol.unh.edu (postal.iol.unh.edu. [132.177.123.84]) by smtp-relay.gmail.com with ESMTPS id 41be03b00d2f7-b57c559df9csm733169a12.11.2025.09.30.12.08.42 (version=TLS1_2 cipher=ECDHE-ECDSA-AES128-GCM-SHA256 bits=128/128); Tue, 30 Sep 2025 12:08:42 -0700 (PDT) X-Relaying-Domain: iol.unh.edu Date: Tue, 30 Sep 2025 12:08:42 -0700 (PDT) Message-ID: <68dc2aba.630a0220.2c949a.c411SMTPIN_ADDED_MISSING@mx.google.com> Received: from [172.21.0.2] (unknown [172.18.0.240]) by postal.iol.unh.edu (Postfix) with ESMTP id 67DB26050A61; Tue, 30 Sep 2025 15:08:41 -0400 (EDT) Subject: |FAILURE| pw157144-157146 [PATCH] [v1,3/3] app/test: add ML crypto t From: dpdklab@iol.unh.edu To: Test Report Cc: dpdk-test-reports@iol.unh.edu, Gowrishankar Muthukrishnan In-Reply-To: <20250930180316.1021-4-gmuthukrishn@marvell.com> References: <20250930180316.1021-4-gmuthukrishn@marvell.com> Content-Type: text/plain X-BeenThere: test-report@dpdk.org X-Mailman-Version: 2.1.29 Precedence: list List-Id: automatic DPDK test reports List-Unsubscribe: , List-Archive: List-Post: List-Help: List-Subscribe: , Errors-To: test-report-bounces@dpdk.org Test-Label: iol-unit-amd64-testing Test-Status: FAILURE http://dpdk.org/patch/157146 _Testing issues_ Submitter: Gowrishankar Muthukrishnan Date: Tuesday, September 30 2025 18:03:13 DPDK git baseline: Repo:dpdk Branch: master CommitID:f3878b615e69a12087a6c5d212723478cfc79c31 157144-157146 --> testing issues Upstream job id: Generic-Unit-Test-DPDK#376768 Test environment and result as below: +-------------------------------+----------------+ | Environment | dpdk_unit_test | +===============================+================+ | CentOS Stream 9 | PASS | +-------------------------------+----------------+ | Debian GNU/Linux 12 | WARN | +-------------------------------+----------------+ | CentOS Stream 10 | FAIL | +-------------------------------+----------------+ | Fedora Linux 40 | WARN | +-------------------------------+----------------+ | Fedora Linux 41 | WARN | +-------------------------------+----------------+ | Red Hat Enterprise Linux 9.5 | WARN | +-------------------------------+----------------+ | Windows Server 2022 | PEND | +-------------------------------+----------------+ | Fedora Linux 42 | WARN | +-------------------------------+----------------+ | Red Hat Enterprise Linux 8.10 | FAIL | +-------------------------------+----------------+ | Ubuntu 22.04 | WARN | +-------------------------------+----------------+ | Ubuntu 24.04 | WARN | +-------------------------------+----------------+ | Ubuntu 20.04 | FAIL | +-------------------------------+----------------+ ==== Unit test summary for Ubuntu 20.04 (dpdk_unit_test): ==== ninja: Entering directory `/root/workspace/Generic-Unit-Test-DPDK/dpdk/build' ninja: no work to do. 1/120 DPDK:fast-tests / acl_autotest OK 4.94s 2/120 DPDK:fast-tests / alarm_autotest OK 1.51s 3/120 DPDK:fast-tests / argparse_autotest OK 0.24s 4/120 DPDK:fast-tests / atomic_autotest OK 0.67s 5/120 DPDK:fast-tests / bitcount_autotest OK 0.38s 6/120 DPDK:fast-tests / bitmap_autotest OK 0.35s 7/120 DPDK:fast-tests / bitops_autotest OK 1.81s 8/120 DPDK:fast-tests / bitratestats_autotest OK 0.33s 9/120 DPDK:fast-tests / bitset_autotest OK 2.59s 10/120 DPDK:fast-tests / bpf_autotest OK 0.28s 11/120 DPDK:fast-tests / bpf_convert_autotest OK 0.51s 12/120 DPDK:fast-tests / byteorder_autotest OK 0.24s 13/120 DPDK:fast-tests / cfgfile_autotest OK 0.27s 14/120 DPDK:fast-tests / cksum_autotest OK 0.33s 15/120 DPDK:fast-tests / cmdline_autotest OK 0.26s 16/120 DPDK:fast-tests / common_autotest OK 0.88s 17/120 DPDK:fast-tests / compressdev_autotest SKIP 0.29s exit status 77 18/120 DPDK:fast-tests / cpuflags_autotest OK 0.32s 19/120 DPDK:fast-tests / crc_autotest OK 0.30s 20/120 DPDK:fast-tests / user_delay_us OK 0.29s 21/120 DPDK:fast-tests / debug_autotest OK 1.07s 22/120 DPDK:fast-tests / devargs_autotest OK 0.27s 23/120 DPDK:fast-tests / dispatcher_autotest SKIP 0.23s exit status 77 24/120 DPDK:fast-tests / distributor_autotest OK 1.62s 25/120 DPDK:fast-tests / eal_flags_c_opt_autotest OK 2.50s 26/120 DPDK:fast-tests / eal_flags_main_opt_autotest OK 0.86s 27/120 DPDK:fast-tests / eal_flags_n_opt_autotest OK 0.87s 28/120 DPDK:fast-tests / eal_flags_hpet_autotest OK 0.55s 29/120 DPDK:fast-tests / eal_flags_no_huge_autotest OK 0.90s 30/120 DPDK:fast-tests / eal_flags_a_opt_autotest OK 1.18s 31/120 DPDK:fast-tests / eal_flags_b_opt_autotest OK 0.81s 32/120 DPDK:fast-tests / eal_flags_vdev_opt_autotest OK 0.97s 33/120 DPDK:fast-tests / eal_flags_r_opt_autotest OK 0.80s 34/120 DPDK:fast-tests / eal_flags_mem_autotest OK 1.59s 35/120 DPDK:fast-tests / eal_flags_file_prefix_autotest OK 8.83s 36/120 DPDK:fast-tests / eal_flags_misc_autotest OK 4.23s 37/120 DPDK:fast-tests / eal_fs_autotest OK 0.38s 38/120 DPDK:fast-tests / errno_autotest OK 0.37s 39/120 DPDK:fast-tests / ethdev_link_status OK 0.24s 40/120 DPDK:fast-tests / event_eth_tx_adapter_autotest OK 1.01s 41/120 DPDK:fast-tests / event_ring_autotest OK 0.27s 42/120 DPDK:fast-tests / eventdev_common_autotest OK 0.42s 43/120 DPDK:fast-tests / eventdev_selftest_sw OK 0.37s 44/120 DPDK:fast-tests / fbarray_autotest OK 0.28s 45/120 DPDK:fast-tests / fib_autotest OK 1.69s 46/120 DPDK:fast-tests / fib6_autotest OK 1.41s 47/120 DPDK:fast-tests / func_reentrancy_autotest OK 1.01s 48/120 DPDK:fast-tests / graph_autotest OK 0.46s 49/120 DPDK:fast-tests / node_list_dump OK 0.32s 50/120 DPDK:fast-tests / graph_feature_arc_autotest OK 0.44s 51/120 DPDK:fast-tests / hash_autotest OK 0.48s 52/120 DPDK:fast-tests / hash_readwrite_func_autotest SKIP 0.35s exit status 77 53/120 DPDK:fast-tests / interrupt_autotest OK 1.80s 54/120 DPDK:fast-tests / ipfrag_autotest OK 0.17s 55/120 DPDK:fast-tests / ipsec_autotest SKIP 0.49s exit status 77 56/120 DPDK:fast-tests / kvargs_autotest OK 0.37s 57/120 DPDK:fast-tests / latencystats_autotest OK 0.33s 58/120 DPDK:fast-tests / lcore_var_autotest OK 0.53s 59/120 DPDK:fast-tests / lcores_autotest OK 26.21s 60/120 DPDK:fast-tests / logs_autotest OK 0.24s 61/120 DPDK:fast-tests / lpm_autotest OK 3.00s 62/120 DPDK:fast-tests / lpm6_autotest OK 5.39s 63/120 DPDK:fast-tests / malloc_autotest OK 0.81s 64/120 DPDK:fast-tests / mbuf_autotest OK 0.26s 65/120 DPDK:fast-tests / mcslock_autotest OK 0.95s 66/120 DPDK:fast-tests / member_autotest OK 1.84s 67/120 DPDK:fast-tests / memcpy_autotest OK 4.18s 68/120 DPDK:fast-tests / memory_autotest OK 0.26s 69/120 DPDK:fast-tests / mempool_autotest OK 0.65s 70/120 DPDK:fast-tests / memzone_autotest OK 0.24s 71/120 DPDK:fast-tests / meter_autotest OK 0.31s 72/120 DPDK:fast-tests / metrics_autotest OK 0.36s 73/120 DPDK:fast-tests / multiprocess_autotest OK 0.59s 74/120 DPDK:fast-tests / net_ether_autotest OK 0.96s 75/120 DPDK:fast-tests / net_ipv6_autotest OK 0.34s 76/120 DPDK:fast-tests / pcapng_autotest OK 11.62s 77/120 DPDK:fast-tests / pdcp_autotest SKIP 0.32s exit status 77 78/120 DPDK:fast-tests / pdump_autotest OK 0.66s 79/120 DPDK:fast-tests / per_lcore_autotest OK 0.45s 80/120 DPDK:fast-tests / pflock_autotest OK 0.35s 81/120 DPDK:fast-tests / pie_autotest OK 0.37s 82/120 DPDK:fast-tests / ring_pmd_autotest OK 0.56s 83/120 DPDK:fast-tests / power_autotest OK 0.27s 84/120 DPDK:fast-tests / power_cpufreq_autotest SKIP 0.34s exit status 77 85/120 DPDK:fast-tests / power_intel_uncore_autotest SKIP 0.30s exit status 77 86/120 DPDK:fast-tests / power_kvm_vm_autotest SKIP 0.30s exit status 77 87/120 DPDK:fast-tests / prefetch_autotest OK 0.38s 88/120 DPDK:fast-tests / ptr_compress_autotest OK 0.22s 89/120 DPDK:fast-tests / rawdev_autotest OK 0.29s 90/120 DPDK:fast-tests / rcu_qsbr_autotest OK 0.39s 91/120 DPDK:fast-tests / reorder_autotest OK 0.78s 92/120 DPDK:fast-tests / rib_autotest OK 7.32s 93/120 DPDK:fast-tests / rib6_autotest OK 6.92s 94/120 DPDK:fast-tests / ring_autotest OK 0.34s 95/120 DPDK:fast-tests / rwlock_test1_autotest OK 0.49s 96/120 DPDK:fast-tests / rwlock_rda_autotest OK 5.33s 97/120 DPDK:fast-tests / rwlock_rds_wrm_autotest OK 5.54s 98/120 DPDK:fast-tests / rwlock_rde_wro_autotest OK 5.39s 99/120 DPDK:fast-tests / sched_autotest OK 0.47s 100/120 DPDK:fast-tests / security_autotest OK 0.24s 101/120 DPDK:fast-tests / seqlock_autotest SKIP 0.38s exit status 77 102/120 DPDK:fast-tests / service_autotest OK 0.52s 103/120 DPDK:fast-tests / soring_autotest OK 0.24s 104/120 DPDK:fast-tests / spinlock_autotest OK 0.39s 105/120 DPDK:fast-tests / stack_autotest OK 0.20s 106/120 DPDK:fast-tests / stack_lf_autotest OK 0.35s 107/120 DPDK:fast-tests / string_autotest OK 0.32s 108/120 DPDK:fast-tests / table_autotest OK 9.63s 109/120 DPDK:fast-tests / tailq_autotest OK 0.32s 110/120 DPDK:fast-tests / telemetry_data_autotest OK 0.28s 111/120 DPDK:fast-tests / telemetry_json_autotest OK 0.31s 112/120 DPDK:fast-tests / thash_autotest OK 0.34s 113/120 DPDK:fast-tests / threads_autotest OK 0.98s 114/120 DPDK:fast-tests / ticketlock_autotest OK 0.76s 115/120 DPDK:fast-tests / timer_autotest OK 3.03s 116/120 DPDK:fast-tests / trace_autotest OK 0.44s 117/120 DPDK:fast-tests / trace_autotest_with_traces OK 0.49s 118/120 DPDK:fast-tests / vdev_autotest OK 0.36s 119/120 DPDK:fast-tests / version_autotest OK 0.34s 120/120 DPDK:fast-tests / telemetry_all OK 24.28s Ok: 111 Expected Fail: 0 Fail: 0 Unexpected Pass: 0 Skipped: 9 Timeout: 0 Full log written to /root/workspace/Generic-Unit-Test-DPDK/dpdk/build/meson-logs/testlog.txt ninja: Entering directory `/root/workspace/Generic-Unit-Test-DPDK/dpdk/build' ninja: no work to do. 1/2 DPDK:driver-tests / cryptodev_openssl_autotest OK 1.45s 2/2 DPDK:driver-tests / cryptodev_openssl_asym_autotest FAIL 0.39s (exit status 255 or signal 127 SIGinvalid) >>> MALLOC_PERTURB_=156 DPDK_TEST=cryptodev_openssl_asym_autotest /root/workspace/Generic-Unit-Test-DPDK/dpdk/build/app/dpdk-test --vdev crypto_openssl Ok: 1 Expected Fail: 0 Fail: 1 Unexpected Pass: 0 Skipped: 0 Timeout: 0 Full log written to /root/workspace/Generic-Unit-Test-DPDK/dpdk/build/meson-logs/testlog.txt Test log output from the failed test cryptodev_openssl_asym_autotest: Sorry, we were not able to find the logs for this test. Download the log output from the CI site for this test run. ==== End log output ==== CentOS Stream 9 Kernel: 5.15 Compiler: gcc gcc (GCC) 11.5.0 20240719 (Red Hat 11.5.0-11) Debian GNU/Linux 12 Kernel: 5.15 Compiler: gcc gcc (Debian 12.2.0-14+deb12u1) 12.2.0 CentOS Stream 10 Kernel: 5.15 Compiler: gcc gcc (GCC) 14.2.1 20250110 (Red Hat 14.2.1-8) Fedora Linux 40 Kernel: 5.15 Compiler: clang gcc (GCC) 14.2.1 20240912 (Red Hat 14.2.1-3) Fedora Linux 41 Kernel: 5.15 Compiler: gcc gcc (GCC) 14.3.1 20250523 (Red Hat 14.3.1-1) Red Hat Enterprise Linux 9.5 Kernel: 5.15 Compiler: gcc gcc (GCC) 11.5.0 20240719 (Red Hat 11.5.0-2) Windows Server 2022 Kernel: 10.0.20348.2031 Compiler: clang 15.0.7, gcc 14.1.0 (MinGW), and MSVC VS 19.39.33521 Fedora Linux 42 Kernel: 5.15 Compiler: gcc gcc (GCC) 15.2.1 20250808 (Red Hat 15.2.1-1) Red Hat Enterprise Linux 8.10 Kernel: 5.15 Compiler: gcc gcc (GCC) 8.5.0 20210514 (Red Hat 8.5.0-22) Ubuntu 22.04 Kernel: 5.15 Compiler: gcc gcc (Ubuntu 11.4.0-1ubuntu1~22.04) 11.4.0 Ubuntu 24.04 Kernel: 5.15 Compiler: gcc gcc (Ubuntu 13.3.0-6ubuntu2~24.04) 13.3.0 Ubuntu 20.04 Kernel: 5.15 Compiler: gcc gcc (Ubuntu 9.4.0-1ubuntu1~20.04.2) 9.4.0 To view detailed results, visit: https://lab.dpdk.org/results/dashboard/patchsets/34185/ UNH-IOL DPDK Community Lab To manage your email subscriptions, visit: https://lab.dpdk.org/results/dashboard/preferences/subscriptions/