From mboxrd@z Thu Jan 1 00:00:00 1970 Return-Path: Received: from mails.dpdk.org (mails.dpdk.org [217.70.189.124]) by inbox.dpdk.org (Postfix) with ESMTP id 7533C48874 for ; Tue, 30 Sep 2025 21:18:02 +0200 (CEST) Received: from mails.dpdk.org (localhost [127.0.0.1]) by mails.dpdk.org (Postfix) with ESMTP id 3331840150; Tue, 30 Sep 2025 21:18:02 +0200 (CEST) Received: from mail-pf1-f226.google.com (mail-pf1-f226.google.com [209.85.210.226]) by mails.dpdk.org (Postfix) with ESMTP id 1605040150 for ; Tue, 30 Sep 2025 21:18:01 +0200 (CEST) Received: by mail-pf1-f226.google.com with SMTP id d2e1a72fcca58-76e4fc419a9so6517215b3a.0 for ; Tue, 30 Sep 2025 12:18:00 -0700 (PDT) DKIM-Signature: v=1; a=rsa-sha256; c=relaxed/relaxed; d=iol.unh.edu; s=unh-iol; t=1759259880; x=1759864680; darn=dpdk.org; h=references:in-reply-to:cc:to:from:subject:message-id:date:from:to :cc:subject:date:message-id:reply-to; bh=1o7+BgbNfhqRhsyPUPHSWgclFyLmOd4JyFLV21LDM4M=; b=V78hqFXhaQ3yRZX5PcTLELXgL+YpUrZTabWStydDRNCbckoN2tlaiqsXhYYsEM8Ujx AGtc1SzCK6CbQAkbFZtQX2yzsoqwC4KODNRo3R3lxyGBTtAQyOofridS6bh44gSNyWpg udSvUaSyqAl+/eZKSFqO12Ou2Rfx96Lek66bc= X-Google-DKIM-Signature: v=1; a=rsa-sha256; c=relaxed/relaxed; d=1e100.net; s=20230601; t=1759259880; x=1759864680; h=references:in-reply-to:cc:to:from:subject:message-id:date :x-gm-message-state:from:to:cc:subject:date:message-id:reply-to; bh=1o7+BgbNfhqRhsyPUPHSWgclFyLmOd4JyFLV21LDM4M=; b=Ue3si9UnT8HdyRjdxVpz+fB5Xg5YV6/bAQ8FWR9BrI7tPRNBIhl267QrGgCkMcYGJb P4FI/CYSfIS2ZMuHMmWmJu+001OXAh+vxpN4LBhZe7BM4MrW2MJI2DhtOtFrRie+Bhro YAsX01NGw83ez0ZW2OCoFlGHgaZHWdG5Dsi8MJeCYqZkavR8Jii9HFZWri3J/IK3ZSRg RAKjE4TKpeUNK7geD41wUe1dvqOZQ4NmQkcK+ebQgP0EVAX6DO0mDEQIx74Q0bq/wmn2 OXl0sjoKkWIrC0h+gpcJfAu3jB9H8JE44OvoUWnIBSRZj4WSjFyk2O3vcs1wa2pCBeFz OIsA== X-Gm-Message-State: AOJu0YxnrD5Q7bPUgctWjeJSbhrg/vtYrYCSRBHfOfFZodGZy2NWsM2b jjbT4C5YYzVlMFjBqNFyEgkh8g7TxbdYePKAf4gcpr92lZ+IGGt7akfd0YZ51RZ0CwRXYn5qL1Z pVBzW8Y+JWIPaxFw6lfbj055dt+OiJFY/QhU0Asly2LsDoYlPrkbYC17TJCUF X-Gm-Gg: ASbGnctSm3B/MSHrMVC9ewlsw7pIUQ3tiYb0Ppbq1sbvMzNKsH9Tsul28KqITvVbii2 Ixw+H2SUIKGwUzy18CS5/04oGUC8iwLQLMRQLswekI8fxpDdWVa8+VTrPzm6tP/15zSxtJmP7rC 0iivbEp9WItSKkD3qF86xppuGjfDKB3Q6BTxf/KpR3mXdpi9zLj/5BfgXiOyk6irgDZ2rEcqZey nsMDHp3RTo26oJpE+PF0LIR28osN0EodyZcx2v4NL87E06ULqIQj9hRVATbX1sINWigpXflR6lY U3XZk13zsPeFcaIQoQrS0EuraTO0tmRVHTwdJ2nosdNKj58NbT4BLMQ= X-Google-Smtp-Source: AGHT+IGnqsRTdQDveyng1K4O5c+/K1ybwclxK6jgjbmDQugQGmwuPrgTt8Vo7zalplabU9WFVB1B+eapMxWa X-Received: by 2002:a05:6a00:c8b:b0:781:264b:dd96 with SMTP id d2e1a72fcca58-78af420a40bmr593427b3a.19.1759259880075; Tue, 30 Sep 2025 12:18:00 -0700 (PDT) Received: from postal.iol.unh.edu (postal.iol.unh.edu. [2606:4100:3880:1234::84]) by smtp-relay.gmail.com with ESMTPS id d2e1a72fcca58-782208d748asm531225b3a.4.2025.09.30.12.17.59 (version=TLS1_2 cipher=ECDHE-ECDSA-AES128-GCM-SHA256 bits=128/128); Tue, 30 Sep 2025 12:18:00 -0700 (PDT) X-Relaying-Domain: iol.unh.edu Date: Tue, 30 Sep 2025 12:18:00 -0700 (PDT) Message-ID: <68dc2ce8.050a0220.e47a5.f805SMTPIN_ADDED_MISSING@mx.google.com> Received: from [172.21.0.2] (unknown [172.18.0.240]) by postal.iol.unh.edu (Postfix) with ESMTP id 48751604D420; Tue, 30 Sep 2025 15:17:59 -0400 (EDT) Subject: |FAILURE| pw157144-157146 [PATCH] [v1,3/3] app/test: add ML crypto t From: dpdklab@iol.unh.edu To: Test Report Cc: dpdk-test-reports@iol.unh.edu, Gowrishankar Muthukrishnan In-Reply-To: <20250930180316.1021-4-gmuthukrishn@marvell.com> References: <20250930180316.1021-4-gmuthukrishn@marvell.com> Content-Type: text/plain X-BeenThere: test-report@dpdk.org X-Mailman-Version: 2.1.29 Precedence: list List-Id: automatic DPDK test reports List-Unsubscribe: , List-Archive: List-Post: List-Help: List-Subscribe: , Errors-To: test-report-bounces@dpdk.org Test-Label: iol-compile-amd64-testing Test-Status: FAILURE http://dpdk.org/patch/157146 _Testing issues_ Submitter: Gowrishankar Muthukrishnan Date: Tuesday, September 30 2025 18:03:13 DPDK git baseline: Repo:dpdk Branch: master CommitID:f3878b615e69a12087a6c5d212723478cfc79c31 157144-157146 --> testing issues Upstream job id: Windows-Compile-DPDK-Native#31332 Test environment and result as below: +---------------------+-------------------------+--------------------+-------------------+----------------------+ | Environment | dpdk_llvm_clang_compile | dpdk_meson_compile | dpdk_msvc_compile | dpdk_mingw64_compile | +=====================+=========================+====================+===================+======================+ | Windows Server 2022 | PASS | SKIPPED | PASS | PASS | +---------------------+-------------------------+--------------------+-------------------+----------------------+ | Ubuntu 20.04 | SKIPPED | PASS | SKIPPED | SKIPPED | +---------------------+-------------------------+--------------------+-------------------+----------------------+ | FreeBSD 14.2 | SKIPPED | FAIL | SKIPPED | SKIPPED | +---------------------+-------------------------+--------------------+-------------------+----------------------+ ==== 20 line log output for FreeBSD 14.2 (dpdk_meson_compile): ==== /usr/local/include/openssl/evp.h:1902:5: note: 'EVP_PKEY_verify_recover_init' declared here 1902 | int EVP_PKEY_verify_recover_init(EVP_PKEY_CTX *ctx); | ^ ../drivers/crypto/openssl/rte_openssl_pmd.c:4028:19: error: use of undeclared identifier 'OSSL_SIGNATURE_PARAM_MU' 4028 | OSSL_PARAM_int(OSSL_SIGNATURE_PARAM_MU, &has_mu), | ^ ../drivers/crypto/openssl/rte_openssl_pmd.c:4042:28: error: use of undeclared identifier 'OSSL_SIGNATURE_PARAM_CONTEXT_STRING' 4042 | OSSL_PARAM_octet_string(OSSL_SIGNATURE_PARAM_CONTEXT_STRING, | ^ ../drivers/crypto/openssl/rte_openssl_pmd.c:4313:12: error: call to undeclared function 'process_openssl_mlkem_op'; ISO C99 and later do not support implicit function declarations [-Werror,-Wimplicit-function-declaration] 4313 | retval = process_openssl_mlkem_op(op, sess); | ^ fatal error: too many errors emitted, stopping now [-ferror-limit=] 20 errors generated. [1676/2137] Linking target drivers/librte_crypto_ionic.so.26.0 [1677/2137] Compiling C object drivers/libtmp_rte_crypto_scheduler.a.p/crypto_scheduler_rte_cryptodev_scheduler.c.o [1678/2137] Generating rte_crypto_null.sym_chk with a custom command (wrapped by meson to capture output) [1679/2137] Compiling C object drivers/libtmp_rte_crypto_scheduler.a.p/crypto_scheduler_scheduler_failover.c.o [1680/2137] Compiling C object drivers/libtmp_rte_crypto_scheduler.a.p/crypto_scheduler_scheduler_multicore.c.o ninja: build stopped: subcommand failed. ==== End log output ==== Windows Server 2022 Kernel: 10.0.20348.2031 Compiler: clang 15.0.7, gcc 14.1.0 (MinGW), and MSVC VS 19.39.33521 Ubuntu 20.04 Kernel: 4.19 Compiler: gcc gcc (Ubuntu 9.4.0-1ubuntu1~20.04.2) 9.4.0 FreeBSD 14.2 Kernel: 14.2-RELEASE Compiler: clang 18.1.6 To view detailed results, visit: https://lab.dpdk.org/results/dashboard/patchsets/34185/ UNH-IOL DPDK Community Lab To manage your email subscriptions, visit: https://lab.dpdk.org/results/dashboard/preferences/subscriptions/