From mboxrd@z Thu Jan 1 00:00:00 1970 Return-Path: Received: from mails.dpdk.org (mails.dpdk.org [217.70.189.124]) by inbox.dpdk.org (Postfix) with ESMTP id 2632B48874 for ; Tue, 30 Sep 2025 21:28:19 +0200 (CEST) Received: from mails.dpdk.org (localhost [127.0.0.1]) by mails.dpdk.org (Postfix) with ESMTP id 2014640150; Tue, 30 Sep 2025 21:28:19 +0200 (CEST) Received: from mail-oo1-f99.google.com (mail-oo1-f99.google.com [209.85.161.99]) by mails.dpdk.org (Postfix) with ESMTP id 094DE402C1 for ; Tue, 30 Sep 2025 21:28:17 +0200 (CEST) Received: by mail-oo1-f99.google.com with SMTP id 006d021491bc7-643cd58c678so1901372eaf.3 for ; Tue, 30 Sep 2025 12:28:16 -0700 (PDT) DKIM-Signature: v=1; a=rsa-sha256; c=relaxed/relaxed; d=iol.unh.edu; s=unh-iol; t=1759260496; x=1759865296; darn=dpdk.org; h=references:in-reply-to:cc:to:from:subject:message-id:date:from:to :cc:subject:date:message-id:reply-to; bh=ylHXFrVKNDNSGk0YmA0MN3gcMcLdqHswdQC+l/Pdg20=; b=Sh9cEE5MqJBdtPatVSYxHrlzZDR589jIzmZh3MGEsTRzljV5rN6dG6hZwfeK/LP+eZ KuZhF79TTZ/cqUtl5spUP6u7T0sDk7aLFeS/AIo15VuW9NuGhFCn+IOlgzPQZaTyzrYf ljXxfn3ISyXkh+HlT3CvAy11TGjTvJBtVc4z8= X-Google-DKIM-Signature: v=1; a=rsa-sha256; c=relaxed/relaxed; d=1e100.net; s=20230601; t=1759260496; x=1759865296; h=references:in-reply-to:cc:to:from:subject:message-id:date :x-gm-message-state:from:to:cc:subject:date:message-id:reply-to; bh=ylHXFrVKNDNSGk0YmA0MN3gcMcLdqHswdQC+l/Pdg20=; b=Mx5m4tvxoLljq3gxpRnbk8PwoXT82CtieFWX3HwpA6QYde8Tvd2CCRnV2X73F+92EK v/xvzfWTVgjAJ1wUgug5UTAH1DwniZteBW1nfBloHZnZPiAbgWu6ojbSRSqHdsn16X/T m7HRXOgOxQTGR0ZeXr2ZrXJcbDxn476Nsg3mU7xz9EmDEJe+TXpHiY/MwfYgObUmt2XJ 8JIjcR8lmr4qNX3oEtZhAZ/A6hpnOci55I6xkkrEP/xdrIVlKzjzisZxkT1xvGoqq6rw rVxN3WH7EwL+tzGVbTzokNHMaBto0Ta/rA/XdlzYrgveKcMdkbTC1Vfw5rLfyUmqDaKY bIKg== X-Gm-Message-State: AOJu0YzbvLcNpJIEDvgRZ2/ofzE6qbqcqXW2DJle2v/u2vzGTSiwwwZw 2oWrKPsBdtOTThaG1Boz08CeRiTKWMmsCudQKJ5DqXsXBNThVsNh9UFwmi+4YTOzJ7wgnb4+/az 56xtXR/v/EFPA9bEt5pMoFp6wqmoAZlC9WQ0AezxlosKGLTWmFvIs3pxcO1a6 X-Gm-Gg: ASbGncs4GLVArCVfqwZsLQWHiu48SNq0s/AsTnSyc20MZiqEqG4+lQQwd5nmkcCti6b WA6euhUj33jovteBCDYNK4yMAi7s//YRQn6MyHCFLXs0pNZx32nuV06LQp7rsEUK9kpUC9mTHmE axiugXM0TESHK/uYO2JaAlEL0MZ+CL9JDKPEmChMq3xMhEd8x20xKGW13u56EkY9+UTx7p/gptP i7XYrHP+N8pCQoRh3mhhDfvctfk2OdK6VT6ZFDorg5D9spG4/3n+Gws9S+tjl+a848upXucAacX xdErSbDmW6ZI3F2xKaAC9RhZgsua/i30xS3VvNGcrr9ums1X1GcPzII= X-Google-Smtp-Source: AGHT+IEiDzVQr4xXAsf1C9FqutG5OVNqAcK5uLWvbdLNM2EaKqirkSehQLM1CNvzdn0B1LBlj6ndyM7CxKUl X-Received: by 2002:a05:6820:5206:b0:621:cb1d:dfa7 with SMTP id 006d021491bc7-64bbf3decd8mr573951eaf.6.1759260496160; Tue, 30 Sep 2025 12:28:16 -0700 (PDT) Received: from postal.iol.unh.edu (postal.iol.unh.edu. [2606:4100:3880:1234::84]) by smtp-relay.gmail.com with ESMTPS id 006d021491bc7-63b202edb9asm537327eaf.7.2025.09.30.12.28.16 (version=TLS1_2 cipher=ECDHE-ECDSA-AES128-GCM-SHA256 bits=128/128); Tue, 30 Sep 2025 12:28:16 -0700 (PDT) X-Relaying-Domain: iol.unh.edu Date: Tue, 30 Sep 2025 12:28:16 -0700 (PDT) Message-ID: <68dc2f50.4a0a0220.737c4.020fSMTPIN_ADDED_MISSING@mx.google.com> Received: from [172.21.0.4] (unknown [172.18.0.240]) by postal.iol.unh.edu (Postfix) with ESMTP id AB5BC604D420; Tue, 30 Sep 2025 15:28:15 -0400 (EDT) Subject: |FAILURE| pw157144-157146 [PATCH] [v1,3/3] app/test: add ML crypto t From: dpdklab@iol.unh.edu To: Test Report Cc: dpdk-test-reports@iol.unh.edu, Gowrishankar Muthukrishnan In-Reply-To: <20250930180316.1021-4-gmuthukrishn@marvell.com> References: <20250930180316.1021-4-gmuthukrishn@marvell.com> Content-Type: text/plain X-BeenThere: test-report@dpdk.org X-Mailman-Version: 2.1.29 Precedence: list List-Id: automatic DPDK test reports List-Unsubscribe: , List-Archive: List-Post: List-Help: List-Subscribe: , Errors-To: test-report-bounces@dpdk.org Test-Label: iol-unit-amd64-testing Test-Status: FAILURE http://dpdk.org/patch/157146 _Testing issues_ Submitter: Gowrishankar Muthukrishnan Date: Tuesday, September 30 2025 18:03:13 DPDK git baseline: Repo:dpdk Branch: master CommitID:f3878b615e69a12087a6c5d212723478cfc79c31 157144-157146 --> testing issues Upstream job id: Generic-VM-Unit-Test-DPDK#31501 Test environment and result as below: +-------------------------------+----------------+ | Environment | dpdk_unit_test | +===============================+================+ | CentOS Stream 9 | PASS | +-------------------------------+----------------+ | Debian GNU/Linux 12 | WARN | +-------------------------------+----------------+ | CentOS Stream 10 | FAIL | +-------------------------------+----------------+ | Fedora Linux 40 | WARN | +-------------------------------+----------------+ | Fedora Linux 41 | WARN | +-------------------------------+----------------+ | Red Hat Enterprise Linux 9.5 | WARN | +-------------------------------+----------------+ | Windows Server 2022 | PASS | +-------------------------------+----------------+ | Fedora Linux 42 | WARN | +-------------------------------+----------------+ | Red Hat Enterprise Linux 8.10 | FAIL | +-------------------------------+----------------+ | Ubuntu 22.04 | WARN | +-------------------------------+----------------+ | Ubuntu 24.04 | WARN | +-------------------------------+----------------+ | Ubuntu 20.04 | PASS | +-------------------------------+----------------+ ==== 20 line log output for Ubuntu 24.04 (dpdk_unit_test): ==== | ^~~~~~~~~~~~~~~~~~~~~~~~ | process_openssl_mlkem_op_evp ../drivers/crypto/openssl/rte_openssl_pmd.c:4313:26: error: nested extern declaration of 'process_openssl_mlkem_op' [-Werror=nested-externs] ../drivers/crypto/openssl/rte_openssl_pmd.c:4320:26: error: implicit declaration of function 'process_openssl_mldsa_op'; did you mean 'process_openssl_mldsa_op_evp'? [-Werror=implicit-function-declaration] 4320 | retval = process_openssl_mldsa_op(op, sess); | ^~~~~~~~~~~~~~~~~~~~~~~~ | process_openssl_mldsa_op_evp ../drivers/crypto/openssl/rte_openssl_pmd.c:4320:26: error: nested extern declaration of 'process_openssl_mldsa_op' [-Werror=nested-externs] ../drivers/crypto/openssl/rte_openssl_pmd.c: At top level: ../drivers/crypto/openssl/rte_openssl_pmd.c:4070:1: error: 'process_openssl_mldsa_op_evp' defined but not used [-Werror=unused-function] 4070 | process_openssl_mldsa_op_evp(struct rte_crypto_op *cop, | ^~~~~~~~~~~~~~~~~~~~~~~~~~~~ ../drivers/crypto/openssl/rte_openssl_pmd.c:3601:1: error: 'process_openssl_mlkem_op_evp' defined but not used [-Werror=unused-function] 3601 | process_openssl_mlkem_op_evp(struct rte_crypto_op *cop, | ^~~~~~~~~~~~~~~~~~~~~~~~~~~~ cc1: all warnings being treated as errors [2794/3540] Compiling C object drivers/libtmp_rte_crypto_scheduler.a.p/crypto_scheduler_scheduler_failover.c.o [2795/3540] Compiling C object drivers/libtmp_rte_crypto_scheduler.a.p/crypto_scheduler_scheduler_multicore.c.o [2796/3540] Compiling C object drivers/libtmp_rte_crypto_octeontx.a.p/crypto_octeontx_otx_cryptodev_ops.c.o ninja: build stopped: subcommand failed. ==== End log output ==== CentOS Stream 9 Kernel: 5.15 Compiler: gcc gcc (GCC) 11.5.0 20240719 (Red Hat 11.5.0-11) Debian GNU/Linux 12 Kernel: 5.15 Compiler: gcc gcc (Debian 12.2.0-14+deb12u1) 12.2.0 CentOS Stream 10 Kernel: 5.15 Compiler: gcc gcc (GCC) 14.2.1 20250110 (Red Hat 14.2.1-8) Fedora Linux 40 Kernel: 5.15 Compiler: clang gcc (GCC) 14.2.1 20240912 (Red Hat 14.2.1-3) Fedora Linux 41 Kernel: 5.15 Compiler: gcc gcc (GCC) 14.3.1 20250523 (Red Hat 14.3.1-1) Red Hat Enterprise Linux 9.5 Kernel: 5.15 Compiler: gcc gcc (GCC) 11.5.0 20240719 (Red Hat 11.5.0-2) Windows Server 2022 Kernel: 10.0.20348.2031 Compiler: clang 15.0.7, gcc 14.1.0 (MinGW), and MSVC VS 19.39.33521 Fedora Linux 42 Kernel: 5.15 Compiler: gcc gcc (GCC) 15.2.1 20250808 (Red Hat 15.2.1-1) Red Hat Enterprise Linux 8.10 Kernel: 5.15 Compiler: gcc gcc (GCC) 8.5.0 20210514 (Red Hat 8.5.0-22) Ubuntu 22.04 Kernel: 5.15 Compiler: gcc gcc (Ubuntu 11.4.0-1ubuntu1~22.04) 11.4.0 Ubuntu 24.04 Kernel: 5.15 Compiler: gcc gcc (Ubuntu 13.3.0-6ubuntu2~24.04) 13.3.0 Ubuntu 20.04 Kernel: 5.15 Compiler: gcc gcc (Ubuntu 9.4.0-1ubuntu1~20.04.2) 9.4.0 To view detailed results, visit: https://lab.dpdk.org/results/dashboard/patchsets/34185/ UNH-IOL DPDK Community Lab To manage your email subscriptions, visit: https://lab.dpdk.org/results/dashboard/preferences/subscriptions/