From mboxrd@z Thu Jan 1 00:00:00 1970 Return-Path: Received: from mails.dpdk.org (mails.dpdk.org [217.70.189.124]) by inbox.dpdk.org (Postfix) with ESMTP id 0150F48875 for ; Tue, 30 Sep 2025 22:59:24 +0200 (CEST) Received: from mails.dpdk.org (localhost [127.0.0.1]) by mails.dpdk.org (Postfix) with ESMTP id ECE6F400EF; Tue, 30 Sep 2025 22:59:24 +0200 (CEST) Received: from mail-pj1-f99.google.com (mail-pj1-f99.google.com [209.85.216.99]) by mails.dpdk.org (Postfix) with ESMTP id 75B14400EF for ; Tue, 30 Sep 2025 22:59:24 +0200 (CEST) Received: by mail-pj1-f99.google.com with SMTP id 98e67ed59e1d1-3305c08d9f6so269268a91.1 for ; Tue, 30 Sep 2025 13:59:24 -0700 (PDT) DKIM-Signature: v=1; a=rsa-sha256; c=relaxed/relaxed; d=iol.unh.edu; s=unh-iol; t=1759265963; x=1759870763; darn=dpdk.org; h=references:in-reply-to:cc:to:from:subject:message-id:date:from:to :cc:subject:date:message-id:reply-to; bh=4Zm10fS8JLwHg2JOjv/45L4vTMrj224yYHpTBPtdZeY=; b=QRhzob13dgeTXyCJihFZzXAN6bFUZY25bhdn8ufkAtT2VDFiT92dttfrsxUAHL8hA6 4tp6DCRHJmroFNVq0MC4XIvgwiGFYMq7iZLqmmYFdlKo05h9XXDEyj8uLGc//PNNC+VM xNDA+TQHVSZ+H6uuoJgCKpsqEzJwxKaBiyrGw= X-Google-DKIM-Signature: v=1; a=rsa-sha256; c=relaxed/relaxed; d=1e100.net; s=20230601; t=1759265963; x=1759870763; h=references:in-reply-to:cc:to:from:subject:message-id:date :x-gm-message-state:from:to:cc:subject:date:message-id:reply-to; bh=4Zm10fS8JLwHg2JOjv/45L4vTMrj224yYHpTBPtdZeY=; b=oDD36WgTILfsDyRdIriQcI/6sgSO1GRaXCx22jqN7S+nXk0JD6/kaXhFxKJ08Xy4Oo 1sOw/NofBBXhmuL9Op76oWU5+CQEJMMj5RFFzTnRQHp3J0TEjU2zxWebIs7dKeEkyXGe aAlG8U86JjYIoIcOSc3UjrKdWegEZr+5Plg1WIinDkWhJaN1XDahMzyEV9Ud7ZNqVDGN Zq0ccI70hI5WPIYy3TU+n3rZcJlHRJ/KwGZrDo8EKU4KZrgGQJAExdPJzl9uOiJmQhcY lHe6/98wRxf7V54n6fseTS/5zLkljInaXUiv8U1p3+d4ZrK77SqpEw3A8ZxryGTDi5hE GnzA== X-Gm-Message-State: AOJu0YyoNRpzP3aHitXSAXbB8VO3Z5FowCT/sf0eNq8vKfT5UD6rp2/V GjTL9fSE2ywFqTK8RmZHtPUstKx+JVp7IlW5CHbLorACgiTqsMPm4r29COYiTHkcTB9P0dbDaqv jbLBGsze7q0d6iaVApHN9fjdu2SztTSfiX8D1AfR6o62pYAkSaT8yONVeWJLi X-Gm-Gg: ASbGncujLPyUnDYDmUBWSF6uXvYcBdrrdEybao7BDw1i7/mGrNZq1lRRGFFDz5ZlkjI qCN2ODQP2cX/lsaZ8RHUb+lWZwnMhBAqGIIXnAWyXMy9ZJ+kBGZwi+wWtsVejDIW57kiUIWJhFP Z/oDES821iF0LDAMHdmE4tacnKRCGGr/FBcSJJk0Nf37oFwqVg2fyCerKQtJDEZVl2WN4Iabrgr DhmqQHiK/3iYwql8D0nRXxBFvKrEQBFd0BBiSYujMFzUK2aDhbR6Hj/ovW2IW8DcyhxIjMiYnq0 G0NxMX5pnKm4w+muilXA9ri6tF70zZJO58gtmZ7HhAJLshi0nUZ1NpY= X-Google-Smtp-Source: AGHT+IGGxlNnp3SheyLHqQncsOhpq2vsum/Mdgh6tkqLR1CJTEc/ZZdH4MCr4x5VWN+2LyVcaLGBjoHl5uFC X-Received: by 2002:a17:90b:1d07:b0:32e:4716:d551 with SMTP id 98e67ed59e1d1-339a53d5286mr1494929a91.6.1759265963509; Tue, 30 Sep 2025 13:59:23 -0700 (PDT) Received: from postal.iol.unh.edu (postal.iol.unh.edu. [2606:4100:3880:1234::84]) by smtp-relay.gmail.com with ESMTPS id 98e67ed59e1d1-339a6e9db75sm48141a91.2.2025.09.30.13.59.23 (version=TLS1_2 cipher=ECDHE-ECDSA-AES128-GCM-SHA256 bits=128/128); Tue, 30 Sep 2025 13:59:23 -0700 (PDT) X-Relaying-Domain: iol.unh.edu Date: Tue, 30 Sep 2025 13:59:23 -0700 (PDT) Message-ID: <68dc44ab.170a0220.76fd3.2bfbSMTPIN_ADDED_MISSING@mx.google.com> Received: from [172.21.0.2] (unknown [172.18.0.240]) by postal.iol.unh.edu (Postfix) with ESMTP id B816F604D420; Tue, 30 Sep 2025 16:59:22 -0400 (EDT) Subject: |FAILURE| pw157112-157113 [PATCH] [v4,2/2] net/idpf: enable AVX2 for From: dpdklab@iol.unh.edu To: Test Report Cc: dpdk-test-reports@iol.unh.edu, Bruce Richardson , Shaiq Wani In-Reply-To: <20250930090709.2521114-3-shaiq.wani@intel.com> References: <20250930090709.2521114-3-shaiq.wani@intel.com> Content-Type: text/plain X-BeenThere: test-report@dpdk.org X-Mailman-Version: 2.1.29 Precedence: list List-Id: automatic DPDK test reports List-Unsubscribe: , List-Archive: List-Post: List-Help: List-Subscribe: , Errors-To: test-report-bounces@dpdk.org Test-Label: iol-compile-arm64-testing Test-Status: FAILURE http://dpdk.org/patch/157113 _Testing issues_ Submitter: Shaiq Wani Date: Tuesday, September 30 2025 09:07:09 DPDK git baseline: Repo:dpdk-next-net-intel Branch: master CommitID:9845e5848bbe337306fb6ae2a6b1ce5e6ab5b714 157112-157113 --> testing issues Upstream job id: Generic-DPDK-Compile-Meson#430019 Test environment and result as below: +------------------------------+--------------------+ | Environment | dpdk_meson_compile | +==============================+====================+ | Red Hat Enterprise Linux 9.5 | FAIL | +------------------------------+--------------------+ | Ubuntu 20.04 | FAIL | +------------------------------+--------------------+ | Debian GNU/Linux 12 | PEND | +------------------------------+--------------------+ | Fedora Linux 42 | PEND | +------------------------------+--------------------+ | Ubuntu 22.04 | PEND | +------------------------------+--------------------+ | Ubuntu 24.04 | FAIL | +------------------------------+--------------------+ | CentOS Stream 9 | FAIL | +------------------------------+--------------------+ | CentOS Stream 10 | FAIL | +------------------------------+--------------------+ ==== 20 line log output for CentOS Stream 10 (dpdk_meson_compile): ==== ../drivers/net/intel/idpf/idpf_common_rxtx.c:275:62: error: '__m128i' undeclared (first use in this function) 275 | _mm_store_si128(RTE_CAST_PTR(__m128i *, &rxdp[i]), | ^~~~~~~ ../lib/eal/include/rte_common.h:593:35: note: in definition of macro 'RTE_CAST_PTR' 593 | #define RTE_CAST_PTR(type, ptr) ((type)(uintptr_t)(ptr)) | ^~~~ ../drivers/net/intel/idpf/idpf_common_rxtx.c:275:62: note: each undeclared identifier is reported only once for each function it appears in 275 | _mm_store_si128(RTE_CAST_PTR(__m128i *, &rxdp[i]), | ^~~~~~~ ../lib/eal/include/rte_common.h:593:35: note: in definition of macro 'RTE_CAST_PTR' 593 | #define RTE_CAST_PTR(type, ptr) ((type)(uintptr_t)(ptr)) | ^~~~ ../lib/eal/include/rte_common.h:593:39: error: expected expression before ')' token 593 | #define RTE_CAST_PTR(type, ptr) ((type)(uintptr_t)(ptr)) | ^ ../drivers/net/intel/idpf/idpf_common_rxtx.c:275:49: note: in expansion of macro 'RTE_CAST_PTR' 275 | _mm_store_si128(RTE_CAST_PTR(__m128i *, &rxdp[i]), | ^~~~~~~~~~~~ cc1: all warnings being treated as errors ninja: build stopped: subcommand failed. ==== End log output ==== Red Hat Enterprise Linux 9.5 Kernel: 5.4 Compiler: gcc gcc (GCC) 11.5.0 20240719 (Red Hat 11.5.0-2) Ubuntu 20.04 Kernel: 5.15 Compiler: aarch64-linux-gnu-gcc gcc (Ubuntu 9.4.0-1ubuntu1~20.04.2) 9.4.0 Debian GNU/Linux 12 Kernel: 5.4 Compiler: gcc gcc (Debian 12.2.0-14+deb12u1) 12.2.0 Fedora Linux 42 Kernel: 5.4 Compiler: gcc gcc (GCC) 15.2.1 20250808 (Red Hat 15.2.1-1) Ubuntu 22.04 Kernel: 5.4 Compiler: gcc gcc (Ubuntu 11.4.0-1ubuntu1~22.04) 11.4.0 Ubuntu 24.04 Kernel: 5.4 Compiler: gcc gcc (Ubuntu 13.3.0-6ubuntu2~24.04) 13.3.0 CentOS Stream 9 Kernel: 5.4 Compiler: gcc gcc (GCC) 11.5.0 20240719 (Red Hat 11.5.0-11) CentOS Stream 10 Kernel: 5.4 Compiler: gcc gcc (GCC) 14.2.1 20250110 (Red Hat 14.2.1-8) To view detailed results, visit: https://lab.dpdk.org/results/dashboard/patchsets/34179/ UNH-IOL DPDK Community Lab To manage your email subscriptions, visit: https://lab.dpdk.org/results/dashboard/preferences/subscriptions/