From mboxrd@z Thu Jan 1 00:00:00 1970 Return-Path: Received: from mails.dpdk.org (mails.dpdk.org [217.70.189.124]) by inbox.dpdk.org (Postfix) with ESMTP id 9685948875 for ; Tue, 30 Sep 2025 23:04:57 +0200 (CEST) Received: from mails.dpdk.org (localhost [127.0.0.1]) by mails.dpdk.org (Postfix) with ESMTP id 8E2C4400EF; Tue, 30 Sep 2025 23:04:57 +0200 (CEST) Received: from mail-pl1-f227.google.com (mail-pl1-f227.google.com [209.85.214.227]) by mails.dpdk.org (Postfix) with ESMTP id E4A95400EF for ; Tue, 30 Sep 2025 23:04:56 +0200 (CEST) Received: by mail-pl1-f227.google.com with SMTP id d9443c01a7336-267f0fe72a1so49747195ad.2 for ; Tue, 30 Sep 2025 14:04:56 -0700 (PDT) DKIM-Signature: v=1; a=rsa-sha256; c=relaxed/relaxed; d=iol.unh.edu; s=unh-iol; t=1759266296; x=1759871096; darn=dpdk.org; h=references:in-reply-to:cc:to:from:subject:message-id:date:from:to :cc:subject:date:message-id:reply-to; bh=Fz0l7lilz47yFRtwIIom8yFf4ru2svFPKS7r52UdQt4=; b=chRkWmBOSsSN9VXNs7261gsTlrZMF7lCkGwcyfPm6IH4rVHYyg0VG/FfaphQy5NcDM DN06CXr/3VnUAM2UPgUOTcbR4cHXALm21oI6NzTY5Lm5oX1Q4hypFkvsTzBvCz9Qzgql ie+tXoTixQXBt8eXbMX02V1DqPjlwZaDKA7xg= X-Google-DKIM-Signature: v=1; a=rsa-sha256; c=relaxed/relaxed; d=1e100.net; s=20230601; t=1759266296; x=1759871096; h=references:in-reply-to:cc:to:from:subject:message-id:date :x-gm-message-state:from:to:cc:subject:date:message-id:reply-to; bh=Fz0l7lilz47yFRtwIIom8yFf4ru2svFPKS7r52UdQt4=; b=m6OSqOEASvd85WSdrB2391D+8X9LeeKefeuLumAHjwx0lft7fGFyy9KK/EZpvGv2yv Var4fJZPOwIfSJHtxh3qtVR5LTJ15fJBZ+VneQ8dRf6N3kZ7wsKuZv0nVABm/r+K4X/P 0GLvbAawEM8CUTuEWTWQNOBOdJ/0gmO/FUaxb358EOn+qkDmoZZ0zRimOq2F7+1vmOCA 2cGvp28RtM5l1JwIYJCfzzeCf37tHNKtS8kghvcOpeANGF6Qqc6NM7lZwAnnNO/S5M6s HZ38S4A3tEHrRslUVinuQ95frLLCodN6V9MB4FEV+ECJWqomBZqt1rx2kd1zUFRavDUY oQ1g== X-Gm-Message-State: AOJu0YwfbKQ12MtTDHx0ZeX77pGMhJ8UUYYmGYpaHNOEej/9XxinYuc3 tz641iA+a9zyC94PSHrSeRLnO1ym61LOa69dyc7/Pgqkci48EZM6LAJHmaozOR9lteZDI1DeKyb eyO7LFjTHMlxUzvjJtjBu6pRKiTAXcwlDe1pt1tCRfr7ZQSHFLSWvLhru5Poh X-Gm-Gg: ASbGncsov5rtuE0hpDOMgb9tOvszvoFWwNtFcA0FEKfdzqMU38Fyfcg32jdBDW0C+Sh NMnj4TioAlZMKBBHbX1d1bxn0U1i2yX3PamrkIVA1Gntoe/g0/0RGxbfzbXObQTpLc2ECrq52AE IYItL/n2yZkM7cqLa8V4I0JKs2jR8T4/SsPXqlWWCxcler12oVv0LSnNW7PQRkCJYvb6wyE0+ze NXyhXPKtkSSdq+vdQxyAgIeCqiKAXMn4XkCIkxpX/LJNOV8xwFrHYbPOXi2NxJdFcI22BOmxjsF /NoX6MddhN3WC1NSnwFvIxQ0mCX+FUiit8d8xk6gXX+hLBYSSNeRytE= X-Google-Smtp-Source: AGHT+IFVhAhANkQLTVP7k5lleA/NwkGYelQYyq6ILaL29Hy82sdrt2uCCOD6RkV+3uTLi7GR8WvERxAPOLyJ X-Received: by 2002:a17:903:2f45:b0:25c:25f1:542d with SMTP id d9443c01a7336-28e7f310f08mr12891205ad.36.1759266296089; Tue, 30 Sep 2025 14:04:56 -0700 (PDT) Received: from postal.iol.unh.edu (postal.iol.unh.edu. [2606:4100:3880:1234::84]) by smtp-relay.gmail.com with ESMTPS id d9443c01a7336-27ed67e65ddsm13168645ad.35.2025.09.30.14.04.55 (version=TLS1_2 cipher=ECDHE-ECDSA-AES128-GCM-SHA256 bits=128/128); Tue, 30 Sep 2025 14:04:56 -0700 (PDT) X-Relaying-Domain: iol.unh.edu Date: Tue, 30 Sep 2025 14:04:56 -0700 (PDT) Message-ID: <68dc45f8.170a0220.123f55.0ebfSMTPIN_ADDED_MISSING@mx.google.com> Received: from [172.21.0.2] (unknown [172.18.0.240]) by postal.iol.unh.edu (Postfix) with ESMTP id 92E846051830; Tue, 30 Sep 2025 17:04:55 -0400 (EDT) Subject: |FAILURE| pw157112-157113 [PATCH] [v4,2/2] net/idpf: enable AVX2 for From: dpdklab@iol.unh.edu To: Test Report Cc: dpdk-test-reports@iol.unh.edu, Bruce Richardson , Shaiq Wani In-Reply-To: <20250930090709.2521114-3-shaiq.wani@intel.com> References: <20250930090709.2521114-3-shaiq.wani@intel.com> Content-Type: text/plain X-BeenThere: test-report@dpdk.org X-Mailman-Version: 2.1.29 Precedence: list List-Id: automatic DPDK test reports List-Unsubscribe: , List-Archive: List-Post: List-Help: List-Subscribe: , Errors-To: test-report-bounces@dpdk.org Test-Label: iol-compile-arm64-testing Test-Status: FAILURE http://dpdk.org/patch/157113 _Testing issues_ Submitter: Shaiq Wani Date: Tuesday, September 30 2025 09:07:09 DPDK git baseline: Repo:dpdk-next-net-intel Branch: master CommitID:9845e5848bbe337306fb6ae2a6b1ce5e6ab5b714 157112-157113 --> testing issues Upstream job id: Generic-DPDK-Compile-Meson#430020 Test environment and result as below: +------------------------------+--------------------+ | Environment | dpdk_meson_compile | +==============================+====================+ | Red Hat Enterprise Linux 9.5 | FAIL | +------------------------------+--------------------+ | Ubuntu 20.04 | FAIL | +------------------------------+--------------------+ | Debian GNU/Linux 12 | FAIL | +------------------------------+--------------------+ | Fedora Linux 42 | PEND | +------------------------------+--------------------+ | Ubuntu 22.04 | PEND | +------------------------------+--------------------+ | Ubuntu 24.04 | FAIL | +------------------------------+--------------------+ | CentOS Stream 9 | FAIL | +------------------------------+--------------------+ | CentOS Stream 10 | FAIL | +------------------------------+--------------------+ ==== 20 line log output for CentOS Stream 10 (dpdk_meson_compile): ==== ../drivers/net/intel/idpf/idpf_common_rxtx.c:275:62: error: '__m128i' undeclared (first use in this function) 275 | _mm_store_si128(RTE_CAST_PTR(__m128i *, &rxdp[i]), | ^~~~~~~ ../lib/eal/include/rte_common.h:593:35: note: in definition of macro 'RTE_CAST_PTR' 593 | #define RTE_CAST_PTR(type, ptr) ((type)(uintptr_t)(ptr)) | ^~~~ ../drivers/net/intel/idpf/idpf_common_rxtx.c:275:62: note: each undeclared identifier is reported only once for each function it appears in 275 | _mm_store_si128(RTE_CAST_PTR(__m128i *, &rxdp[i]), | ^~~~~~~ ../lib/eal/include/rte_common.h:593:35: note: in definition of macro 'RTE_CAST_PTR' 593 | #define RTE_CAST_PTR(type, ptr) ((type)(uintptr_t)(ptr)) | ^~~~ ../lib/eal/include/rte_common.h:593:39: error: expected expression before ')' token 593 | #define RTE_CAST_PTR(type, ptr) ((type)(uintptr_t)(ptr)) | ^ ../drivers/net/intel/idpf/idpf_common_rxtx.c:275:49: note: in expansion of macro 'RTE_CAST_PTR' 275 | _mm_store_si128(RTE_CAST_PTR(__m128i *, &rxdp[i]), | ^~~~~~~~~~~~ cc1: all warnings being treated as errors ninja: build stopped: subcommand failed. ==== End log output ==== Red Hat Enterprise Linux 9.5 Kernel: 5.4 Compiler: gcc gcc (GCC) 11.5.0 20240719 (Red Hat 11.5.0-2) Ubuntu 20.04 Kernel: 5.15 Compiler: aarch64-linux-gnu-gcc gcc (Ubuntu 9.4.0-1ubuntu1~20.04.2) 9.4.0 Debian GNU/Linux 12 Kernel: 5.4 Compiler: gcc gcc (Debian 12.2.0-14+deb12u1) 12.2.0 Fedora Linux 42 Kernel: 5.4 Compiler: gcc gcc (GCC) 15.2.1 20250808 (Red Hat 15.2.1-1) Ubuntu 22.04 Kernel: 5.4 Compiler: gcc gcc (Ubuntu 11.4.0-1ubuntu1~22.04) 11.4.0 Ubuntu 24.04 Kernel: 5.4 Compiler: gcc gcc (Ubuntu 13.3.0-6ubuntu2~24.04) 13.3.0 CentOS Stream 9 Kernel: 5.4 Compiler: gcc gcc (GCC) 11.5.0 20240719 (Red Hat 11.5.0-11) CentOS Stream 10 Kernel: 5.4 Compiler: gcc gcc (GCC) 14.2.1 20250110 (Red Hat 14.2.1-8) To view detailed results, visit: https://lab.dpdk.org/results/dashboard/patchsets/34179/ UNH-IOL DPDK Community Lab To manage your email subscriptions, visit: https://lab.dpdk.org/results/dashboard/preferences/subscriptions/