From mboxrd@z Thu Jan 1 00:00:00 1970 Return-Path: Received: from mails.dpdk.org (mails.dpdk.org [217.70.189.124]) by inbox.dpdk.org (Postfix) with ESMTP id 7A7F548877 for ; Wed, 1 Oct 2025 00:46:13 +0200 (CEST) Received: from mails.dpdk.org (localhost [127.0.0.1]) by mails.dpdk.org (Postfix) with ESMTP id 5DD5B400EF; Wed, 1 Oct 2025 00:46:13 +0200 (CEST) Received: from mail-pg1-f225.google.com (mail-pg1-f225.google.com [209.85.215.225]) by mails.dpdk.org (Postfix) with ESMTP id 4046E400EF for ; Wed, 1 Oct 2025 00:46:12 +0200 (CEST) Received: by mail-pg1-f225.google.com with SMTP id 41be03b00d2f7-b4ee87cc81eso5684815a12.1 for ; Tue, 30 Sep 2025 15:46:12 -0700 (PDT) DKIM-Signature: v=1; a=rsa-sha256; c=relaxed/relaxed; d=iol.unh.edu; s=unh-iol; t=1759272371; x=1759877171; darn=dpdk.org; h=references:in-reply-to:cc:to:from:subject:message-id:date:from:to :cc:subject:date:message-id:reply-to; bh=yG8FhsDcSu2IM+rmTrEk5bjRBnTxGhocrC6/3QPj6Gw=; b=R0eqS5KNeDqD0mV15jOL+SiPal7GaGNKfp+rSxKxKlf+FCY++F3SIuYFyZEYRHYgWu NVBvhMMlNpHHTZ6Qr7edcsRD9sHXOuHaWAtQPtrLvPlIdhB0MV80K9EfJuwv7zSHPyBK nqeTulZ3wSl8LR11j1DXdk12erPfxxW1gUaFk= X-Google-DKIM-Signature: v=1; a=rsa-sha256; c=relaxed/relaxed; d=1e100.net; s=20230601; t=1759272371; x=1759877171; h=references:in-reply-to:cc:to:from:subject:message-id:date :x-gm-message-state:from:to:cc:subject:date:message-id:reply-to; bh=yG8FhsDcSu2IM+rmTrEk5bjRBnTxGhocrC6/3QPj6Gw=; b=R3vx0UCo8b1KFTG+kcGYG1aPwG/kn78jK0kdLcLA1+a/+nu25ojPRdNMPmLJxfcyQD gy2pajg8BbV9HvHVfkgBEJuoJBES5e7vIXlclow3uKDdQocx1QgOcQxu7mq3fA5WBucE l0Pf6bMGUV2PLHsV+8IxZLwUaiS+slZt4bCKmkMtqXZTaggzagbPeoPeud5NPMl1q5mf noHMJ1iv5KJw4CgYpwTiTh5PKOeneJoCthQ4C1GOcp1h7qdvGRm/dx3mCrfEnt4z1usC c0ZNfH8JwuCgknEAJHelSegwqQtAJ2rtk+ijI+G7k83tskxV4PmX5Jfc7zSZyuxcmvk7 L3DQ== X-Gm-Message-State: AOJu0Yy2m0bf507RVMvcT2KQe7VYnbzj1HxsOgpXihb6QuC/+SQ3hAs/ q0fbUuWbWOgQ2yD6Pm0iTJeWXXqGaJLg9rkP2W3MsQEc7IcM9RG3vP3V0ccvABTOWieLSRdcxGG SofDFXxGmKBzuIKuqdae9u1+Gqd3H6O/6yhKB0RnU7iOSevB1dlkN/kSn+Oe3 X-Gm-Gg: ASbGnctMJRG28u+tbHhgjhjot7pGZXJEixoMuqjPyvql8/JvCYwpIq8IuU0UfnZ43ez 1hXTjaSrmy7TCr5Ty47Te/m+G0agVE74tv6oeI1WvOaxlfMVfbUq+SEu2KKFZWh1gfv2L5wjQF7 xOonX523HL7vawT1rlRfyuorxU1krdF4ZR3TqwBADtD0SAgEftb1THxjxZoi5EOo6YoPJWKWmps 4YV+DhS0MzVRLPzC5W1zcz9Q4WZs3ZGpjB3erzTnHLh6X2qtsjybPqFR9ZDcNqTtdaqySzYK82R VfiJ966IDPXpI+8AXJCMCJQqGe1aFoNKTBY4PauvfcRR3hoH81lDrR4= X-Google-Smtp-Source: AGHT+IFKDszs3Qgw51XvOM0sdtVBnUTlcXT7/gILaqE6gEi/ubObhW7S3EuSswPJ92A6BNFtDL6/pyX1iWOT X-Received: by 2002:a17:903:1446:b0:28d:18d3:46ca with SMTP id d9443c01a7336-28e7f30f872mr15478515ad.49.1759272371280; Tue, 30 Sep 2025 15:46:11 -0700 (PDT) Received: from postal.iol.unh.edu (postal.iol.unh.edu. [2606:4100:3880:1234::84]) by smtp-relay.gmail.com with ESMTPS id d9443c01a7336-27ed66bb6fbsm13996905ad.1.2025.09.30.15.46.11 (version=TLS1_2 cipher=ECDHE-ECDSA-AES128-GCM-SHA256 bits=128/128); Tue, 30 Sep 2025 15:46:11 -0700 (PDT) X-Relaying-Domain: iol.unh.edu Date: Tue, 30 Sep 2025 15:46:11 -0700 (PDT) Message-ID: <68dc5db3.170a0220.4a7d.6006SMTPIN_ADDED_MISSING@mx.google.com> Received: from [172.21.0.2] (unknown [172.18.0.240]) by postal.iol.unh.edu (Postfix) with ESMTP id AD0DA6051830; Tue, 30 Sep 2025 18:46:10 -0400 (EDT) Subject: |FAILURE| pw157112-157113 [PATCH] [v4,2/2] net/idpf: enable AVX2 for From: dpdklab@iol.unh.edu To: Test Report Cc: dpdk-test-reports@iol.unh.edu, Bruce Richardson , Shaiq Wani In-Reply-To: <20250930090709.2521114-3-shaiq.wani@intel.com> References: <20250930090709.2521114-3-shaiq.wani@intel.com> Content-Type: text/plain X-BeenThere: test-report@dpdk.org X-Mailman-Version: 2.1.29 Precedence: list List-Id: automatic DPDK test reports List-Unsubscribe: , List-Archive: List-Post: List-Help: List-Subscribe: , Errors-To: test-report-bounces@dpdk.org Test-Label: iol-compile-arm64-testing Test-Status: FAILURE http://dpdk.org/patch/157113 _Testing issues_ Submitter: Shaiq Wani Date: Tuesday, September 30 2025 09:07:09 DPDK git baseline: Repo:dpdk-next-net-intel Branch: master CommitID:9845e5848bbe337306fb6ae2a6b1ce5e6ab5b714 157112-157113 --> testing issues Upstream job id: Generic-DPDK-Compile-Meson#430014 Test environment and result as below: +------------------------------+--------------------+ | Environment | dpdk_meson_compile | +==============================+====================+ | Red Hat Enterprise Linux 9.5 | FAIL | +------------------------------+--------------------+ | Ubuntu 20.04 | FAIL | +------------------------------+--------------------+ | Debian GNU/Linux 12 | FAIL | +------------------------------+--------------------+ | Fedora Linux 42 | FAIL | +------------------------------+--------------------+ | Ubuntu 22.04 | PEND | +------------------------------+--------------------+ | Ubuntu 24.04 | FAIL | +------------------------------+--------------------+ | CentOS Stream 9 | FAIL | +------------------------------+--------------------+ | CentOS Stream 10 | FAIL | +------------------------------+--------------------+ ==== 20 line log output for CentOS Stream 10 (dpdk_meson_compile): ==== ../drivers/net/intel/idpf/idpf_common_rxtx.c:275:62: error: '__m128i' undeclared (first use in this function) 275 | _mm_store_si128(RTE_CAST_PTR(__m128i *, &rxdp[i]), | ^~~~~~~ ../lib/eal/include/rte_common.h:593:35: note: in definition of macro 'RTE_CAST_PTR' 593 | #define RTE_CAST_PTR(type, ptr) ((type)(uintptr_t)(ptr)) | ^~~~ ../drivers/net/intel/idpf/idpf_common_rxtx.c:275:62: note: each undeclared identifier is reported only once for each function it appears in 275 | _mm_store_si128(RTE_CAST_PTR(__m128i *, &rxdp[i]), | ^~~~~~~ ../lib/eal/include/rte_common.h:593:35: note: in definition of macro 'RTE_CAST_PTR' 593 | #define RTE_CAST_PTR(type, ptr) ((type)(uintptr_t)(ptr)) | ^~~~ ../lib/eal/include/rte_common.h:593:39: error: expected expression before ')' token 593 | #define RTE_CAST_PTR(type, ptr) ((type)(uintptr_t)(ptr)) | ^ ../drivers/net/intel/idpf/idpf_common_rxtx.c:275:49: note: in expansion of macro 'RTE_CAST_PTR' 275 | _mm_store_si128(RTE_CAST_PTR(__m128i *, &rxdp[i]), | ^~~~~~~~~~~~ cc1: all warnings being treated as errors ninja: build stopped: subcommand failed. ==== End log output ==== Red Hat Enterprise Linux 9.5 Kernel: 5.4 Compiler: gcc gcc (GCC) 11.5.0 20240719 (Red Hat 11.5.0-2) Ubuntu 20.04 Kernel: 5.15 Compiler: aarch64-linux-gnu-gcc gcc (Ubuntu 9.4.0-1ubuntu1~20.04.2) 9.4.0 Debian GNU/Linux 12 Kernel: 5.4 Compiler: gcc gcc (Debian 12.2.0-14+deb12u1) 12.2.0 Fedora Linux 42 Kernel: 5.4 Compiler: gcc gcc (GCC) 15.2.1 20250808 (Red Hat 15.2.1-1) Ubuntu 22.04 Kernel: 5.4 Compiler: gcc gcc (Ubuntu 11.4.0-1ubuntu1~22.04) 11.4.0 Ubuntu 24.04 Kernel: 5.4 Compiler: gcc gcc (Ubuntu 13.3.0-6ubuntu2~24.04) 13.3.0 CentOS Stream 9 Kernel: 5.4 Compiler: gcc gcc (GCC) 11.5.0 20240719 (Red Hat 11.5.0-11) CentOS Stream 10 Kernel: 5.4 Compiler: gcc gcc (GCC) 14.2.1 20250110 (Red Hat 14.2.1-8) To view detailed results, visit: https://lab.dpdk.org/results/dashboard/patchsets/34179/ UNH-IOL DPDK Community Lab To manage your email subscriptions, visit: https://lab.dpdk.org/results/dashboard/preferences/subscriptions/