From mboxrd@z Thu Jan 1 00:00:00 1970 Return-Path: Received: from mails.dpdk.org (mails.dpdk.org [217.70.189.124]) by inbox.dpdk.org (Postfix) with ESMTP id D468A48877 for ; Wed, 1 Oct 2025 01:01:31 +0200 (CEST) Received: from mails.dpdk.org (localhost [127.0.0.1]) by mails.dpdk.org (Postfix) with ESMTP id BC541400EF; Wed, 1 Oct 2025 01:01:31 +0200 (CEST) Received: from mail-qv1-f100.google.com (mail-qv1-f100.google.com [209.85.219.100]) by mails.dpdk.org (Postfix) with ESMTP id 2E609400EF for ; Wed, 1 Oct 2025 01:01:30 +0200 (CEST) Received: by mail-qv1-f100.google.com with SMTP id 6a1803df08f44-81efcad9c90so49431246d6.0 for ; Tue, 30 Sep 2025 16:01:30 -0700 (PDT) DKIM-Signature: v=1; a=rsa-sha256; c=relaxed/relaxed; d=iol.unh.edu; s=unh-iol; t=1759273289; x=1759878089; darn=dpdk.org; h=references:in-reply-to:cc:to:from:subject:message-id:date:from:to :cc:subject:date:message-id:reply-to; bh=gxid4zm4Yr2tPrBs5Fcqu45k1u6h4vtu1r3OD6y/+PE=; b=a1eJDHCZIDyyva6kXe7xabRJ3hvf1/nLDdmgJqzP9lyRiHy/i8+oTmSzdaA23chnP5 WIYYYxx/n1OTlLdmr5LADaZGO2m3DrVMvjvnJBSvTXj3ICmFqHVgKoKKQBKe62BTurEh bwOif3MCTsXSuKetCTulotwndq3SUpANr8BTE= X-Google-DKIM-Signature: v=1; a=rsa-sha256; c=relaxed/relaxed; d=1e100.net; s=20230601; t=1759273289; x=1759878089; h=references:in-reply-to:cc:to:from:subject:message-id:date :x-gm-message-state:from:to:cc:subject:date:message-id:reply-to; bh=gxid4zm4Yr2tPrBs5Fcqu45k1u6h4vtu1r3OD6y/+PE=; b=rRLzumE+TPcFsK7msTdmwzTGhjHWgt6lpwohtDXLibefGFT57o5sNzfBJd5ufexUt9 2wEXXc+BAY/eGhIA9iPS1PfCcYhE8dOFqC8QXcxvn6SpXm4IgLLvLvJzGgvoyeLSLn1k 5IPingly/hrjoZffxkkxH99xw8wtr/MsWDvjwnKC5smGrHtlcj3/b51De2Mo5sDpfc7a lCAGtowUKRwBuLH63HDqPgrhKmJr4/cNwQ1AdmyBZld4feeir5KnjNSq1/DQnTNFKTeH KoaaU4Q3mrOFbLgzv6sZOfQm13D4IZ3wsinqvRqbDKxl2H85kA4bA+j6WidPDYH3nJgY 65pw== X-Gm-Message-State: AOJu0Yxg1aGNwGkNwDkO2iV54XjXWpFMpyBdPuHClFo0djkK6u1b8Zys JRiYFTGwscQ/bJlMXjxJ8bhxQvRfcLn6Yfa/oTsqrF33fpPYtLOvvAOr4AhJg3Pvcv1nutC6siN GMxZUNNfLA2G1qq5cmhB8ZVqdlUqxM8TaKP1pVykeT7Ec9718cIR/TeB5nbee X-Gm-Gg: ASbGncvhrBHiBBhke98qU+0cmi6PLAGATUiDbtK/SkK9NWI9tPMWjdZbQbSFPkzKu7x lrsqchD/wcUzd0pjOG8xaI1klxUDESPUFtnT8hHbwNla2LaggFYSbrj42ykO9sgHwlnJKugAArW bNeqLHJx0SLlrfOJawF2T4xpEXM7vHhY4EbDtfM4EEPKn2EPwcPRxsfgm9NrvjCcjHyjKOo15D8 SrX3/qqHyWJg9Oq86SXe7VNreVV6mgXFYTK19gXfy+k0iCQzMe06N6OEfuvcNA8HERVw9cNAGPM eyVOHNeG1TqPjgFRFHh4cDFGYBmG1ziVflt5W1PqJJlO5u9XbW4P2Y0= X-Google-Smtp-Source: AGHT+IEsxeJcmNvHiq85kqHEBgZgVtgrPmE8hlEG3GiYx4gtJwiPIDleQKoUTQIa25q9Sec2AmDl6Vr89k5M X-Received: by 2002:a05:6214:2583:b0:78d:f7f:62ac with SMTP id 6a1803df08f44-8739d051242mr26447966d6.25.1759273289207; Tue, 30 Sep 2025 16:01:29 -0700 (PDT) Received: from postal.iol.unh.edu (postal.iol.unh.edu. [2606:4100:3880:1234::84]) by smtp-relay.gmail.com with ESMTPS id 6a1803df08f44-8016193d059sm10831936d6.24.2025.09.30.16.01.29 (version=TLS1_2 cipher=ECDHE-ECDSA-AES128-GCM-SHA256 bits=128/128); Tue, 30 Sep 2025 16:01:29 -0700 (PDT) X-Relaying-Domain: iol.unh.edu Date: Tue, 30 Sep 2025 16:01:29 -0700 (PDT) Message-ID: <68dc6149.050a0220.2ae7a2.fcf9SMTPIN_ADDED_MISSING@mx.google.com> Received: from [172.21.0.3] (unknown [172.18.0.240]) by postal.iol.unh.edu (Postfix) with ESMTP id D5FC16050A61; Tue, 30 Sep 2025 19:01:28 -0400 (EDT) Subject: |FAILURE| pw157112-157113 [PATCH] [v4,2/2] net/idpf: enable AVX2 for From: dpdklab@iol.unh.edu To: Test Report Cc: dpdk-test-reports@iol.unh.edu, Bruce Richardson , Shaiq Wani In-Reply-To: <20250930090709.2521114-3-shaiq.wani@intel.com> References: <20250930090709.2521114-3-shaiq.wani@intel.com> Content-Type: text/plain X-BeenThere: test-report@dpdk.org X-Mailman-Version: 2.1.29 Precedence: list List-Id: automatic DPDK test reports List-Unsubscribe: , List-Archive: List-Post: List-Help: List-Subscribe: , Errors-To: test-report-bounces@dpdk.org Test-Label: iol-compile-arm64-testing Test-Status: FAILURE http://dpdk.org/patch/157113 _Testing issues_ Submitter: Shaiq Wani Date: Tuesday, September 30 2025 09:07:09 DPDK git baseline: Repo:dpdk-next-net-intel Branch: master CommitID:9845e5848bbe337306fb6ae2a6b1ce5e6ab5b714 157112-157113 --> testing issues Upstream job id: Generic-DPDK-Compile-Meson#430016 Test environment and result as below: +------------------------------+--------------------+ | Environment | dpdk_meson_compile | +==============================+====================+ | Red Hat Enterprise Linux 9.5 | FAIL | +------------------------------+--------------------+ | Ubuntu 20.04 | FAIL | +------------------------------+--------------------+ | Debian GNU/Linux 12 | FAIL | +------------------------------+--------------------+ | Fedora Linux 42 | FAIL | +------------------------------+--------------------+ | Ubuntu 22.04 | FAIL | +------------------------------+--------------------+ | Ubuntu 24.04 | FAIL | +------------------------------+--------------------+ | CentOS Stream 9 | FAIL | +------------------------------+--------------------+ | CentOS Stream 10 | FAIL | +------------------------------+--------------------+ ==== 20 line log output for CentOS Stream 10 (dpdk_meson_compile): ==== ../drivers/net/intel/idpf/idpf_common_rxtx.c:275:62: error: '__m128i' undeclared (first use in this function) 275 | _mm_store_si128(RTE_CAST_PTR(__m128i *, &rxdp[i]), | ^~~~~~~ ../lib/eal/include/rte_common.h:593:35: note: in definition of macro 'RTE_CAST_PTR' 593 | #define RTE_CAST_PTR(type, ptr) ((type)(uintptr_t)(ptr)) | ^~~~ ../drivers/net/intel/idpf/idpf_common_rxtx.c:275:62: note: each undeclared identifier is reported only once for each function it appears in 275 | _mm_store_si128(RTE_CAST_PTR(__m128i *, &rxdp[i]), | ^~~~~~~ ../lib/eal/include/rte_common.h:593:35: note: in definition of macro 'RTE_CAST_PTR' 593 | #define RTE_CAST_PTR(type, ptr) ((type)(uintptr_t)(ptr)) | ^~~~ ../lib/eal/include/rte_common.h:593:39: error: expected expression before ')' token 593 | #define RTE_CAST_PTR(type, ptr) ((type)(uintptr_t)(ptr)) | ^ ../drivers/net/intel/idpf/idpf_common_rxtx.c:275:49: note: in expansion of macro 'RTE_CAST_PTR' 275 | _mm_store_si128(RTE_CAST_PTR(__m128i *, &rxdp[i]), | ^~~~~~~~~~~~ cc1: all warnings being treated as errors ninja: build stopped: subcommand failed. ==== End log output ==== Red Hat Enterprise Linux 9.5 Kernel: 5.4 Compiler: gcc gcc (GCC) 11.5.0 20240719 (Red Hat 11.5.0-2) Ubuntu 20.04 Kernel: 5.15 Compiler: aarch64-linux-gnu-gcc gcc (Ubuntu 9.4.0-1ubuntu1~20.04.2) 9.4.0 Debian GNU/Linux 12 Kernel: 5.4 Compiler: gcc gcc (Debian 12.2.0-14+deb12u1) 12.2.0 Fedora Linux 42 Kernel: 5.4 Compiler: gcc gcc (GCC) 15.2.1 20250808 (Red Hat 15.2.1-1) Ubuntu 22.04 Kernel: 5.4 Compiler: gcc gcc (Ubuntu 11.4.0-1ubuntu1~22.04) 11.4.0 Ubuntu 24.04 Kernel: 5.4 Compiler: gcc gcc (Ubuntu 13.3.0-6ubuntu2~24.04) 13.3.0 CentOS Stream 9 Kernel: 5.4 Compiler: gcc gcc (GCC) 11.5.0 20240719 (Red Hat 11.5.0-11) CentOS Stream 10 Kernel: 5.4 Compiler: gcc gcc (GCC) 14.2.1 20250110 (Red Hat 14.2.1-8) To view detailed results, visit: https://lab.dpdk.org/results/dashboard/patchsets/34179/ UNH-IOL DPDK Community Lab To manage your email subscriptions, visit: https://lab.dpdk.org/results/dashboard/preferences/subscriptions/