From mboxrd@z Thu Jan 1 00:00:00 1970 Return-Path: Received: from mails.dpdk.org (mails.dpdk.org [217.70.189.124]) by inbox.dpdk.org (Postfix) with ESMTP id BBA3B48877 for ; Wed, 1 Oct 2025 03:56:44 +0200 (CEST) Received: from mails.dpdk.org (localhost [127.0.0.1]) by mails.dpdk.org (Postfix) with ESMTP id 8A602400EF; Wed, 1 Oct 2025 03:56:44 +0200 (CEST) Received: from mail-qv1-f99.google.com (mail-qv1-f99.google.com [209.85.219.99]) by mails.dpdk.org (Postfix) with ESMTP id 8BA37400EF for ; Wed, 1 Oct 2025 03:56:43 +0200 (CEST) Received: by mail-qv1-f99.google.com with SMTP id 6a1803df08f44-7e3148a8928so48546436d6.2 for ; Tue, 30 Sep 2025 18:56:43 -0700 (PDT) DKIM-Signature: v=1; a=rsa-sha256; c=relaxed/relaxed; d=iol.unh.edu; s=unh-iol; t=1759283803; x=1759888603; darn=dpdk.org; h=references:in-reply-to:cc:to:from:subject:message-id:date:from:to :cc:subject:date:message-id:reply-to; bh=d0ORjLQf5w5JnxWMd9mOfcDLSAKmWr9WAh5U1CYtAsQ=; b=TIom5QI8Z8EiuY/JAB4/0xW6kwHepauTiCDGf1xxcGUmn76+uie3Z7adzmOYQ2HLvm EUt6aj9CNuAHJsliFyfHvsolbgX7M/aHb5Hy5eLCpENg2T96DfcYvnBzgt3VGEXRkZaL b261T7aYxJtXleH7LZMwkGCB0H9L3asjoaLg4= X-Google-DKIM-Signature: v=1; a=rsa-sha256; c=relaxed/relaxed; d=1e100.net; s=20230601; t=1759283803; x=1759888603; h=references:in-reply-to:cc:to:from:subject:message-id:date :x-gm-message-state:from:to:cc:subject:date:message-id:reply-to; bh=d0ORjLQf5w5JnxWMd9mOfcDLSAKmWr9WAh5U1CYtAsQ=; b=NXTau9NhLTX91BKt55DdDUM5wXoCQ222fGO30hEtFfFixe7V5RSOkkyQq7zWqTWZEW ZE+ppAC7SMofo+BdiBGylptytK9CeL1xrqpTStBVAAJik58mdPjIMOLUQiMa1ktOlSPx C8pQfzjQ8bK8mriVCbMncxbss4sjAb6egAKFgkDFekVduA3soNo11dmeTQVFVAR/pv/8 ZoiuxZeFYBixuPWXTeaYNpoC6QrBoHva6iYCZm0j1XVOokqMm1VjvX3NmjDbCVJMHJdV MX8rN8CwDzp6aYvOS38g14A1juQjeMonF7ZGhCZ88UpkivNauNREUn5g1OGKLVmorpTn 7JKQ== X-Gm-Message-State: AOJu0Yw69Hn3L5VevAfDgrZCFdD8eAA8o7Wkhe1aUBWxp/aEM+8p1sjh 9Ee3YHLqG6qFIQLeI5P2ouI9/9BI7U9kzGTOuhY9hd3I0KQo84jO26PxCdak3+WqccaEA2zRLjG vHZ9H5mJBzddlePfoKDLtfKGr8n94lZ3xy12lNpppOaYwxGoVIp6E/wMJvdmJ X-Gm-Gg: ASbGncshVasv2+oZn3BOe+K1O8up+u+Wex0mRViHL3AxEMzLiuB/K804tqxX8gb76NQ xwRYhU3FvRmcrPlh2Brm0WZPyExh9LPGGuYscNg9E2epA+m18lw1i4KnDzQA9K4MaZzHT4een69 1oXQPRam0fMLocemcdj8piTvFkn86zj+rIgybPUWOy1V/+cLqjBabdiWisQ2AvtsmXwSP6wGUwE JL1OhRIQQ3XQxVRRK2SKrAH+YKSoDFhG5mVU74vWxAQQ8j9vC4iCDi2jNuLdA8iQ/8F2oBJRmlP ztzBhZWeQf0BmC58sw+YsRZGiVIgkkFu3/OxT0SYqPsxCGYDABG/4Lw= X-Google-Smtp-Source: AGHT+IGrFwBnYpF2QV7h+xz3Gn+QYmBEWJ/EKB+ZOkl+bah9tn7nT1HlP2g6s46bc4xixR1B9fNuUKeVRWR9 X-Received: by 2002:a05:6214:494:b0:72a:2cf6:76df with SMTP id 6a1803df08f44-873a704c3b7mr31305556d6.45.1759283802799; Tue, 30 Sep 2025 18:56:42 -0700 (PDT) Received: from postal.iol.unh.edu (postal.iol.unh.edu. [2606:4100:3880:1234::84]) by smtp-relay.gmail.com with ESMTPS id 6a1803df08f44-80138c07ee5sm11295536d6.10.2025.09.30.18.56.42 (version=TLS1_2 cipher=ECDHE-ECDSA-AES128-GCM-SHA256 bits=128/128); Tue, 30 Sep 2025 18:56:42 -0700 (PDT) X-Relaying-Domain: iol.unh.edu Date: Tue, 30 Sep 2025 18:56:42 -0700 (PDT) Message-ID: <68dc8a5a.d40a0220.84d1.4031SMTPIN_ADDED_MISSING@mx.google.com> Received: from [172.21.0.3] (unknown [172.18.0.240]) by postal.iol.unh.edu (Postfix) with ESMTP id 08C296051830; Tue, 30 Sep 2025 21:56:42 -0400 (EDT) Subject: |FAILURE| pw157144-157146 [PATCH] [v1,3/3] app/test: add ML crypto t From: dpdklab@iol.unh.edu To: Test Report Cc: dpdk-test-reports@iol.unh.edu, Gowrishankar Muthukrishnan In-Reply-To: <20250930180316.1021-4-gmuthukrishn@marvell.com> References: <20250930180316.1021-4-gmuthukrishn@marvell.com> Content-Type: text/plain X-BeenThere: test-report@dpdk.org X-Mailman-Version: 2.1.29 Precedence: list List-Id: automatic DPDK test reports List-Unsubscribe: , List-Archive: List-Post: List-Help: List-Subscribe: , Errors-To: test-report-bounces@dpdk.org Test-Label: iol-compile-amd64-testing Test-Status: FAILURE http://dpdk.org/patch/157146 _Testing issues_ Submitter: Gowrishankar Muthukrishnan Date: Tuesday, September 30 2025 18:03:13 DPDK git baseline: Repo:dpdk Branch: master CommitID:f3878b615e69a12087a6c5d212723478cfc79c31 157144-157146 --> testing issues Upstream job id: Generic-DPDK-Compile-Meson#430196 Test environment and result as below: +---------------------+-------------------------+--------------------+-------------------+----------------------+-------------------+ | Environment | dpdk_llvm_clang_compile | dpdk_meson_compile | dpdk_msvc_compile | dpdk_mingw64_compile | dpdk_compile_spdk | +=====================+=========================+====================+===================+======================+===================+ | Windows Server 2022 | PASS | SKIPPED | PASS | PASS | SKIPPED | +---------------------+-------------------------+--------------------+-------------------+----------------------+-------------------+ | Ubuntu 20.04 | SKIPPED | PASS | SKIPPED | SKIPPED | SKIPPED | +---------------------+-------------------------+--------------------+-------------------+----------------------+-------------------+ | FreeBSD 14.2 | SKIPPED | FAIL | SKIPPED | SKIPPED | SKIPPED | +---------------------+-------------------------+--------------------+-------------------+----------------------+-------------------+ | CentOS Stream 9 | SKIPPED | PASS | SKIPPED | SKIPPED | PASS | +---------------------+-------------------------+--------------------+-------------------+----------------------+-------------------+ ==== 20 line log output for FreeBSD 14.2 (dpdk_meson_compile): ==== /usr/local/include/openssl/evp.h:1902:5: note: 'EVP_PKEY_verify_recover_init' declared here 1902 | int EVP_PKEY_verify_recover_init(EVP_PKEY_CTX *ctx); | ^ ../drivers/crypto/openssl/rte_openssl_pmd.c:4028:19: error: use of undeclared identifier 'OSSL_SIGNATURE_PARAM_MU' 4028 | OSSL_PARAM_int(OSSL_SIGNATURE_PARAM_MU, &has_mu), | ^ ../drivers/crypto/openssl/rte_openssl_pmd.c:4042:28: error: use of undeclared identifier 'OSSL_SIGNATURE_PARAM_CONTEXT_STRING' 4042 | OSSL_PARAM_octet_string(OSSL_SIGNATURE_PARAM_CONTEXT_STRING, | ^ ../drivers/crypto/openssl/rte_openssl_pmd.c:4313:12: error: call to undeclared function 'process_openssl_mlkem_op'; ISO C99 and later do not support implicit function declarations [-Werror,-Wimplicit-function-declaration] 4313 | retval = process_openssl_mlkem_op(op, sess); | ^ fatal error: too many errors emitted, stopping now [-ferror-limit=] 20 errors generated. [1676/2137] Linking target drivers/librte_crypto_ionic.so.26.0 [1677/2137] Compiling C object drivers/libtmp_rte_crypto_scheduler.a.p/crypto_scheduler_rte_cryptodev_scheduler.c.o [1678/2137] Generating rte_crypto_null.sym_chk with a custom command (wrapped by meson to capture output) [1679/2137] Compiling C object drivers/libtmp_rte_crypto_scheduler.a.p/crypto_scheduler_scheduler_failover.c.o [1680/2137] Compiling C object drivers/libtmp_rte_crypto_scheduler.a.p/crypto_scheduler_scheduler_multicore.c.o ninja: build stopped: subcommand failed. ==== End log output ==== Windows Server 2022 Kernel: 10.0.20348.2031 Compiler: clang 15.0.7, gcc 14.1.0 (MinGW), and MSVC VS 19.39.33521 Ubuntu 20.04 Kernel: 4.19 Compiler: gcc gcc (Ubuntu 9.4.0-1ubuntu1~20.04.2) 9.4.0 FreeBSD 14.2 Kernel: 14.2-RELEASE Compiler: clang 18.1.6 CentOS Stream 9 Kernel: 5.15 Compiler: gcc gcc (GCC) 11.5.0 20240719 (Red Hat 11.5.0-11) To view detailed results, visit: https://lab.dpdk.org/results/dashboard/patchsets/34185/ UNH-IOL DPDK Community Lab To manage your email subscriptions, visit: https://lab.dpdk.org/results/dashboard/preferences/subscriptions/