From mboxrd@z Thu Jan 1 00:00:00 1970 Return-Path: Received: from mails.dpdk.org (mails.dpdk.org [217.70.189.124]) by inbox.dpdk.org (Postfix) with ESMTP id 74AE748879 for ; Wed, 1 Oct 2025 04:06:17 +0200 (CEST) Received: from mails.dpdk.org (localhost [127.0.0.1]) by mails.dpdk.org (Postfix) with ESMTP id 5119C400EF; Wed, 1 Oct 2025 04:06:17 +0200 (CEST) Received: from mail-pg1-f227.google.com (mail-pg1-f227.google.com [209.85.215.227]) by mails.dpdk.org (Postfix) with ESMTP id BE87A400EF for ; Wed, 1 Oct 2025 04:06:15 +0200 (CEST) Received: by mail-pg1-f227.google.com with SMTP id 41be03b00d2f7-b5d80f5a23eso402630a12.1 for ; Tue, 30 Sep 2025 19:06:15 -0700 (PDT) DKIM-Signature: v=1; a=rsa-sha256; c=relaxed/relaxed; d=iol.unh.edu; s=unh-iol; t=1759284375; x=1759889175; darn=dpdk.org; h=references:in-reply-to:cc:to:from:subject:message-id:date:from:to :cc:subject:date:message-id:reply-to; bh=47M/uwtxDmAS3PgDgPt8A/bGXKvUTMCH2kKglTAukek=; b=cJfxiZ1hZ4/mQiH8dHVU0+QNpbHyQDxJn7JIT4wamFYz5KdIlrJDyfpiqypLtYFRSd vuSehQwuHKFd8oBVPoDe8xUB4FAnZBQKcFcmlRYmEvKCQU2WAfjtePLKjHwGDIVONr5+ Rj7smhQ4LWfbe4h/MQKoNl4g4DhP6NR4TCpQs= X-Google-DKIM-Signature: v=1; a=rsa-sha256; c=relaxed/relaxed; d=1e100.net; s=20230601; t=1759284375; x=1759889175; h=references:in-reply-to:cc:to:from:subject:message-id:date :x-gm-message-state:from:to:cc:subject:date:message-id:reply-to; bh=47M/uwtxDmAS3PgDgPt8A/bGXKvUTMCH2kKglTAukek=; b=Aw5iZLtK/rF/4YwOz+AtMCVYC4F9X5Am80aviIv95GItMutd/do7uG8o3fASt1gynG vw09AtyXUPrm695OrYOR2ZGLDItDzeT4E+laqSLTXNd4/cO9eVyLqfFNfnO+MV1XJVMq 0MwWwb3Zqu4/AuZf5h19t9JSstpnr3vsk7SAKDEDV9nQI/wrHNqRCH/eC9PQzw60S26a X5pJQiu6Fgi5K9UaG4LCiRM/6wIc4rdVb1axHAU9QA8v7LquE6HBInP8sUjsxNTVswPh hmw95mkDsXbHYJ9z29VdZ2UlgjFTbn3+YEVYmrlAHAXZ7g7tNqW3i+7BXKkhWfFzb5Ij /nTw== X-Gm-Message-State: AOJu0YwZajJ8ILyqpuPSmDYouZcF101RVsEeJ8IqrKkC8PD2F1RGE+DH ZlIzGhJmYYEPctDeAYF5919rTH/HxBow/W5HvDogMmgdF+MKWshHrQmsowIn+lQz6ORnJAgY2rf EU7FheOi3rLqyVRQ6m0fBiJBvm8qvzxYO8YGvuYCfkNyIyUg6G08Jplhkt6f1 X-Gm-Gg: ASbGnct3So7PUloqz7KztXpgFB3EQFRBqZOrm3xtxJcCWfzRv8dfddLLmGhRexfC++O 7sY0WOSDKVS2KWbuP4MhrKeM33J2QWEs/adkXxeu0af10LVPky6hhptnJql7SF8si7lyfd8TBj1 4z+OfAlY4b8Yb6xUiMP9K5OjbLcVw+BzWWudg8LcjkjKlJdq+W0eOvBRbpOhsmxuucz91sjgg5s HrCsIxDSDFYxK6eJpb2w3u4+f9TWjhoI56k1Pv/U8y5GGuV87Fq6nFTgEfBUk9Ge412vjDh2K7g 1tyUPwQl98YJeQUXefOd+xYv2uBEhcGIIGU89micWPbXYhY9H7AFTGI= X-Google-Smtp-Source: AGHT+IEJYDA+YkQzQ1l2XbWvUI93xv7I9YdTm9xUR8hTNJu32WC9YiAdG4J6z7/0rdBeUS92S+jqx+zhxVad X-Received: by 2002:a17:903:3806:b0:267:99be:628e with SMTP id d9443c01a7336-28d16d723fdmr77852465ad.2.1759284374938; Tue, 30 Sep 2025 19:06:14 -0700 (PDT) Received: from postal.iol.unh.edu (postal.iol.unh.edu. [2606:4100:3880:1234::84]) by smtp-relay.gmail.com with ESMTPS id d9443c01a7336-27ed6816df9sm13651965ad.60.2025.09.30.19.06.14 (version=TLS1_2 cipher=ECDHE-ECDSA-AES128-GCM-SHA256 bits=128/128); Tue, 30 Sep 2025 19:06:14 -0700 (PDT) X-Relaying-Domain: iol.unh.edu Date: Tue, 30 Sep 2025 19:06:14 -0700 (PDT) Message-ID: <68dc8c96.170a0220.210e87.4cc6SMTPIN_ADDED_MISSING@mx.google.com> Received: from [172.21.0.2] (unknown [172.18.0.240]) by postal.iol.unh.edu (Postfix) with ESMTP id 2907D6051830; Tue, 30 Sep 2025 22:06:14 -0400 (EDT) Subject: |FAILURE| pw157144-157146 [PATCH] [v1,3/3] app/test: add ML crypto t From: dpdklab@iol.unh.edu To: Test Report Cc: dpdk-test-reports@iol.unh.edu, Gowrishankar Muthukrishnan In-Reply-To: <20250930180316.1021-4-gmuthukrishn@marvell.com> References: <20250930180316.1021-4-gmuthukrishn@marvell.com> Content-Type: text/plain X-BeenThere: test-report@dpdk.org X-Mailman-Version: 2.1.29 Precedence: list List-Id: automatic DPDK test reports List-Unsubscribe: , List-Archive: List-Post: List-Help: List-Subscribe: , Errors-To: test-report-bounces@dpdk.org Test-Label: iol-compile-amd64-testing Test-Status: FAILURE http://dpdk.org/patch/157146 _Testing issues_ Submitter: Gowrishankar Muthukrishnan Date: Tuesday, September 30 2025 18:03:13 DPDK git baseline: Repo:dpdk Branch: master CommitID:f3878b615e69a12087a6c5d212723478cfc79c31 157144-157146 --> testing issues Upstream job id: Generic-DPDK-Compile-Meson#430201 Test environment and result as below: +---------------------+-------------------------+--------------------+-------------------+----------------------+-------------------+ | Environment | dpdk_llvm_clang_compile | dpdk_meson_compile | dpdk_msvc_compile | dpdk_mingw64_compile | dpdk_compile_spdk | +=====================+=========================+====================+===================+======================+===================+ | Windows Server 2022 | PASS | SKIPPED | PASS | PASS | SKIPPED | +---------------------+-------------------------+--------------------+-------------------+----------------------+-------------------+ | Ubuntu 20.04 | SKIPPED | PASS | SKIPPED | SKIPPED | SKIPPED | +---------------------+-------------------------+--------------------+-------------------+----------------------+-------------------+ | FreeBSD 14.2 | SKIPPED | FAIL | SKIPPED | SKIPPED | SKIPPED | +---------------------+-------------------------+--------------------+-------------------+----------------------+-------------------+ | CentOS Stream 9 | SKIPPED | PASS | SKIPPED | SKIPPED | PASS | +---------------------+-------------------------+--------------------+-------------------+----------------------+-------------------+ | CentOS Stream 10 | SKIPPED | PASS | SKIPPED | SKIPPED | SKIPPED | +---------------------+-------------------------+--------------------+-------------------+----------------------+-------------------+ | Debian GNU/Linux 12 | SKIPPED | FAIL | SKIPPED | SKIPPED | WARN | +---------------------+-------------------------+--------------------+-------------------+----------------------+-------------------+ ==== 20 line log output for Debian GNU/Linux 12 (dpdk_compile_spdk): ==== --- Failed to get log output --- ==== End log output ==== Windows Server 2022 Kernel: 10.0.20348.2031 Compiler: clang 15.0.7, gcc 14.1.0 (MinGW), and MSVC VS 19.39.33521 Ubuntu 20.04 Kernel: 4.19 Compiler: gcc gcc (Ubuntu 9.4.0-1ubuntu1~20.04.2) 9.4.0 FreeBSD 14.2 Kernel: 14.2-RELEASE Compiler: clang 18.1.6 CentOS Stream 9 Kernel: 5.15 Compiler: gcc gcc (GCC) 11.5.0 20240719 (Red Hat 11.5.0-11) CentOS Stream 10 Kernel: 5.15 Compiler: gcc gcc (GCC) 14.2.1 20250110 (Red Hat 14.2.1-8) Debian GNU/Linux 12 Kernel: 5.15 Compiler: gcc gcc (Debian 12.2.0-14+deb12u1) 12.2.0 To view detailed results, visit: https://lab.dpdk.org/results/dashboard/patchsets/34185/ UNH-IOL DPDK Community Lab To manage your email subscriptions, visit: https://lab.dpdk.org/results/dashboard/preferences/subscriptions/