From mboxrd@z Thu Jan 1 00:00:00 1970 Return-Path: Received: from mails.dpdk.org (mails.dpdk.org [217.70.189.124]) by inbox.dpdk.org (Postfix) with ESMTP id 05AA748879 for ; Wed, 1 Oct 2025 04:36:13 +0200 (CEST) Received: from mails.dpdk.org (localhost [127.0.0.1]) by mails.dpdk.org (Postfix) with ESMTP id F03D8400EF; Wed, 1 Oct 2025 04:36:12 +0200 (CEST) Received: from mail-oa1-f100.google.com (mail-oa1-f100.google.com [209.85.160.100]) by mails.dpdk.org (Postfix) with ESMTP id 89B0C400EF for ; Wed, 1 Oct 2025 04:36:11 +0200 (CEST) Received: by mail-oa1-f100.google.com with SMTP id 586e51a60fabf-3799fc8ada6so1720849fac.1 for ; Tue, 30 Sep 2025 19:36:11 -0700 (PDT) DKIM-Signature: v=1; a=rsa-sha256; c=relaxed/relaxed; d=iol.unh.edu; s=unh-iol; t=1759286171; x=1759890971; darn=dpdk.org; h=references:in-reply-to:cc:to:from:subject:message-id:date:from:to :cc:subject:date:message-id:reply-to; bh=BNOs0naiv+09PSbuen44kaYyQd/K3/J5Fq+FkgmG+4g=; b=RxXo4vNLCuAEeHLChiPaUAz3I1THlFre8AH7x/l/K76Zl4LTmTQNH3RKgyT+RBULlI 2Mm5ikf4yhTc9gRCmxHmOLyUQ204r/nHNPHwTfk6gAkOPCbQiFoAjAdhr3NIYMGPc65k 61f/HFee6GC3yW4ShmX33mSVrEQbJYGmxyVDQ= X-Google-DKIM-Signature: v=1; a=rsa-sha256; c=relaxed/relaxed; d=1e100.net; s=20230601; t=1759286171; x=1759890971; h=references:in-reply-to:cc:to:from:subject:message-id:date :x-gm-message-state:from:to:cc:subject:date:message-id:reply-to; bh=BNOs0naiv+09PSbuen44kaYyQd/K3/J5Fq+FkgmG+4g=; b=W7ynkYGutLQ1bDx9z+Y2fwGvUKj2/6/a64u6kSbo+kCfczJMtacC/5HmZPKhY/b1XS xWfSeeL0l2k3lVuv+gkaRZhLRkN0bYVBf91dILP7HDoJ1c0BnhUThs+p2eAOO3w41cBL vAIOtrGMeWjWhetV5dO2EoVDSLG8zjueqRdZr3WRYEnrlJvPpdCve8itEh/Zsz/yz2Te wa80n5E4z553xXfSHKg+bx310KCbwCrbHWis2NCmzyXxiSIOybOr1OjpredX/3YtsO9K pAxfmcibXrz5zJA5q53TOtJJQ99s6ChI/f2NuZB/aPo6YS6QNg7cpNCfRRIvjCF2Pugx cAog== X-Gm-Message-State: AOJu0YxsKKfvW9iFqVWerv6xjAN4xBd/bkCZOu/H9+IivQhmXuLP2bAM HnfFupVUVOYJLfTn7uKTRGkzT6773+biKDXEOa278LJVENVChsJqlFoPc/gDsB9cG61oGOTMuge y3fIow+iwhqecyHC2rl4xCF7H66lnk5iGXaKID3n91qr79MIYLopiO5dPoz0w X-Gm-Gg: ASbGncubi/AjXQIFQlchq8Qt7uICoWs/XsEsuBnhKwgF1IXN2meW4pvl6vDWJXtdT11 3O3d4QyYok7G50F/9RObwZyTnfeurZdIq6o52xaJ9fQf2LYiBHw8j+GXx3vv8lT0HGRFkEP9Kvi QNMqgTI9E+zjjMRtf87mTh8ZlHGWBdCTrdAuR0cERMEtg00WePxYDCuNWoL57OMIUtmShJCCiRo BBKtPNpElgUtZ8DxmlEyg/7qalV51wTqREGdhV8RjNuv5bjkkraJ2eeV19EmtcSXnXJz70THJip tXuocvaEIqv8mAcXd1QNVyrbOVj/l/Uo1WpT4KSBCRy8/snpOXO6nXY= X-Google-Smtp-Source: AGHT+IFCTc7ObRxyOoReH3WwWeUa9gYhk74/ZcNEi5ZrHnyXDJhSy1lVb5CuIBd+ovpiy5XjJhYX3ntilY1O X-Received: by 2002:a05:6871:611:b0:34b:27bd:666a with SMTP id 586e51a60fabf-39bb5de3921mr904062fac.51.1759286170775; Tue, 30 Sep 2025 19:36:10 -0700 (PDT) Received: from postal.iol.unh.edu (postal.iol.unh.edu. [2606:4100:3880:1234::84]) by smtp-relay.gmail.com with ESMTPS id 586e51a60fabf-372b8e27818sm982432fac.8.2025.09.30.19.36.10 (version=TLS1_2 cipher=ECDHE-ECDSA-AES128-GCM-SHA256 bits=128/128); Tue, 30 Sep 2025 19:36:10 -0700 (PDT) X-Relaying-Domain: iol.unh.edu Date: Tue, 30 Sep 2025 19:36:10 -0700 (PDT) Message-ID: <68dc939a.050a0220.23c1a8.acf0SMTPIN_ADDED_MISSING@mx.google.com> Received: from [172.21.0.2] (unknown [172.18.0.240]) by postal.iol.unh.edu (Postfix) with ESMTP id CBF256051830; Tue, 30 Sep 2025 22:36:09 -0400 (EDT) Subject: |FAILURE| pw157144-157146 [PATCH] [v1,3/3] app/test: add ML crypto t From: dpdklab@iol.unh.edu To: Test Report Cc: dpdk-test-reports@iol.unh.edu, Gowrishankar Muthukrishnan In-Reply-To: <20250930180316.1021-4-gmuthukrishn@marvell.com> References: <20250930180316.1021-4-gmuthukrishn@marvell.com> Content-Type: text/plain X-BeenThere: test-report@dpdk.org X-Mailman-Version: 2.1.29 Precedence: list List-Id: automatic DPDK test reports List-Unsubscribe: , List-Archive: List-Post: List-Help: List-Subscribe: , Errors-To: test-report-bounces@dpdk.org Test-Label: iol-compile-amd64-testing Test-Status: FAILURE http://dpdk.org/patch/157146 _Testing issues_ Submitter: Gowrishankar Muthukrishnan Date: Tuesday, September 30 2025 18:03:13 DPDK git baseline: Repo:dpdk Branch: master CommitID:f3878b615e69a12087a6c5d212723478cfc79c31 157144-157146 --> testing issues Upstream job id: Generic-DPDK-Compile-Meson#430204 Test environment and result as below: +---------------------+-------------------------+--------------------+-------------------+----------------------+-------------------+------------------+ | Environment | dpdk_llvm_clang_compile | dpdk_meson_compile | dpdk_msvc_compile | dpdk_mingw64_compile | dpdk_compile_spdk | dpdk_compile_ovs | +=====================+=========================+====================+===================+======================+===================+==================+ | Windows Server 2022 | PASS | SKIPPED | PASS | PASS | SKIPPED | SKIPPED | +---------------------+-------------------------+--------------------+-------------------+----------------------+-------------------+------------------+ | Ubuntu 20.04 | SKIPPED | PASS | SKIPPED | SKIPPED | SKIPPED | SKIPPED | +---------------------+-------------------------+--------------------+-------------------+----------------------+-------------------+------------------+ | FreeBSD 14.2 | SKIPPED | FAIL | SKIPPED | SKIPPED | SKIPPED | SKIPPED | +---------------------+-------------------------+--------------------+-------------------+----------------------+-------------------+------------------+ | CentOS Stream 9 | SKIPPED | PASS | SKIPPED | SKIPPED | PASS | SKIPPED | +---------------------+-------------------------+--------------------+-------------------+----------------------+-------------------+------------------+ | CentOS Stream 10 | SKIPPED | PASS | SKIPPED | SKIPPED | SKIPPED | SKIPPED | +---------------------+-------------------------+--------------------+-------------------+----------------------+-------------------+------------------+ | Debian GNU/Linux 12 | SKIPPED | FAIL | SKIPPED | SKIPPED | WARN | SKIPPED | +---------------------+-------------------------+--------------------+-------------------+----------------------+-------------------+------------------+ | Fedora Linux 42 | SKIPPED | FAIL | SKIPPED | SKIPPED | WARN | WARN | +---------------------+-------------------------+--------------------+-------------------+----------------------+-------------------+------------------+ ==== 20 line log output for Fedora Linux 42 (dpdk_compile_ovs): ==== --- Failed to get log output --- ==== End log output ==== Windows Server 2022 Kernel: 10.0.20348.2031 Compiler: clang 15.0.7, gcc 14.1.0 (MinGW), and MSVC VS 19.39.33521 Ubuntu 20.04 Kernel: 4.19 Compiler: gcc gcc (Ubuntu 9.4.0-1ubuntu1~20.04.2) 9.4.0 FreeBSD 14.2 Kernel: 14.2-RELEASE Compiler: clang 18.1.6 CentOS Stream 9 Kernel: 5.15 Compiler: gcc gcc (GCC) 11.5.0 20240719 (Red Hat 11.5.0-11) CentOS Stream 10 Kernel: 5.15 Compiler: gcc gcc (GCC) 14.2.1 20250110 (Red Hat 14.2.1-8) Debian GNU/Linux 12 Kernel: 5.15 Compiler: gcc gcc (Debian 12.2.0-14+deb12u1) 12.2.0 Fedora Linux 42 Kernel: 5.15 Compiler: clang gcc (GCC) 15.2.1 20250808 (Red Hat 15.2.1-1) To view detailed results, visit: https://lab.dpdk.org/results/dashboard/patchsets/34185/ UNH-IOL DPDK Community Lab To manage your email subscriptions, visit: https://lab.dpdk.org/results/dashboard/preferences/subscriptions/