From mboxrd@z Thu Jan 1 00:00:00 1970 Return-Path: Received: from mails.dpdk.org (mails.dpdk.org [217.70.189.124]) by inbox.dpdk.org (Postfix) with ESMTP id 4411148879 for ; Wed, 1 Oct 2025 04:50:06 +0200 (CEST) Received: from mails.dpdk.org (localhost [127.0.0.1]) by mails.dpdk.org (Postfix) with ESMTP id 1D1C5400EF; Wed, 1 Oct 2025 04:50:06 +0200 (CEST) Received: from mail-pg1-f225.google.com (mail-pg1-f225.google.com [209.85.215.225]) by mails.dpdk.org (Postfix) with ESMTP id 27EB6400EF for ; Wed, 1 Oct 2025 04:50:04 +0200 (CEST) Received: by mail-pg1-f225.google.com with SMTP id 41be03b00d2f7-b556b3501easo5570326a12.3 for ; Tue, 30 Sep 2025 19:50:04 -0700 (PDT) DKIM-Signature: v=1; a=rsa-sha256; c=relaxed/relaxed; d=iol.unh.edu; s=unh-iol; t=1759287003; x=1759891803; darn=dpdk.org; h=references:in-reply-to:cc:to:from:subject:message-id:date:from:to :cc:subject:date:message-id:reply-to; bh=1cocSbLWcw/zyFMKvt94iQLeurrGLquGGyO20ED2Yi0=; b=OZacJF4KHlzVpzJpaS3UaXQvSSHtdxXZUfpo6w81OJtSIcTVj2dnl5xlmsCrdFh2SE T0sxY1noFrWPSa2dbh3MDISIl18PHUJq5tensltollGsqsZPJ5oVaHdrQqAPzFiWpP7J 2/zkXi5dbc87DMrpVBnY1kjOuraaZ428sz0m4= X-Google-DKIM-Signature: v=1; a=rsa-sha256; c=relaxed/relaxed; d=1e100.net; s=20230601; t=1759287003; x=1759891803; h=references:in-reply-to:cc:to:from:subject:message-id:date :x-gm-message-state:from:to:cc:subject:date:message-id:reply-to; bh=1cocSbLWcw/zyFMKvt94iQLeurrGLquGGyO20ED2Yi0=; b=xIDO5DsSHWD2bs2k2h4ZNbsQMf6NJAffRQDPHUfiTswchNPLnC+3V9pE90rWeGN4Vy JIn+rPdIpuvFpHGvTOFdlocxoZ49ezMZCay2lQd0CxO/fyJeM+LH3bw2HMmRKkdFHVpU Km7QSf5BIQu4CmdOtRA1EbcHAS8rzP3O+ltVaLsToovqkmXz3fG4fuVN3tEZV8+2CXtt RTWeb5ZFdTBEZj2lj/q9XkCO3m6ks1IAtHpW5LrB8Kj1MNLfDa2xaPq+/jainWjexyX/ HLD0hbIUhomZNI0pO4ghzSFxEf60ZteV82/9vLQ+TCI4rezjpu4EIBDwWiAv8PTI9lZ2 uLDw== X-Gm-Message-State: AOJu0YzWMPiPPhgjIuw21d0Z+zheLLYNhDr5zeKNnOdqEFfCtk5r+oeD xx2rPVpzFfSbB2uo15BnU/PzBmlgFq9TomiTl6UWYPyeJtQqqmozB8wFjk8rOCbU0VB9s9x1IXf U1CNKk2ECA4hGRqMYf25EZ7hZD5o4o1Fwt/fqvfS0q7lmmIVj2acjMvCQoeaR X-Gm-Gg: ASbGncth3hw5W+sEwFp6Su493gCJoG3fdz80IU8xpjN1X29Q2s0noVFDV8QMDfjKrCJ L6JN+p3TjlFLzjTi/wshFpmOhkx0neKAjHGXxM+Q0iScgkrhv97xeW2rzCbT9l03/I9hwTnWVXK 65u1GfPxrdzL0gw6apQxjpeYM6wfL9qltEFt7prJLavvzkjQ2tGR89j6bech4Bv5DNA8QZlnl8B DymWGAcPcicHbOybgSQtJDYp6gvkTgbtx1VLujvqNWriPDxf2hd+58QSrHS8lUShoDAc87gX8ya XiTMP8fma2XufkCHXj/UsVkVTs7IwOWyyVe/+kWievo4ipY1k87bxE8= X-Google-Smtp-Source: AGHT+IFNQ1UaIhKDTxgLqW0Q8t7scIX4WBjQIibsW+hTHO/lHIQijnHvygBiIH2LisqhRXPuY52sRo8yBJHj X-Received: by 2002:a17:902:cf41:b0:266:f01a:98c4 with SMTP id d9443c01a7336-28e7f2c1f02mr23049345ad.13.1759287003108; Tue, 30 Sep 2025 19:50:03 -0700 (PDT) Received: from postal.iol.unh.edu (postal.iol.unh.edu. [2606:4100:3880:1234::84]) by smtp-relay.gmail.com with ESMTPS id d9443c01a7336-27ed66e6554sm13156775ad.28.2025.09.30.19.50.02 (version=TLS1_2 cipher=ECDHE-ECDSA-AES128-GCM-SHA256 bits=128/128); Tue, 30 Sep 2025 19:50:03 -0700 (PDT) X-Relaying-Domain: iol.unh.edu Date: Tue, 30 Sep 2025 19:50:03 -0700 (PDT) Message-ID: <68dc96db.170a0220.34ba59.18bdSMTPIN_ADDED_MISSING@mx.google.com> Received: from [172.21.0.2] (unknown [172.18.0.240]) by postal.iol.unh.edu (Postfix) with ESMTP id DF3FA6051830; Tue, 30 Sep 2025 22:50:01 -0400 (EDT) Subject: |FAILURE| pw157144-157146 [PATCH] [v1,3/3] app/test: add ML crypto t From: dpdklab@iol.unh.edu To: Test Report Cc: dpdk-test-reports@iol.unh.edu, Gowrishankar Muthukrishnan In-Reply-To: <20250930180316.1021-4-gmuthukrishn@marvell.com> References: <20250930180316.1021-4-gmuthukrishn@marvell.com> Content-Type: text/plain X-BeenThere: test-report@dpdk.org X-Mailman-Version: 2.1.29 Precedence: list List-Id: automatic DPDK test reports List-Unsubscribe: , List-Archive: List-Post: List-Help: List-Subscribe: , Errors-To: test-report-bounces@dpdk.org Test-Label: iol-compile-amd64-testing Test-Status: FAILURE http://dpdk.org/patch/157146 _Testing issues_ Submitter: Gowrishankar Muthukrishnan Date: Tuesday, September 30 2025 18:03:13 DPDK git baseline: Repo:dpdk Branch: master CommitID:f3878b615e69a12087a6c5d212723478cfc79c31 157144-157146 --> testing issues Upstream job id: Generic-DPDK-Compile-Meson#430207 Test environment and result as below: +---------------------+-------------------------+--------------------+-------------------+----------------------+-------------------+------------------+ | Environment | dpdk_llvm_clang_compile | dpdk_meson_compile | dpdk_msvc_compile | dpdk_mingw64_compile | dpdk_compile_spdk | dpdk_compile_ovs | +=====================+=========================+====================+===================+======================+===================+==================+ | Windows Server 2022 | PASS | SKIPPED | PASS | PASS | SKIPPED | SKIPPED | +---------------------+-------------------------+--------------------+-------------------+----------------------+-------------------+------------------+ | Ubuntu 20.04 | SKIPPED | PASS | SKIPPED | SKIPPED | SKIPPED | SKIPPED | +---------------------+-------------------------+--------------------+-------------------+----------------------+-------------------+------------------+ | FreeBSD 14.2 | SKIPPED | FAIL | SKIPPED | SKIPPED | SKIPPED | SKIPPED | +---------------------+-------------------------+--------------------+-------------------+----------------------+-------------------+------------------+ | CentOS Stream 9 | SKIPPED | PASS | SKIPPED | SKIPPED | PASS | SKIPPED | +---------------------+-------------------------+--------------------+-------------------+----------------------+-------------------+------------------+ | CentOS Stream 10 | SKIPPED | PASS | SKIPPED | SKIPPED | SKIPPED | SKIPPED | +---------------------+-------------------------+--------------------+-------------------+----------------------+-------------------+------------------+ | Debian GNU/Linux 12 | SKIPPED | FAIL | SKIPPED | SKIPPED | WARN | SKIPPED | +---------------------+-------------------------+--------------------+-------------------+----------------------+-------------------+------------------+ | Fedora Linux 42 | SKIPPED | FAIL | SKIPPED | SKIPPED | WARN | WARN | +---------------------+-------------------------+--------------------+-------------------+----------------------+-------------------+------------------+ ==== 20 line log output for Fedora Linux 42 (dpdk_compile_ovs): ==== --- Failed to get log output --- ==== End log output ==== Windows Server 2022 Kernel: 10.0.20348.2031 Compiler: clang 15.0.7, gcc 14.1.0 (MinGW), and MSVC VS 19.39.33521 Ubuntu 20.04 Kernel: 4.19 Compiler: gcc gcc (Ubuntu 9.4.0-1ubuntu1~20.04.2) 9.4.0 FreeBSD 14.2 Kernel: 14.2-RELEASE Compiler: clang 18.1.6 CentOS Stream 9 Kernel: 5.15 Compiler: gcc gcc (GCC) 11.5.0 20240719 (Red Hat 11.5.0-11) CentOS Stream 10 Kernel: 5.15 Compiler: gcc gcc (GCC) 14.2.1 20250110 (Red Hat 14.2.1-8) Debian GNU/Linux 12 Kernel: 5.15 Compiler: gcc gcc (Debian 12.2.0-14+deb12u1) 12.2.0 Fedora Linux 42 Kernel: 5.15 Compiler: clang gcc (GCC) 15.2.1 20250808 (Red Hat 15.2.1-1) To view detailed results, visit: https://lab.dpdk.org/results/dashboard/patchsets/34185/ UNH-IOL DPDK Community Lab To manage your email subscriptions, visit: https://lab.dpdk.org/results/dashboard/preferences/subscriptions/