From mboxrd@z Thu Jan 1 00:00:00 1970 Return-Path: Received: from mails.dpdk.org (mails.dpdk.org [217.70.189.124]) by inbox.dpdk.org (Postfix) with ESMTP id D1DA74887A for ; Wed, 1 Oct 2025 06:02:26 +0200 (CEST) Received: from mails.dpdk.org (localhost [127.0.0.1]) by mails.dpdk.org (Postfix) with ESMTP id AA14F400EF; Wed, 1 Oct 2025 06:02:26 +0200 (CEST) Received: from mail-pg1-f225.google.com (mail-pg1-f225.google.com [209.85.215.225]) by mails.dpdk.org (Postfix) with ESMTP id CB23A400EF for ; Wed, 1 Oct 2025 06:02:24 +0200 (CEST) Received: by mail-pg1-f225.google.com with SMTP id 41be03b00d2f7-b5579235200so4841653a12.3 for ; Tue, 30 Sep 2025 21:02:24 -0700 (PDT) DKIM-Signature: v=1; a=rsa-sha256; c=relaxed/relaxed; d=iol.unh.edu; s=unh-iol; t=1759291344; x=1759896144; darn=dpdk.org; h=references:in-reply-to:cc:to:from:subject:message-id:date:from:to :cc:subject:date:message-id:reply-to; bh=NT48VxZ/6yeraIheP8ZZTFGYAgr95o+29JYborjcN+Q=; b=SCYD/X4DiO9BXMohrxyGE360xdOk7Y7sSdg9NcHrHGWhR9as3KF4+slCimVUnjEbY0 P61Hwm3bgaH1Xyo6jrLBm1nNtRUV6JxZn1C6itzDAJTIA0Kqy7EOilh3OMv/pPf64Ylv UdpGs4iqs/Ott2Ha8SYcV3mrLm53p37lO0aNk= X-Google-DKIM-Signature: v=1; a=rsa-sha256; c=relaxed/relaxed; d=1e100.net; s=20230601; t=1759291344; x=1759896144; h=references:in-reply-to:cc:to:from:subject:message-id:date :x-gm-message-state:from:to:cc:subject:date:message-id:reply-to; bh=NT48VxZ/6yeraIheP8ZZTFGYAgr95o+29JYborjcN+Q=; b=GquTZ2js8AKwcEgJ8Vw3Odl/s9Pi3quM2m8liVa+w1rcxmCeHfytaR5e7NV/2RVyU+ GrVpm2oZACvAyFRWYxJH0OOaEKm6VR57yDi5AFE/bs8jGLFRrUTRj3oMolkURZZ+m9rS 78S9ahVy9F/+X4rylzkxD867KR3MPIfqHOEDV0bnJMmdny4Leh9GfYPNQic5Qk7MmX6L KxQtzLiko+5rBgDre9rrYWdtAyMdZgJa3c2cEV10twUQoiMeAbAH9ciQfxGK/mRxhXm5 P/ae4ei+kuTRBSH71t0U/FpqDZqxQCDABCwpBI0ycNP6nVpQ03QOHY/bpqq0P551IcUD lusA== X-Gm-Message-State: AOJu0YyyM1x8VvVc7pwOOJrBorGPkWszHX8r3WLZbUuEIzXCQDymPPXv yfl8tY5COduA088ApLD2N35GPnAFqh25iGswrCXGsHc3UbnZNfYsD9K/OzVPP17iBxyojdko5rI AizBa6ocFNcfsB/HS4KwtKjf7fUJPoa+OmfzfAap4W2dQbfgw8YuLqR8r1pJT X-Gm-Gg: ASbGncuIff+YAqoIaITx8yzhirowkoUdSrPXuzdr1yI1YYiUF52GWM7B+unazTD2bqO JRc5lMcvjrHx1AT0/aDWHHAvXcZwIfmehn+K40KPLo2BTwZmZhLVOyBtoTnsYMwlSGxcy7vqu0R PcwHUXNJeGNtPnMnr0SbbU6IJyjGvocHMET2EJ0viEKi9iZ6zT/K23N4fOTCTF8PjwvRoaFC4Mt E2qPDebXZCLRug+x5ucQhT2YBOEO5N5FBrvB/n9B9vmvmihHNAXB14dsmQvoZiS4IGMxXCdyA/f QGvVD8trrikD5pNXEcCX+S7GWICGRFthsUKw5XCwlmKd43HkjM6h8+Q= X-Google-Smtp-Source: AGHT+IFiBwUa/BQSo+rVbQUFxcs7esVxXzLIESwE0Kd3NaSbzlmKbtMdOLCa+fe79eUZy5AcN9OB6u2CYhs3 X-Received: by 2002:a17:902:ef44:b0:276:842a:f9a5 with SMTP id d9443c01a7336-28e7f4b57demr20630905ad.48.1759291343913; Tue, 30 Sep 2025 21:02:23 -0700 (PDT) Received: from postal.iol.unh.edu (postal.iol.unh.edu. [2606:4100:3880:1234::84]) by smtp-relay.gmail.com with ESMTPS id d9443c01a7336-28e8080d1e3sm994105ad.3.2025.09.30.21.02.23 (version=TLS1_2 cipher=ECDHE-ECDSA-AES128-GCM-SHA256 bits=128/128); Tue, 30 Sep 2025 21:02:23 -0700 (PDT) X-Relaying-Domain: iol.unh.edu Date: Tue, 30 Sep 2025 21:02:23 -0700 (PDT) Message-ID: <68dca7cf.170a0220.139e5f.6146SMTPIN_ADDED_MISSING@mx.google.com> Received: from [172.21.0.5] (unknown [172.18.0.240]) by postal.iol.unh.edu (Postfix) with ESMTP id 620796051830; Wed, 1 Oct 2025 00:02:23 -0400 (EDT) Subject: |FAILURE| pw157144-157146 [PATCH] [v1,3/3] app/test: add ML crypto t From: dpdklab@iol.unh.edu To: Test Report Cc: dpdk-test-reports@iol.unh.edu, Gowrishankar Muthukrishnan In-Reply-To: <20250930180316.1021-4-gmuthukrishn@marvell.com> References: <20250930180316.1021-4-gmuthukrishn@marvell.com> Content-Type: text/plain X-BeenThere: test-report@dpdk.org X-Mailman-Version: 2.1.29 Precedence: list List-Id: automatic DPDK test reports List-Unsubscribe: , List-Archive: List-Post: List-Help: List-Subscribe: , Errors-To: test-report-bounces@dpdk.org Test-Label: iol-compile-amd64-testing Test-Status: FAILURE http://dpdk.org/patch/157146 _Testing issues_ Submitter: Gowrishankar Muthukrishnan Date: Tuesday, September 30 2025 18:03:13 DPDK git baseline: Repo:dpdk Branch: master CommitID:f3878b615e69a12087a6c5d212723478cfc79c31 157144-157146 --> testing issues Upstream job id: Generic-DPDK-Compile-Meson#430212 Test environment and result as below: +-------------------------------+-------------------------+--------------------+-------------------+----------------------+-------------------+------------------+ | Environment | dpdk_llvm_clang_compile | dpdk_meson_compile | dpdk_msvc_compile | dpdk_mingw64_compile | dpdk_compile_spdk | dpdk_compile_ovs | +===============================+=========================+====================+===================+======================+===================+==================+ | Windows Server 2022 | PASS | SKIPPED | PASS | PASS | SKIPPED | SKIPPED | +-------------------------------+-------------------------+--------------------+-------------------+----------------------+-------------------+------------------+ | Ubuntu 20.04 | SKIPPED | PASS | SKIPPED | SKIPPED | SKIPPED | SKIPPED | +-------------------------------+-------------------------+--------------------+-------------------+----------------------+-------------------+------------------+ | FreeBSD 14.2 | SKIPPED | FAIL | SKIPPED | SKIPPED | SKIPPED | SKIPPED | +-------------------------------+-------------------------+--------------------+-------------------+----------------------+-------------------+------------------+ | CentOS Stream 9 | SKIPPED | PASS | SKIPPED | SKIPPED | PASS | SKIPPED | +-------------------------------+-------------------------+--------------------+-------------------+----------------------+-------------------+------------------+ | CentOS Stream 10 | SKIPPED | PASS | SKIPPED | SKIPPED | SKIPPED | SKIPPED | +-------------------------------+-------------------------+--------------------+-------------------+----------------------+-------------------+------------------+ | Debian GNU/Linux 12 | SKIPPED | FAIL | SKIPPED | SKIPPED | WARN | SKIPPED | +-------------------------------+-------------------------+--------------------+-------------------+----------------------+-------------------+------------------+ | Fedora Linux 42 | SKIPPED | FAIL | SKIPPED | SKIPPED | WARN | WARN | +-------------------------------+-------------------------+--------------------+-------------------+----------------------+-------------------+------------------+ | openSUSE Leap 15.6 | SKIPPED | FAIL | SKIPPED | SKIPPED | SKIPPED | SKIPPED | +-------------------------------+-------------------------+--------------------+-------------------+----------------------+-------------------+------------------+ | Red Hat Enterprise Linux 8.10 | SKIPPED | PASS | SKIPPED | SKIPPED | SKIPPED | SKIPPED | +-------------------------------+-------------------------+--------------------+-------------------+----------------------+-------------------+------------------+ ==== 20 line log output for openSUSE Leap 15.6 (dpdk_meson_compile): ==== ../drivers/crypto/openssl/rte_openssl_pmd.c: In function 'process_asym_op': ../drivers/crypto/openssl/rte_openssl_pmd.c:4313:26: error: implicit declaration of function 'process_openssl_mlkem_op'; did you mean 'process_openssl_mlkem_op_evp'? [-Wimplicit-function-declaration] 4313 | retval = process_openssl_mlkem_op(op, sess); | ^~~~~~~~~~~~~~~~~~~~~~~~ | process_openssl_mlkem_op_evp ../drivers/crypto/openssl/rte_openssl_pmd.c:4313:26: error: nested extern declaration of 'process_openssl_mlkem_op' [-Werror=nested-externs] ../drivers/crypto/openssl/rte_openssl_pmd.c:4320:26: error: implicit declaration of function 'process_openssl_mldsa_op'; did you mean 'process_openssl_mldsa_op_evp'? [-Wimplicit-function-declaration] 4320 | retval = process_openssl_mldsa_op(op, sess); | ^~~~~~~~~~~~~~~~~~~~~~~~ | process_openssl_mldsa_op_evp ../drivers/crypto/openssl/rte_openssl_pmd.c:4320:26: error: nested extern declaration of 'process_openssl_mldsa_op' [-Werror=nested-externs] ../drivers/crypto/openssl/rte_openssl_pmd.c: At top level: ../drivers/crypto/openssl/rte_openssl_pmd.c:4070:1: error: 'process_openssl_mldsa_op_evp' defined but not used [-Werror=unused-function] 4070 | process_openssl_mldsa_op_evp(struct rte_crypto_op *cop, | ^~~~~~~~~~~~~~~~~~~~~~~~~~~~ ../drivers/crypto/openssl/rte_openssl_pmd.c:3601:1: error: 'process_openssl_mlkem_op_evp' defined but not used [-Werror=unused-function] 3601 | process_openssl_mlkem_op_evp(struct rte_crypto_op *cop, | ^~~~~~~~~~~~~~~~~~~~~~~~~~~~ cc1: all warnings being treated as errors ninja: build stopped: subcommand failed. ==== End log output ==== Windows Server 2022 Kernel: 10.0.20348.2031 Compiler: clang 15.0.7, gcc 14.1.0 (MinGW), and MSVC VS 19.39.33521 Ubuntu 20.04 Kernel: 4.19 Compiler: gcc gcc (Ubuntu 9.4.0-1ubuntu1~20.04.2) 9.4.0 FreeBSD 14.2 Kernel: 14.2-RELEASE Compiler: clang 18.1.6 CentOS Stream 9 Kernel: 5.15 Compiler: gcc gcc (GCC) 11.5.0 20240719 (Red Hat 11.5.0-11) CentOS Stream 10 Kernel: 5.15 Compiler: gcc gcc (GCC) 14.2.1 20250110 (Red Hat 14.2.1-8) Debian GNU/Linux 12 Kernel: 5.15 Compiler: gcc gcc (Debian 12.2.0-14+deb12u1) 12.2.0 Fedora Linux 42 Kernel: 5.15 Compiler: clang gcc (GCC) 15.2.1 20250808 (Red Hat 15.2.1-1) openSUSE Leap 15.6 Kernel: 5.15 Compiler: gcc gcc (SUSE Linux) 7.5.0 Red Hat Enterprise Linux 8.10 Kernel: 5.15 Compiler: gcc gcc (GCC) 8.5.0 20210514 (Red Hat 8.5.0-22) To view detailed results, visit: https://lab.dpdk.org/results/dashboard/patchsets/34185/ UNH-IOL DPDK Community Lab To manage your email subscriptions, visit: https://lab.dpdk.org/results/dashboard/preferences/subscriptions/