From mboxrd@z Thu Jan 1 00:00:00 1970 Return-Path: Received: from mails.dpdk.org (mails.dpdk.org [217.70.189.124]) by inbox.dpdk.org (Postfix) with ESMTP id C0CCE4887A for ; Wed, 1 Oct 2025 06:44:57 +0200 (CEST) Received: from mails.dpdk.org (localhost [127.0.0.1]) by mails.dpdk.org (Postfix) with ESMTP id A4798400EF; Wed, 1 Oct 2025 06:44:57 +0200 (CEST) Received: from mail-il1-f225.google.com (mail-il1-f225.google.com [209.85.166.225]) by mails.dpdk.org (Postfix) with ESMTP id 01D00400EF for ; Wed, 1 Oct 2025 06:44:55 +0200 (CEST) Received: by mail-il1-f225.google.com with SMTP id e9e14a558f8ab-42480cb42e9so31666125ab.0 for ; Tue, 30 Sep 2025 21:44:55 -0700 (PDT) DKIM-Signature: v=1; a=rsa-sha256; c=relaxed/relaxed; d=iol.unh.edu; s=unh-iol; t=1759293895; x=1759898695; darn=dpdk.org; h=cc:to:from:subject:message-id:date:from:to:cc:subject:date :message-id:reply-to; bh=RsywK08rSZrydwq2uPgHGl3cS9k9/+3aEXu1bfKjUPk=; b=QFqDjNicCPsw9DyMRsSQktSMESkIFdZHseBwnrHKDKkTUPMRyJKc3uY1kvOmaUGpWD fhd+5SlEZ1fnXG2MYSna1a+Lf0ZDN96nRczp16MHgPv7HRFYL4G58xZBuDtPO0daKZNJ ne/7nMTAXGTVUvano8yOXq/yaplVmhVCDLd5Q= X-Google-DKIM-Signature: v=1; a=rsa-sha256; c=relaxed/relaxed; d=1e100.net; s=20230601; t=1759293895; x=1759898695; h=cc:to:from:subject:message-id:date:x-gm-message-state:from:to:cc :subject:date:message-id:reply-to; bh=RsywK08rSZrydwq2uPgHGl3cS9k9/+3aEXu1bfKjUPk=; b=VMFtzgG+TQ0DhiOsSzBGLjYLg97jY3wqu2s8uRIAF3K/xellLQcDaQwoT7K1PjZbxE BBoIbA/tunfLVyiJuXxdfOzpuKrVT9+5Vxx1hqBu/BECBH2Xd85JUuTd2db5Arpy7jSN f/4fOwRaay8QbTz6ms6rKhtL5teecWMdG5A/o01+QGofTLFzG60cCM1GbCN1qTFOS564 vufQBE7i66gD/Qpz+UDhCaBCeoZprSiLd/3p3ZWbu+aEkfpxgnUC0IjxCxL2zZRtPIMC Dh+6Uu585FI+Gp/fFZdTZb7qO29/15wIo4gS4mjirdKDz5swW9EEqPumFn8QcHWEQnuA /nFw== X-Gm-Message-State: AOJu0YxaWGGybgEZH9g5uHxq6fE3S8XFcaprEGL47/U7hJ8zYNbJZPw4 FxydWhvE4+g5O3NAQIMsxHdPa6gFsry5qlVLhcq9tsxH8jFcdVnjBsD5UvSZYdfEPXWY6MYA+HW bA3I5kJNZxM6tpjOSWh1Bk6Isad9KZiO2tCnB X-Gm-Gg: ASbGnctCdGoGsQ3ZMb3FxbQ/w51akdOnPk3KRHBl4yuyJY08UzdkqNfMH3vz8n4Qrcz XrJTUpJTQe5EUI/m9uMtryQr9CXmHVj3i9RDLp0d6bHSk7kt7jMjdv4gmzXgoFyPlDcYeT3/pMj i4FUgGLXkHMe/Y8RVntIIyyS+JOmD84N9gKYnx01kHS48U3NvgyAq8jqdkt1CVmJdFTWFPmQfJo wZCT20xXb66kG8Onan8lqP3gLhK5QCPUe7Rlvud+3JPGpic9COlnQyEvl2exq5TT/Lz/BeCthoV Eq4DOrt9n63nTCg+SS0Gd0V8MaMdCC34aRbZe6QvSJQT1FPMysIvAZxXks6Oq/cckVdVEXP1LB4 qTg== X-Google-Smtp-Source: AGHT+IERWmqQVcZaYHVpkGtUqy29KR/l/JuNM04fa4/OVCHjTS4mQObks/StDzcMtpO7og8Enntrk6BAX5U6 X-Received: by 2002:a92:cdaf:0:b0:42b:2f98:3fc2 with SMTP id e9e14a558f8ab-42d81664c43mr30639595ab.17.1759293895138; Tue, 30 Sep 2025 21:44:55 -0700 (PDT) Received: from postal.iol.unh.edu (postal.iol.unh.edu. [132.177.123.84]) by smtp-relay.gmail.com with ESMTPS id e9e14a558f8ab-425bbacf9a2sm11589245ab.4.2025.09.30.21.44.55 (version=TLS1_2 cipher=ECDHE-ECDSA-AES128-GCM-SHA256 bits=128/128); Tue, 30 Sep 2025 21:44:55 -0700 (PDT) X-Relaying-Domain: iol.unh.edu Date: Tue, 30 Sep 2025 21:44:55 -0700 (PDT) Message-ID: <68dcb1c7.050a0220.2f73b.6387SMTPIN_ADDED_MISSING@mx.google.com> Received: from [172.21.0.2] (unknown [172.18.0.240]) by postal.iol.unh.edu (Postfix) with ESMTP id AEA876050A61; Wed, 1 Oct 2025 00:44:54 -0400 (EDT) Subject: |FAILURE| [GIT MASTER] 62f583c49bf67dd4d6733ece14e55fe6839e66d1 From: dpdklab@iol.unh.edu To: Test Report Cc: dpdk-test-reports@iol.unh.edu, Xueming Li , Christian Ehrhardt , Kevin Traynor , Luca Boccassi Content-Type: text/plain X-BeenThere: test-report@dpdk.org X-Mailman-Version: 2.1.29 Precedence: list List-Id: automatic DPDK test reports List-Unsubscribe: , List-Archive: List-Post: List-Help: List-Subscribe: , Errors-To: test-report-bounces@dpdk.org _Testing issues_ Branch: tags/v23.11 62f583c49bf67dd4d6733ece14e55fe6839e66d1 --> testing issues Upstream job id: Windows-Compile-DPDK-Native#31340 Test environment and result as below: +---------------------+--------------------+-------------------------+-------------------+----------------------+ | Environment | dpdk_meson_compile | dpdk_llvm_clang_compile | dpdk_msvc_compile | dpdk_mingw64_compile | +=====================+====================+=========================+===================+======================+ | Ubuntu 20.04 | PASS | SKIPPED | SKIPPED | SKIPPED | +---------------------+--------------------+-------------------------+-------------------+----------------------+ | FreeBSD 14.2 | PASS | SKIPPED | SKIPPED | SKIPPED | +---------------------+--------------------+-------------------------+-------------------+----------------------+ | Windows Server 2022 | SKIPPED | FAIL | PASS | PASS | +---------------------+--------------------+-------------------------+-------------------+----------------------+ ==== 20 line log output for Windows Server 2022 (dpdk_llvm_clang_compile): ==== Compiler for C supports arguments -mavx512f: YES (cached) Compiler for C supports arguments -mavx512bw: YES (cached) Compiler for C supports arguments -mavx512dq: YES (cached) Compiler for C supports arguments -march=skylake-avx512: YES Message: drivers/common/idpf: Defining dependency "common_idpf" Message: drivers/bus/auxiliary: Defining dependency "bus_auxiliary" Compiler for C supports arguments -Wno-cast-qual: YES (cached) Compiler for C supports arguments -Wno-pointer-arith: YES (cached) Message: drivers/bus/pci: Defining dependency "bus_pci" Message: drivers/bus/vdev: Defining dependency "bus_vdev" Compiler for C supports arguments -std=c11: YES Compiler for C supports arguments -Wno-strict-prototypes: YES Compiler for C supports arguments -D_BSD_SOURCE: YES Compiler for C supports arguments -D_DEFAULT_SOURCE: YES Compiler for C supports arguments -D_XOPEN_SOURCE=600: YES Has header "mlx5devx.h" : YES drivers\common\mlx5\windows\meson.build:10:13: ERROR: C shared or static library 'mlx5devx' not found A full log can be found at C:\Users\builder\jenkins\workspace\Windows-Compile-DPDK-Native\dpdk\build\meson-logs\meson-log.txt ==== End log output ==== Ubuntu 20.04 Kernel: 4.19 Compiler: gcc gcc (Ubuntu 9.4.0-1ubuntu1~20.04.2) 9.4.0 FreeBSD 14.2 Kernel: 14.2-RELEASE Compiler: clang 18.1.6 Windows Server 2022 Kernel: 10.0.20348.2031 Compiler: clang 15.0.7, gcc 14.1.0 (MinGW), and MSVC VS 19.39.33521 To view detailed results, visit: https://lab.dpdk.org/results/dashboard/tarballs/35068/ UNH-IOL DPDK Community Lab To manage your email subscriptions, visit: https://lab.dpdk.org/results/dashboard/preferences/subscriptions/