From mboxrd@z Thu Jan 1 00:00:00 1970 Return-Path: Received: from mails.dpdk.org (mails.dpdk.org [217.70.189.124]) by inbox.dpdk.org (Postfix) with ESMTP id 41CE74887A for ; Wed, 1 Oct 2025 07:35:24 +0200 (CEST) Received: from mails.dpdk.org (localhost [127.0.0.1]) by mails.dpdk.org (Postfix) with ESMTP id EC567400EF; Wed, 1 Oct 2025 07:35:23 +0200 (CEST) Received: from mail-pg1-f227.google.com (mail-pg1-f227.google.com [209.85.215.227]) by mails.dpdk.org (Postfix) with ESMTP id F280D400EF for ; Wed, 1 Oct 2025 07:35:22 +0200 (CEST) Received: by mail-pg1-f227.google.com with SMTP id 41be03b00d2f7-b5f2c1a7e5eso471584a12.0 for ; Tue, 30 Sep 2025 22:35:22 -0700 (PDT) DKIM-Signature: v=1; a=rsa-sha256; c=relaxed/relaxed; d=iol.unh.edu; s=unh-iol; t=1759296922; x=1759901722; darn=dpdk.org; h=references:in-reply-to:cc:to:from:subject:message-id:date:from:to :cc:subject:date:message-id:reply-to; bh=sQaEkpFZ2XRdgeAjXi50WhpMAWrS61Jr8QeONEfB1og=; b=J0FKAu2BV18dZ9+j0UcG6MixqaYCSiaY+FJTU1ic3mxNcEaYUrIMloM1kVpL286Rr4 fqnXd7b1d8Ztls/6Nk0kQaYcPfdt9GIJ2LjGhucAYScoRJdoiJsDoCMtb5o6nXRi5myh 8FMMv4O396GH4GHAfaReZFiLzvPAF1FKE78qg= X-Google-DKIM-Signature: v=1; a=rsa-sha256; c=relaxed/relaxed; d=1e100.net; s=20230601; t=1759296922; x=1759901722; h=references:in-reply-to:cc:to:from:subject:message-id:date :x-gm-message-state:from:to:cc:subject:date:message-id:reply-to; bh=sQaEkpFZ2XRdgeAjXi50WhpMAWrS61Jr8QeONEfB1og=; b=NSqPHevNZjOlH7XfYIgK4M4fQksYL3plt0tewZjbxSCq53unRFnxAnwRxm9xj7ZG9F 9OeY6zYafyIUXDHK8TpLvHTPWq44ONssDdugX5fuEbmvBnwXE3/QqdCaz8+x8gPQp1x+ gyIlTGE4og4k3uBaJs/swquiOBnJ7X6demNZgexKbZfiu0YhH8STBejUFMVAf8y+H/V2 CNuFexUUv3SKGBEXJ7BGoRLRnllaSiyXkKsE4ekQ4Xxrlg+QJHyv7DysnzamcBAQsuN6 6jE/wUoCfd3XsjNU0v+MRmMs3mvQwt6Mc5w2C98/WhPJaxTKByLgFQNKLRxqx3XJ2Lsy B1kg== X-Gm-Message-State: AOJu0YxKuqM0qaYMlnFWPhrZtd2tyE54JFtaLONzSZRfL5FRuNKYDZgp +POfUNabWOMYYHL0xwObUZsqV4yjMVsW2NEq5uOWBTexmA+6boCZrkOKtv05rr4m2kaciwJcoI8 vulQWAfX5eWcQFezl9gQJZZkHMY01UJPVSoLjz2etciBN X-Gm-Gg: ASbGncvcFnmCwUrfx2/OA8UFgflpzscpWP+CMUyW2UMHpIgOV68eZu3JMcm8dYEmPUd Hs7v10Mmr1P1zJH78vu+/pAxn0fB17yfKr3mq8Rkj0xGz1YVQIkUQI0hZCv7C7VczU2Dc6S1pg1 gU0nKiuoW3+L6kNuVw9Hv4k6Dh7mpnseXT8Mw8q6/vPlhm4HLe44ILQUp9CveVTlr8bYMztOjQn hD3CcjePO3FpkszsARX29hr4Uq6ams4hnlVD/nQr+lclyrhfB+8JtLKjyEIXfRJWQJRrE2rn2AT +4lg3vgFzWIv8mbBvF7+KCjicqmFUcLWbqC7OAKRCLPHu6WJnilx4LFHyFKDBxhtwLN74k3aTGu XZA== X-Google-Smtp-Source: AGHT+IE4RVssVBxm8TEzoUh4BqnYTnR+BosTNCKtU33Z/GA/XFmAaUC3+DZDOCM4FGHh5e0cZg4RC0780eB3 X-Received: by 2002:a17:902:ef09:b0:24c:cc32:788b with SMTP id d9443c01a7336-28e7f2a13b1mr26104255ad.3.1759296922038; Tue, 30 Sep 2025 22:35:22 -0700 (PDT) Received: from postal.iol.unh.edu (postal.iol.unh.edu. [132.177.123.84]) by smtp-relay.gmail.com with ESMTPS id d9443c01a7336-27eda7f1331sm13522805ad.26.2025.09.30.22.35.21 (version=TLS1_2 cipher=ECDHE-ECDSA-AES128-GCM-SHA256 bits=128/128); Tue, 30 Sep 2025 22:35:22 -0700 (PDT) X-Relaying-Domain: iol.unh.edu Date: Tue, 30 Sep 2025 22:35:22 -0700 (PDT) Message-ID: <68dcbd9a.170a0220.2ae461.0fdcSMTPIN_ADDED_MISSING@mx.google.com> Received: from [172.21.0.2] (unknown [172.18.0.240]) by postal.iol.unh.edu (Postfix) with ESMTP id 737446051830; Wed, 1 Oct 2025 01:35:21 -0400 (EDT) Subject: |FAILURE| pw157144-157146 [PATCH] [v1,3/3] app/test: add ML crypto t From: dpdklab@iol.unh.edu To: Test Report Cc: dpdk-test-reports@iol.unh.edu, Gowrishankar Muthukrishnan In-Reply-To: <20250930180316.1021-4-gmuthukrishn@marvell.com> References: <20250930180316.1021-4-gmuthukrishn@marvell.com> Content-Type: text/plain X-BeenThere: test-report@dpdk.org X-Mailman-Version: 2.1.29 Precedence: list List-Id: automatic DPDK test reports List-Unsubscribe: , List-Archive: List-Post: List-Help: List-Subscribe: , Errors-To: test-report-bounces@dpdk.org Test-Label: iol-compile-amd64-testing Test-Status: FAILURE http://dpdk.org/patch/157146 _Testing issues_ Submitter: Gowrishankar Muthukrishnan Date: Tuesday, September 30 2025 18:03:13 DPDK git baseline: Repo:dpdk Branch: master CommitID:f3878b615e69a12087a6c5d212723478cfc79c31 157144-157146 --> testing issues Upstream job id: Generic-DPDK-Compile-Meson#430225 Test environment and result as below: +-------------------------------+-------------------------+--------------------+-------------------+----------------------+-------------------+------------------+ | Environment | dpdk_llvm_clang_compile | dpdk_meson_compile | dpdk_msvc_compile | dpdk_mingw64_compile | dpdk_compile_spdk | dpdk_compile_ovs | +===============================+=========================+====================+===================+======================+===================+==================+ | Windows Server 2022 | PASS | SKIPPED | PASS | PASS | SKIPPED | SKIPPED | +-------------------------------+-------------------------+--------------------+-------------------+----------------------+-------------------+------------------+ | Ubuntu 20.04 | SKIPPED | PASS | SKIPPED | SKIPPED | SKIPPED | SKIPPED | +-------------------------------+-------------------------+--------------------+-------------------+----------------------+-------------------+------------------+ | FreeBSD 14.2 | SKIPPED | FAIL | SKIPPED | SKIPPED | SKIPPED | SKIPPED | +-------------------------------+-------------------------+--------------------+-------------------+----------------------+-------------------+------------------+ | CentOS Stream 9 | SKIPPED | PASS | SKIPPED | SKIPPED | PASS | SKIPPED | +-------------------------------+-------------------------+--------------------+-------------------+----------------------+-------------------+------------------+ | CentOS Stream 10 | SKIPPED | PASS | SKIPPED | SKIPPED | SKIPPED | SKIPPED | +-------------------------------+-------------------------+--------------------+-------------------+----------------------+-------------------+------------------+ | Debian GNU/Linux 12 | SKIPPED | FAIL | SKIPPED | SKIPPED | WARN | SKIPPED | +-------------------------------+-------------------------+--------------------+-------------------+----------------------+-------------------+------------------+ | Fedora Linux 42 | SKIPPED | FAIL | SKIPPED | SKIPPED | WARN | WARN | +-------------------------------+-------------------------+--------------------+-------------------+----------------------+-------------------+------------------+ | openSUSE Leap 15.6 | SKIPPED | FAIL | SKIPPED | SKIPPED | SKIPPED | SKIPPED | +-------------------------------+-------------------------+--------------------+-------------------+----------------------+-------------------+------------------+ | Red Hat Enterprise Linux 8.10 | SKIPPED | PASS | SKIPPED | SKIPPED | SKIPPED | SKIPPED | +-------------------------------+-------------------------+--------------------+-------------------+----------------------+-------------------+------------------+ | Red Hat Enterprise Linux 9.5 | SKIPPED | FAIL | SKIPPED | SKIPPED | SKIPPED | SKIPPED | +-------------------------------+-------------------------+--------------------+-------------------+----------------------+-------------------+------------------+ | Ubuntu 24.04 | SKIPPED | PASS | SKIPPED | SKIPPED | WARN | WARN | +-------------------------------+-------------------------+--------------------+-------------------+----------------------+-------------------+------------------+ | Ubuntu 22.04 | SKIPPED | FAIL | SKIPPED | SKIPPED | WARN | SKIPPED | +-------------------------------+-------------------------+--------------------+-------------------+----------------------+-------------------+------------------+ | Alpine Linux 3.22.0 | SKIPPED | PASS | SKIPPED | SKIPPED | SKIPPED | SKIPPED | +-------------------------------+-------------------------+--------------------+-------------------+----------------------+-------------------+------------------+ ==== 20 line log output for Ubuntu 22.04 (dpdk_compile_spdk): ==== --- Failed to get log output --- ==== End log output ==== Windows Server 2022 Kernel: 10.0.20348.2031 Compiler: clang 15.0.7, gcc 14.1.0 (MinGW), and MSVC VS 19.39.33521 Ubuntu 20.04 Kernel: 4.19 Compiler: gcc gcc (Ubuntu 9.4.0-1ubuntu1~20.04.2) 9.4.0 FreeBSD 14.2 Kernel: 14.2-RELEASE Compiler: clang 18.1.6 CentOS Stream 9 Kernel: 5.15 Compiler: gcc gcc (GCC) 11.5.0 20240719 (Red Hat 11.5.0-11) CentOS Stream 10 Kernel: 5.15 Compiler: gcc gcc (GCC) 14.2.1 20250110 (Red Hat 14.2.1-8) Debian GNU/Linux 12 Kernel: 5.15 Compiler: gcc gcc (Debian 12.2.0-14+deb12u1) 12.2.0 Fedora Linux 42 Kernel: 5.15 Compiler: clang gcc (GCC) 15.2.1 20250808 (Red Hat 15.2.1-1) openSUSE Leap 15.6 Kernel: 5.15 Compiler: gcc gcc (SUSE Linux) 7.5.0 Red Hat Enterprise Linux 8.10 Kernel: 5.15 Compiler: gcc gcc (GCC) 8.5.0 20210514 (Red Hat 8.5.0-22) Red Hat Enterprise Linux 9.5 Kernel: 5.15 Compiler: gcc gcc (GCC) 11.5.0 20240719 (Red Hat 11.5.0-2) Ubuntu 24.04 Kernel: 5.15 Compiler: gcc gcc (Ubuntu 13.3.0-6ubuntu2~24.04) 13.3.0 Ubuntu 22.04 Kernel: 5.15 Compiler: gcc gcc (Ubuntu 11.4.0-1ubuntu1~22.04) 11.4.0 Alpine Linux 3.22.0 Kernel: 5.15 Compiler: gcc gcc (Alpine 14.2.0) 14.2.0 To view detailed results, visit: https://lab.dpdk.org/results/dashboard/patchsets/34185/ UNH-IOL DPDK Community Lab To manage your email subscriptions, visit: https://lab.dpdk.org/results/dashboard/preferences/subscriptions/