From mboxrd@z Thu Jan 1 00:00:00 1970 Return-Path: Received: from mails.dpdk.org (mails.dpdk.org [217.70.189.124]) by inbox.dpdk.org (Postfix) with ESMTP id A53904887A for ; Wed, 1 Oct 2025 07:40:40 +0200 (CEST) Received: from mails.dpdk.org (localhost [127.0.0.1]) by mails.dpdk.org (Postfix) with ESMTP id 9E988400EF; Wed, 1 Oct 2025 07:40:40 +0200 (CEST) Received: from mail-qt1-f226.google.com (mail-qt1-f226.google.com [209.85.160.226]) by mails.dpdk.org (Postfix) with ESMTP id AEA2C400EF for ; Wed, 1 Oct 2025 07:40:39 +0200 (CEST) Received: by mail-qt1-f226.google.com with SMTP id d75a77b69052e-4e2d2d764a3so12091011cf.1 for ; Tue, 30 Sep 2025 22:40:39 -0700 (PDT) DKIM-Signature: v=1; a=rsa-sha256; c=relaxed/relaxed; d=iol.unh.edu; s=unh-iol; t=1759297239; x=1759902039; darn=dpdk.org; h=references:in-reply-to:cc:to:from:subject:message-id:date:from:to :cc:subject:date:message-id:reply-to; bh=5PmDUOGFyKwPvM3+6DOyZlQJOjkgQBJ0W/1iy7F1gnI=; b=dQQyvt0tViSNLnqWNVGFCNjmq85tScUZ3IIWP+ez183jaERDyZCMsUclvEH8WRJcyu qiayohiHJ/rPlKlTi3LKfDvC71SJYq9/vCxlWSwqwKA6f8I9K/psfyZJZN13immVLI/H YVfURdo/7sY1TZ8fT+aYOx/yWCys/e/vNeA2A= X-Google-DKIM-Signature: v=1; a=rsa-sha256; c=relaxed/relaxed; d=1e100.net; s=20230601; t=1759297239; x=1759902039; h=references:in-reply-to:cc:to:from:subject:message-id:date :x-gm-message-state:from:to:cc:subject:date:message-id:reply-to; bh=5PmDUOGFyKwPvM3+6DOyZlQJOjkgQBJ0W/1iy7F1gnI=; b=BpHnAINvPV3Tc+55jx0CE+LCdyHSLMW1VDWAPfD80d/wh3tDeu5AqURbz3K52MnHMQ o4EF8CNWMu4QOJ8fQQUcVIfcwNj48CAj2/WZ3rk/WYH+sfat33yWp7Y/JfCdK9p0t8WG jzAyXlb2lAXQJgMyS1WfnXbbIXbEKKf/XY1Qeg58mB/smIQgRbIkXdEERk/fXwl0dBkC Y5XV/mGUx3hrtGbb/kM/MxZwNbdtm55vllrbz2D+fldXWqqe5qJzGVRRygkp3PdJ0IOy VzozMmKfXjHXSkwgFy42Pdrdygx6yoTRyNPE3jUpDWrs27WkDCqZvvkNK4pscQlQ+YoZ RTXA== X-Gm-Message-State: AOJu0YxkoRjsRzpB7vq5TGQSUchgOH24ayC1vgQxh33vBhKhuX6bECZm nav1Fs1QKj6J9nlOwNHyW7eEsiCBnTgfrxUoYsQYhADv7jGonadTvNUnlzzmbWwtHvIawhK704K U5BIvNjpiei3sZRHt0Qf5w6tWMf8LK4Tl+ykXFzY7qlBH0CHop8QceihEUFLD X-Gm-Gg: ASbGnctuwdCEX8ZFdOdIMsTGBgzXJjBRbOOCiVO/WaoAy2XVNm0m6P3fS18lgx012I0 goyRxo5PGNJZ2Dv8PNhwtrRT9JLrnvu9sLD1PHsG7P1GSDq+DJx0hrEUVphw7tP5ob5LQEI1HKC UmVId7XxCs2SRIe7HTNC08fDsGUxgD3OioLiIDUZXlMnRpLNNaCvd6Nz1whlnP156DRySWDSArG 44nvYWyL3y4cEiZyhR28U2VD6Ya1MWzVWqgkTV43goxalwUT+sKoFdfarl18E2X/AbX0YuACV2e 0+C/ZPDzQ1PGBiy9aFXdG+6VxJHoJVdKxsLcv0axugU2Qb/SBks6Dlo= X-Google-Smtp-Source: AGHT+IGG1G2HclKbz7cFxg/yrYMOQp/3vDuo6ZmbQmphVmvdfQscTta2/S0O0IiRt/O63bhj+2yvEru3XGjl X-Received: by 2002:ac8:5f53:0:b0:4dc:93cb:fdf6 with SMTP id d75a77b69052e-4e41e0696d8mr28169711cf.40.1759297239060; Tue, 30 Sep 2025 22:40:39 -0700 (PDT) Received: from postal.iol.unh.edu (postal.iol.unh.edu. [2606:4100:3880:1234::84]) by smtp-relay.gmail.com with ESMTPS id 6a1803df08f44-80138c06976sm10450526d6.11.2025.09.30.22.40.38 (version=TLS1_2 cipher=ECDHE-ECDSA-AES128-GCM-SHA256 bits=128/128); Tue, 30 Sep 2025 22:40:39 -0700 (PDT) X-Relaying-Domain: iol.unh.edu Date: Tue, 30 Sep 2025 22:40:39 -0700 (PDT) Message-ID: <68dcbed7.050a0220.275b8a.05b7SMTPIN_ADDED_MISSING@mx.google.com> Received: from [172.21.0.2] (unknown [172.18.0.240]) by postal.iol.unh.edu (Postfix) with ESMTP id C4CEE6051830; Wed, 1 Oct 2025 01:40:38 -0400 (EDT) Subject: |FAILURE| pw157112-157113 [PATCH] [v4,2/2] net/idpf: enable AVX2 for From: dpdklab@iol.unh.edu To: Test Report Cc: dpdk-test-reports@iol.unh.edu, Bruce Richardson , Shaiq Wani In-Reply-To: <20250930090709.2521114-3-shaiq.wani@intel.com> References: <20250930090709.2521114-3-shaiq.wani@intel.com> Content-Type: text/plain X-BeenThere: test-report@dpdk.org X-Mailman-Version: 2.1.29 Precedence: list List-Id: automatic DPDK test reports List-Unsubscribe: , List-Archive: List-Post: List-Help: List-Subscribe: , Errors-To: test-report-bounces@dpdk.org Test-Label: iol-unit-arm64-testing Test-Status: FAILURE http://dpdk.org/patch/157113 _Testing issues_ Submitter: Shaiq Wani Date: Tuesday, September 30 2025 09:07:09 DPDK git baseline: Repo:dpdk-next-net-intel Branch: master CommitID:9845e5848bbe337306fb6ae2a6b1ce5e6ab5b714 157112-157113 --> testing issues Upstream job id: Generic-Unit-Test-DPDK#376581 Test environment and result as below: +------------------------------+--------------+----------------+------------------------------+---------------------------+ | Environment | lpm_autotest | dpdk_unit_test | cryptodev_sw_snow3g_autotest | cryptodev_sw_zuc_autotest | +==============================+==============+================+==============================+===========================+ | Ubuntu 20.04 | PASS | PEND | SKIPPED | SKIPPED | +------------------------------+--------------+----------------+------------------------------+---------------------------+ | Fedora Linux 40 | SKIPPED | PEND | SKIPPED | SKIPPED | +------------------------------+--------------+----------------+------------------------------+---------------------------+ | Debian GNU/Linux 12 | SKIPPED | WARN | SKIPPED | SKIPPED | +------------------------------+--------------+----------------+------------------------------+---------------------------+ | Fedora Linux 41 | SKIPPED | PEND | SKIPPED | SKIPPED | +------------------------------+--------------+----------------+------------------------------+---------------------------+ | CentOS Stream 10 | SKIPPED | PEND | SKIPPED | SKIPPED | +------------------------------+--------------+----------------+------------------------------+---------------------------+ | Red Hat Enterprise Linux 9.5 | SKIPPED | PEND | SKIPPED | SKIPPED | +------------------------------+--------------+----------------+------------------------------+---------------------------+ | CentOS Stream 9 | SKIPPED | PEND | SKIPPED | SKIPPED | +------------------------------+--------------+----------------+------------------------------+---------------------------+ | Fedora Linux 42 | SKIPPED | PEND | SKIPPED | SKIPPED | +------------------------------+--------------+----------------+------------------------------+---------------------------+ | Ubuntu 22.04 | SKIPPED | PEND | SKIPPED | SKIPPED | +------------------------------+--------------+----------------+------------------------------+---------------------------+ | Ubuntu 24.04 | SKIPPED | PEND | SKIPPED | SKIPPED | +------------------------------+--------------+----------------+------------------------------+---------------------------+ | Debian 12 (arm) | SKIPPED | SKIPPED | WARN | PEND | +------------------------------+--------------+----------------+------------------------------+---------------------------+ ==== 20 line log output for Debian 12 (arm) (cryptodev_sw_snow3g_autotest): ==== ../lib/eal/include/rte_common.h:593:35: note: in definition of macro 'RTE_CAST_PTR' 593 | #define RTE_CAST_PTR(type, ptr) ((type)(uintptr_t)(ptr)) | ^~~~ ../drivers/net/intel/idpf/idpf_common_rxtx.c:275:62: note: each undeclared identifier is reported only once for each function it appears in 275 | _mm_store_si128(RTE_CAST_PTR(__m128i *, &rxdp[i]), | ^~~~~~~ ../lib/eal/include/rte_common.h:593:35: note: in definition of macro 'RTE_CAST_PTR' 593 | #define RTE_CAST_PTR(type, ptr) ((type)(uintptr_t)(ptr)) | ^~~~ ../lib/eal/include/rte_common.h:593:39: error: expected expression before ')' token 593 | #define RTE_CAST_PTR(type, ptr) ((type)(uintptr_t)(ptr)) | ^ ../drivers/net/intel/idpf/idpf_common_rxtx.c:275:49: note: in expansion of macro 'RTE_CAST_PTR' 275 | _mm_store_si128(RTE_CAST_PTR(__m128i *, &rxdp[i]), | ^~~~~~~~~~~~ cc1: all warnings being treated as errors [1970/3763] Compiling C object drivers/libtmp_rte_net_ice.a.p/net_intel_ice_ice_rxtx.c.o [1971/3763] Compiling C object drivers/libtmp_rte_net_ice.a.p/net_intel_ice_ice_dcf_ethdev.c.o [1972/3763] Compiling C object drivers/libtmp_rte_net_idpf.a.p/net_intel_idpf_idpf_common_virtchnl.c.o ninja: build stopped: subcommand failed. ==== End log output ==== Ubuntu 20.04 Kernel: 5.4 Compiler: gcc gcc (Ubuntu 9.4.0-1ubuntu1~20.04.2) 9.4.0 Fedora Linux 40 Kernel: 5.4 Compiler: clang gcc (GCC) 14.2.1 20240912 (Red Hat 14.2.1-3) Debian GNU/Linux 12 Kernel: 5.4 Compiler: gcc gcc (Debian 12.2.0-14+deb12u1) 12.2.0 Fedora Linux 41 Kernel: 5.4 Compiler: gcc gcc (GCC) 14.3.1 20250523 (Red Hat 14.3.1-1) CentOS Stream 10 Kernel: 5.4 Compiler: gcc gcc (GCC) 14.2.1 20250110 (Red Hat 14.2.1-8) Red Hat Enterprise Linux 9.5 Kernel: 5.4 Compiler: gcc gcc (GCC) 11.5.0 20240719 (Red Hat 11.5.0-2) CentOS Stream 9 Kernel: 5.4 Compiler: gcc gcc (GCC) 11.5.0 20240719 (Red Hat 11.5.0-11) Fedora Linux 42 Kernel: 5.4 Compiler: clang gcc (GCC) 15.2.1 20250808 (Red Hat 15.2.1-1) Ubuntu 22.04 Kernel: 5.15 Compiler: gcc gcc (Ubuntu 11.4.0-1ubuntu1~22.04.2) 11.4.0 Ubuntu 24.04 Kernel: 5.4 Compiler: gcc gcc (Ubuntu 13.3.0-6ubuntu2~24.04) 13.3.0 Debian 12 (arm) Kernel: Depends on container host Compiler: gcc (Debian 12.2.0-14) 12.2.0 To view detailed results, visit: https://lab.dpdk.org/results/dashboard/patchsets/34179/ UNH-IOL DPDK Community Lab To manage your email subscriptions, visit: https://lab.dpdk.org/results/dashboard/preferences/subscriptions/