From mboxrd@z Thu Jan 1 00:00:00 1970 Return-Path: Received: from mails.dpdk.org (mails.dpdk.org [217.70.189.124]) by inbox.dpdk.org (Postfix) with ESMTP id D01294887A for ; Wed, 1 Oct 2025 07:42:07 +0200 (CEST) Received: from mails.dpdk.org (localhost [127.0.0.1]) by mails.dpdk.org (Postfix) with ESMTP id C9CEE400EF; Wed, 1 Oct 2025 07:42:07 +0200 (CEST) Received: from mail-io1-f98.google.com (mail-io1-f98.google.com [209.85.166.98]) by mails.dpdk.org (Postfix) with ESMTP id 2B0F8400EF for ; Wed, 1 Oct 2025 07:42:06 +0200 (CEST) Received: by mail-io1-f98.google.com with SMTP id ca18e2360f4ac-9194a0241aaso189249539f.3 for ; Tue, 30 Sep 2025 22:42:06 -0700 (PDT) DKIM-Signature: v=1; a=rsa-sha256; c=relaxed/relaxed; d=iol.unh.edu; s=unh-iol; t=1759297325; x=1759902125; darn=dpdk.org; h=references:in-reply-to:cc:to:from:subject:message-id:date:from:to :cc:subject:date:message-id:reply-to; bh=0hZAPerY+zVc1ew1uEL54Glf7j3HoEbh3Wsiac9pxU0=; b=JRrr7be2iqWClcEp2tCVcRdnbOFqGKaRigCgHfESwHAB4lq5Xngi3kUFy+WhA1LWqu 60bItc4URW6Qdqfy7P6v6iV5lt5Cu4qsDDMgVJK3qXkQ+AFc4mxilkLT1/bvP8ASIB9+ Hox2vVrukX/wY3lRMoZjyCdAkKZ0JWEliYqzc= X-Google-DKIM-Signature: v=1; a=rsa-sha256; c=relaxed/relaxed; d=1e100.net; s=20230601; t=1759297325; x=1759902125; h=references:in-reply-to:cc:to:from:subject:message-id:date :x-gm-message-state:from:to:cc:subject:date:message-id:reply-to; bh=0hZAPerY+zVc1ew1uEL54Glf7j3HoEbh3Wsiac9pxU0=; b=E27ZebApcg3o9aEbeylAujLuJ6qRWD7jgGGFP+hF/CPjXgkn0lRPd89YRJMj4fgnDb 4UllKEREenNwI16BtzbHkWqsnz3mdHcu3ZcfAp88Pq73GnvzwbJq254QO5H6iktzlO/y ad9X7xjWpe6uzV1s58He/klnLgriHKWpb0s9AB2521RFouLm7OI2jtY7n/k1FHzCPVMq 9496HKuI+bdS7zpz8Xgk5/Dv9xDdR9wAVA/BareGulnFbr6C8tsFHjaIbMZdy2/bhvnJ R1MICLyZn/SnWYXrNnwZYC+jafd5CxwValtZR8whbw7uGQkpF5Y3jDXH/3BYEJo1KrCK yqbA== X-Gm-Message-State: AOJu0YyPntEM1QmuBydVooN3urwwFKUxXu+YqZkuPrgDCokMB0MBfVPX kd4AxuAFQFW1p6CEgulH3ro+I/NiOjP4UTILh9CuthBrRKiAm1LFtMZnaq6Lw0gEFOqZj44xjIz oB11HyTzPcigs0lq7tVBjGAIUHcO6InDY6x0Dpkk9AXYa X-Gm-Gg: ASbGncspE8jFRmYFIqpFpq8cxKMOdc1mshEt0FBF+DTIYkRP4DcXE3H9iumr/g2r74F VAewsRCX8DhHbynlaqkWAABElIqSLqG4Mdu5O4KAyhOYd5rk5OFB5fLyuDhgOs79Kvbqi/9H2Zt yBorbNdQAQu4EOOi2iQOVM0DnBXnqYuBJCUk33L3h8aiGaHs3eN+fQcCwKRqz/QAlJvx7oGpo1e odlatbpPzGuQu1TkHct4jItOXbQczgppaTkzyyiqON5N6FSZRO1YUJ6I0b7+jybEaVOJnZ52frc MkwUt3pvilb/rEtcbcYj5DAqADFsH1QcX9lXEk889r8fJTY786oB6kEfWkcdYMrcF4+TxDbb/FT v8w== X-Google-Smtp-Source: AGHT+IE1D1/3jZ/DQMSb8/Rlqy3teYbDV3016xyhUlWhvW4Yq/Flj0ebzLiMgSJpGf89S47LovGHG5wTLobA X-Received: by 2002:a05:6e02:178b:b0:42d:86dc:5425 with SMTP id e9e14a558f8ab-42d86dc56femr1727975ab.6.1759297325381; Tue, 30 Sep 2025 22:42:05 -0700 (PDT) Received: from postal.iol.unh.edu (postal.iol.unh.edu. [132.177.123.84]) by smtp-relay.gmail.com with ESMTPS id e9e14a558f8ab-425bc68f3a8sm12469325ab.19.2025.09.30.22.42.05 (version=TLS1_2 cipher=ECDHE-ECDSA-AES128-GCM-SHA256 bits=128/128); Tue, 30 Sep 2025 22:42:05 -0700 (PDT) X-Relaying-Domain: iol.unh.edu Date: Tue, 30 Sep 2025 22:42:05 -0700 (PDT) Message-ID: <68dcbf2d.050a0220.1b97f2.a610SMTPIN_ADDED_MISSING@mx.google.com> Received: from [172.21.0.2] (unknown [172.18.0.240]) by postal.iol.unh.edu (Postfix) with ESMTP id F36026051830; Wed, 1 Oct 2025 01:42:04 -0400 (EDT) Subject: |FAILURE| pw157111 [PATCH] net/mlx5: fix IPv6 DSCP offset in NT HWS From: dpdklab@iol.unh.edu To: Test Report Cc: dpdk-test-reports@iol.unh.edu, Gavin Li In-Reply-To: <20250930072827.9630-1-gavinl@nvidia.com> References: <20250930072827.9630-1-gavinl@nvidia.com> Content-Type: text/plain X-BeenThere: test-report@dpdk.org X-Mailman-Version: 2.1.29 Precedence: list List-Id: automatic DPDK test reports List-Unsubscribe: , List-Archive: List-Post: List-Help: List-Subscribe: , Errors-To: test-report-bounces@dpdk.org Test-Label: iol-unit-arm64-testing Test-Status: FAILURE http://dpdk.org/patch/157111 _Testing issues_ Submitter: Gavin Li Date: Tuesday, September 30 2025 07:28:27 DPDK git baseline: Repo:dpdk-next-net-mlx Branch: master CommitID:2374f33e1d964e100895fd294966380c46f0886d 157111 --> testing issues Upstream job id: Generic-Unit-Test-DPDK#376568 Test environment and result as below: +------------------------------+----------------+--------------+---------------------------+------------------------------+ | Environment | dpdk_unit_test | lpm_autotest | cryptodev_sw_zuc_autotest | cryptodev_sw_snow3g_autotest | +==============================+================+==============+===========================+==============================+ | CentOS Stream 9 | PASS | SKIPPED | SKIPPED | SKIPPED | +------------------------------+----------------+--------------+---------------------------+------------------------------+ | Debian GNU/Linux 12 | PASS | SKIPPED | SKIPPED | SKIPPED | +------------------------------+----------------+--------------+---------------------------+------------------------------+ | CentOS Stream 10 | PASS | SKIPPED | SKIPPED | SKIPPED | +------------------------------+----------------+--------------+---------------------------+------------------------------+ | Fedora Linux 40 | FAIL | SKIPPED | SKIPPED | SKIPPED | +------------------------------+----------------+--------------+---------------------------+------------------------------+ | Fedora Linux 41 | PASS | SKIPPED | SKIPPED | SKIPPED | +------------------------------+----------------+--------------+---------------------------+------------------------------+ | Fedora Linux 42 | PASS | SKIPPED | SKIPPED | SKIPPED | +------------------------------+----------------+--------------+---------------------------+------------------------------+ | Ubuntu 22.04 | PASS | SKIPPED | SKIPPED | SKIPPED | +------------------------------+----------------+--------------+---------------------------+------------------------------+ | Red Hat Enterprise Linux 9.5 | PASS | SKIPPED | SKIPPED | SKIPPED | +------------------------------+----------------+--------------+---------------------------+------------------------------+ | Ubuntu 24.04 | PASS | SKIPPED | SKIPPED | SKIPPED | +------------------------------+----------------+--------------+---------------------------+------------------------------+ | Ubuntu 20.04 | PASS | PASS | SKIPPED | SKIPPED | +------------------------------+----------------+--------------+---------------------------+------------------------------+ | Debian 12 (arm) | SKIPPED | SKIPPED | PASS | PASS | +------------------------------+----------------+--------------+---------------------------+------------------------------+ ==== Unit test summary for Fedora Linux 40 (dpdk_unit_test): ==== ninja: Entering directory `/home-local/jenkins-local/jenkins-agent/workspace/Generic-Unit-Test-DPDK@2/dpdk/build' ninja: no work to do. 1/120 DPDK:fast-tests / acl_autotest OK 9.44s 2/120 DPDK:fast-tests / alarm_autotest OK 1.33s 3/120 DPDK:fast-tests / argparse_autotest OK 0.32s 4/120 DPDK:fast-tests / atomic_autotest OK 9.95s 5/120 DPDK:fast-tests / bitcount_autotest OK 0.37s 6/120 DPDK:fast-tests / bitmap_autotest OK 0.33s 7/120 DPDK:fast-tests / bitops_autotest OK 1.83s 8/120 DPDK:fast-tests / bitratestats_autotest OK 0.34s 9/120 DPDK:fast-tests / bitset_autotest OK 7.18s 10/120 DPDK:fast-tests / bpf_autotest OK 0.38s 11/120 DPDK:fast-tests / bpf_convert_autotest OK 0.44s 12/120 DPDK:fast-tests / byteorder_autotest OK 0.35s 13/120 DPDK:fast-tests / cfgfile_autotest OK 0.37s 14/120 DPDK:fast-tests / cksum_autotest OK 0.38s 15/120 DPDK:fast-tests / cmdline_autotest OK 0.38s 16/120 DPDK:fast-tests / common_autotest OK 2.35s 17/120 DPDK:fast-tests / compressdev_autotest SKIP 0.26s exit status 77 18/120 DPDK:fast-tests / cpuflags_autotest OK 0.44s 19/120 DPDK:fast-tests / crc_autotest OK 0.37s 20/120 DPDK:fast-tests / user_delay_us OK 0.37s 21/120 DPDK:fast-tests / debug_autotest OK 2.08s 22/120 DPDK:fast-tests / devargs_autotest OK 0.38s 23/120 DPDK:fast-tests / dispatcher_autotest OK 6.00s 24/120 DPDK:fast-tests / distributor_autotest OK 1.28s 25/120 DPDK:fast-tests / eal_flags_c_opt_autotest OK 5.36s 26/120 DPDK:fast-tests / eal_flags_main_opt_autotest OK 1.50s 27/120 DPDK:fast-tests / eal_flags_n_opt_autotest OK 1.30s 28/120 DPDK:fast-tests / eal_flags_hpet_autotest OK 0.69s 29/120 DPDK:fast-tests / eal_flags_no_huge_autotest OK 1.40s 30/120 DPDK:fast-tests / eal_flags_a_opt_autotest OK 1.94s 31/120 DPDK:fast-tests / eal_flags_b_opt_autotest OK 1.55s 32/120 DPDK:fast-tests / eal_flags_vdev_opt_autotest OK 1.15s 33/120 DPDK:fast-tests / eal_flags_r_opt_autotest OK 1.07s 34/120 DPDK:fast-tests / eal_flags_mem_autotest OK 1.74s 35/120 DPDK:fast-tests / eal_flags_file_prefix_autotest OK 4.54s 36/120 DPDK:fast-tests / eal_flags_misc_autotest FAIL 3.41s (exit status 255 or signal 127 SIGinvalid) >>> DPDK_TEST=eal_flags_misc_autotest MALLOC_PERTURB_=201 /home-local/jenkins-local/jenkins-agent/workspace/Generic-Unit-Test-DPDK@2/dpdk/build/app/dpdk-test 37/120 DPDK:fast-tests / eal_fs_autotest OK 0.43s 38/120 DPDK:fast-tests / errno_autotest OK 0.40s 39/120 DPDK:fast-tests / ethdev_link_status OK 0.36s 40/120 DPDK:fast-tests / event_eth_tx_adapter_autotest OK 3.17s 41/120 DPDK:fast-tests / event_ring_autotest OK 0.40s 42/120 DPDK:fast-tests / eventdev_common_autotest OK 0.37s 43/120 DPDK:fast-tests / eventdev_selftest_sw OK 18.14s 44/120 DPDK:fast-tests / fbarray_autotest OK 0.34s 45/120 DPDK:fast-tests / fib_autotest OK 1.88s 46/120 DPDK:fast-tests / fib6_autotest OK 1.68s 47/120 DPDK:fast-tests / func_reentrancy_autotest OK 1.58s 48/120 DPDK:fast-tests / graph_autotest OK 0.51s 49/120 DPDK:fast-tests / node_list_dump OK 0.44s 50/120 DPDK:fast-tests / graph_feature_arc_autotest OK 0.33s 51/120 DPDK:fast-tests / hash_autotest OK 1.31s 52/120 DPDK:fast-tests / hash_readwrite_func_autotest OK 20.45s 53/120 DPDK:fast-tests / interrupt_autotest OK 1.68s 54/120 DPDK:fast-tests / ipfrag_autotest OK 0.23s 55/120 DPDK:fast-tests / ipsec_autotest SKIP 0.55s exit status 77 56/120 DPDK:fast-tests / kvargs_autotest OK 0.38s 57/120 DPDK:fast-tests / latencystats_autotest OK 0.48s 58/120 DPDK:fast-tests / lcore_var_autotest OK 1.39s 59/120 DPDK:fast-tests / lcores_autotest OK 6.75s 60/120 DPDK:fast-tests / logs_autotest OK 0.41s 61/120 DPDK:fast-tests / lpm_autotest OK 3.29s 62/120 DPDK:fast-tests / lpm6_autotest OK 10.04s 63/120 DPDK:fast-tests / malloc_autotest OK 0.89s 64/120 DPDK:fast-tests / mbuf_autotest OK 4.46s 65/120 DPDK:fast-tests / mcslock_autotest OK 1.59s 66/120 DPDK:fast-tests / member_autotest OK 3.10s 67/120 DPDK:fast-tests / memcpy_autotest OK 12.68s 68/120 DPDK:fast-tests / memory_autotest OK 0.21s 69/120 DPDK:fast-tests / mempool_autotest OK 0.71s 70/120 DPDK:fast-tests / memzone_autotest OK 0.22s 71/120 DPDK:fast-tests / meter_autotest OK 0.38s 72/120 DPDK:fast-tests / metrics_autotest OK 0.33s 73/120 DPDK:fast-tests / multiprocess_autotest OK 0.76s 74/120 DPDK:fast-tests / net_ether_autotest OK 1.96s 75/120 DPDK:fast-tests / net_ipv6_autotest OK 0.34s 76/120 DPDK:fast-tests / pcapng_autotest OK 6.65s 77/120 DPDK:fast-tests / pdcp_autotest SKIP 0.21s exit status 77 78/120 DPDK:fast-tests / pdump_autotest OK 0.94s 79/120 DPDK:fast-tests / per_lcore_autotest OK 0.47s 80/120 DPDK:fast-tests / pflock_autotest OK 0.75s 81/120 DPDK:fast-tests / pie_autotest OK 0.33s 82/120 DPDK:fast-tests / ring_pmd_autotest OK 0.35s 83/120 DPDK:fast-tests / power_autotest OK 0.33s 84/120 DPDK:fast-tests / power_cpufreq_autotest SKIP 0.20s exit status 77 85/120 DPDK:fast-tests / power_intel_uncore_autotest SKIP 0.46s exit status 77 86/120 DPDK:fast-tests / power_kvm_vm_autotest SKIP 0.25s exit status 77 87/120 DPDK:fast-tests / prefetch_autotest OK 0.37s 88/120 DPDK:fast-tests / ptr_compress_autotest OK 0.42s 89/120 DPDK:fast-tests / rawdev_autotest OK 0.41s 90/120 DPDK:fast-tests / rcu_qsbr_autotest OK 1.56s 91/120 DPDK:fast-tests / reorder_autotest OK 0.97s 92/120 DPDK:fast-tests / rib_autotest OK 7.92s 93/120 DPDK:fast-tests / rib6_autotest OK 7.82s 94/120 DPDK:fast-tests / ring_autotest OK 0.44s 95/120 DPDK:fast-tests / rwlock_test1_autotest OK 0.72s 96/120 DPDK:fast-tests / rwlock_rda_autotest OK 5.40s 97/120 DPDK:fast-tests / rwlock_rds_wrm_autotest OK 5.33s 98/120 DPDK:fast-tests / rwlock_rde_wro_autotest OK 5.34s 99/120 DPDK:fast-tests / sched_autotest OK 0.38s 100/120 DPDK:fast-tests / security_autotest OK 0.21s 101/120 DPDK:fast-tests / seqlock_autotest OK 2.48s 102/120 DPDK:fast-tests / service_autotest OK 3.03s 103/120 DPDK:fast-tests / soring_autotest OK 0.34s 104/120 DPDK:fast-tests / spinlock_autotest OK 0.36s 105/120 DPDK:fast-tests / stack_autotest OK 0.77s 106/120 DPDK:fast-tests / stack_lf_autotest OK 0.67s 107/120 DPDK:fast-tests / string_autotest OK 0.37s 108/120 DPDK:fast-tests / table_autotest OK 14.40s 109/120 DPDK:fast-tests / tailq_autotest OK 0.37s 110/120 DPDK:fast-tests / telemetry_data_autotest OK 0.34s 111/120 DPDK:fast-tests / telemetry_json_autotest OK 0.33s 112/120 DPDK:fast-tests / thash_autotest OK 0.36s 113/120 DPDK:fast-tests / threads_autotest OK 0.49s 114/120 DPDK:fast-tests / ticketlock_autotest OK 0.40s 115/120 DPDK:fast-tests / timer_autotest OK 3.46s 116/120 DPDK:fast-tests / trace_autotest OK 0.39s 117/120 DPDK:fast-tests / trace_autotest_with_traces OK 0.36s 118/120 DPDK:fast-tests / vdev_autotest OK 0.33s 119/120 DPDK:fast-tests / version_autotest OK 0.33s 120/120 DPDK:fast-tests / telemetry_all SKIP 0.02s exit status 77 Ok: 112 Expected Fail: 0 Fail: 1 Unexpected Pass: 0 Skipped: 7 Timeout: 0 Full log written to /home-local/jenkins-local/jenkins-agent/workspace/Generic-Unit-Test-DPDK@2/dpdk/build/meson-logs/testlog.txt Test log output from the failed test eal_flags_misc_autotest: Sorry, we were not able to find the logs for this test. Download the log output from the CI site for this test run. ==== End log output ==== CentOS Stream 9 Kernel: 5.4 Compiler: gcc gcc (GCC) 11.5.0 20240719 (Red Hat 11.5.0-11) Debian GNU/Linux 12 Kernel: 5.4 Compiler: gcc gcc (Debian 12.2.0-14+deb12u1) 12.2.0 CentOS Stream 10 Kernel: 5.4 Compiler: gcc gcc (GCC) 14.2.1 20250110 (Red Hat 14.2.1-8) Fedora Linux 40 Kernel: 5.4 Compiler: gcc gcc (GCC) 14.2.1 20240912 (Red Hat 14.2.1-3) Fedora Linux 41 Kernel: 5.4 Compiler: clang gcc (GCC) 14.3.1 20250523 (Red Hat 14.3.1-1) Fedora Linux 42 Kernel: 5.4 Compiler: clang gcc (GCC) 15.2.1 20250808 (Red Hat 15.2.1-1) Ubuntu 22.04 Kernel: 5.4 Compiler: gcc gcc (Ubuntu 11.4.0-1ubuntu1~22.04) 11.4.0 Red Hat Enterprise Linux 9.5 Kernel: 5.4 Compiler: gcc gcc (GCC) 11.5.0 20240719 (Red Hat 11.5.0-2) Ubuntu 24.04 Kernel: 5.4 Compiler: gcc gcc (Ubuntu 13.3.0-6ubuntu2~24.04) 13.3.0 Ubuntu 20.04 Kernel: 5.4 Compiler: gcc gcc (Ubuntu 9.4.0-1ubuntu1~20.04.2) 9.4.0 Debian 12 (arm) Kernel: Depends on container host Compiler: gcc (Debian 12.2.0-14) 12.2.0 To view detailed results, visit: https://lab.dpdk.org/results/dashboard/patchsets/34178/ UNH-IOL DPDK Community Lab To manage your email subscriptions, visit: https://lab.dpdk.org/results/dashboard/preferences/subscriptions/