From mboxrd@z Thu Jan 1 00:00:00 1970 Return-Path: Received: from mails.dpdk.org (mails.dpdk.org [217.70.189.124]) by inbox.dpdk.org (Postfix) with ESMTP id E4F7B4887A for ; Wed, 1 Oct 2025 07:42:17 +0200 (CEST) Received: from mails.dpdk.org (localhost [127.0.0.1]) by mails.dpdk.org (Postfix) with ESMTP id DB171400EF; Wed, 1 Oct 2025 07:42:17 +0200 (CEST) Received: from mail-yw1-f226.google.com (mail-yw1-f226.google.com [209.85.128.226]) by mails.dpdk.org (Postfix) with ESMTP id 4D14E400EF for ; Wed, 1 Oct 2025 07:42:16 +0200 (CEST) Received: by mail-yw1-f226.google.com with SMTP id 00721157ae682-71d6051aeafso71911427b3.2 for ; Tue, 30 Sep 2025 22:42:16 -0700 (PDT) DKIM-Signature: v=1; a=rsa-sha256; c=relaxed/relaxed; d=iol.unh.edu; s=unh-iol; t=1759297335; x=1759902135; darn=dpdk.org; h=references:in-reply-to:cc:to:from:subject:message-id:date:from:to :cc:subject:date:message-id:reply-to; bh=whNRA5PUCc0HqY1XC7eqgIlEhU57W1Djr6Ip8W/i7uA=; b=aGBZjHErY1Ply+75oeTknpyPuKuWEZ2BwomaM93AsgS6KLKqPi2Zyb3k1qYOPeokjY XRswf7s2Nwu0g9SH2l5ZSBip9Cg+vo2HoTTBMPfWvuz+V6vgDhf6x+U2mSbDcVw2ULWN htxSHZiZJ+HDvaraQNbTvljz620t4yMDLtiGo= X-Google-DKIM-Signature: v=1; a=rsa-sha256; c=relaxed/relaxed; d=1e100.net; s=20230601; t=1759297335; x=1759902135; h=references:in-reply-to:cc:to:from:subject:message-id:date :x-gm-message-state:from:to:cc:subject:date:message-id:reply-to; bh=whNRA5PUCc0HqY1XC7eqgIlEhU57W1Djr6Ip8W/i7uA=; b=St8zv8DubUVuG8MQZP3vgxX/SWnhtlDNgodM7ZSJKrs6FvEX+4aMa5jYaXl2JqMItL 77Z84BB4jh6ybj6cmfTaempoT5cI+mDwS3CoKrFLcPd49b5TOgVKNscqz1iNqw/GbTh1 vSIDkRH416JlvhzGnaxpzRR25EafSK/L5AESMqIwqfWj/6qdN7FelYU1OcYvx+FRuhc2 2DsVDWQnmFVYwQRFKE1QLCrGbCUKT++nfeOPIkgLq0wl5FZpclU2ylSkpWr3Ijli9oYk C+zfcE9HEwY+UiZlama2xMqnjnngFSMAVzR6vYM+RD8EpvMMrgSXoqBo18ZfAfnDEBK5 1FpA== X-Gm-Message-State: AOJu0YwXMpLe1/2iDvLwDfYLNMqSxO4M/8XpCz1EDYNr1Mu0H6w0o9gS LOTZSmcbHp8Tc6GG52BXIRP/GeDXTk3jH/9AVQQgWicKm+9CoPEl4gxxelC1sQMV2XzIrhUmP2d cX+b4dd+pxm1fGMb8/nOLD7Fpxd2zUqYgXobD9LicF3llOdSOv2la98B+KJ+M X-Gm-Gg: ASbGnctUqeKT1q7V2jdpFNZQKs2gY9/MoQZDV0eIa3puvUiVS4jTYbe01PEcQj4MPQz Kz+W4nwr2NirLv60dJ4tprnV1XR+mIjFKFYkrScD+uemIEtWQetBmCytin6s9Nro0s86ZgylarE 3Ri7nSTEUyCxdvrpLvsbYDwvSau2S4sGfuCke/ql/S89/a2XjIbhM5hFIzbKYmJrKgM+SW6TftX 3D5z8UIR90xHky22mpr27fyo0l3HUO5IFB2ZpHd45kpADGOfVu9UP3uVKIYCzyWW3AEZksOdeji id7xzy6NM684NNNdsY9yQ4lwpXmfnRXqSTZfLl5z67pRgu5c/M/XcOc= X-Google-Smtp-Source: AGHT+IGsoWWgAJxsFWr44SDCTK+ueK7n+o/gOSy39Gf4v5ZE/9b4R/omxOnXPmwhLM8w9FzVebC3M9TGI6g3 X-Received: by 2002:a05:690c:628a:b0:76c:951:83f5 with SMTP id 00721157ae682-77f6f3d9ea0mr31656047b3.31.1759297335615; Tue, 30 Sep 2025 22:42:15 -0700 (PDT) Received: from postal.iol.unh.edu (postal.iol.unh.edu. [2606:4100:3880:1234::84]) by smtp-relay.gmail.com with ESMTPS id 956f58d0204a3-6361e53e9d8sm689498d50.0.2025.09.30.22.42.15 (version=TLS1_2 cipher=ECDHE-ECDSA-AES128-GCM-SHA256 bits=128/128); Tue, 30 Sep 2025 22:42:15 -0700 (PDT) X-Relaying-Domain: iol.unh.edu Date: Tue, 30 Sep 2025 22:42:15 -0700 (PDT) Message-ID: <68dcbf37.050a0220.7b053.94f8SMTPIN_ADDED_MISSING@mx.google.com> Received: from [172.21.0.2] (unknown [172.18.0.240]) by postal.iol.unh.edu (Postfix) with ESMTP id 0EA676051830; Wed, 1 Oct 2025 01:42:15 -0400 (EDT) Subject: |FAILURE| pw157112-157113 [PATCH] [v4,2/2] net/idpf: enable AVX2 for From: dpdklab@iol.unh.edu To: Test Report Cc: dpdk-test-reports@iol.unh.edu, Bruce Richardson , Shaiq Wani In-Reply-To: <20250930090709.2521114-3-shaiq.wani@intel.com> References: <20250930090709.2521114-3-shaiq.wani@intel.com> Content-Type: text/plain X-BeenThere: test-report@dpdk.org X-Mailman-Version: 2.1.29 Precedence: list List-Id: automatic DPDK test reports List-Unsubscribe: , List-Archive: List-Post: List-Help: List-Subscribe: , Errors-To: test-report-bounces@dpdk.org Test-Label: iol-unit-arm64-testing Test-Status: FAILURE http://dpdk.org/patch/157113 _Testing issues_ Submitter: Shaiq Wani Date: Tuesday, September 30 2025 09:07:09 DPDK git baseline: Repo:dpdk-next-net-intel Branch: master CommitID:9845e5848bbe337306fb6ae2a6b1ce5e6ab5b714 157112-157113 --> testing issues Upstream job id: Generic-Unit-Test-DPDK#376579 Test environment and result as below: +------------------------------+--------------+----------------+------------------------------+---------------------------+ | Environment | lpm_autotest | dpdk_unit_test | cryptodev_sw_snow3g_autotest | cryptodev_sw_zuc_autotest | +==============================+==============+================+==============================+===========================+ | Ubuntu 20.04 | PASS | PEND | SKIPPED | SKIPPED | +------------------------------+--------------+----------------+------------------------------+---------------------------+ | Fedora Linux 40 | SKIPPED | PEND | SKIPPED | SKIPPED | +------------------------------+--------------+----------------+------------------------------+---------------------------+ | Debian GNU/Linux 12 | SKIPPED | WARN | SKIPPED | SKIPPED | +------------------------------+--------------+----------------+------------------------------+---------------------------+ | Fedora Linux 41 | SKIPPED | PEND | SKIPPED | SKIPPED | +------------------------------+--------------+----------------+------------------------------+---------------------------+ | CentOS Stream 10 | SKIPPED | PEND | SKIPPED | SKIPPED | +------------------------------+--------------+----------------+------------------------------+---------------------------+ | Red Hat Enterprise Linux 9.5 | SKIPPED | PEND | SKIPPED | SKIPPED | +------------------------------+--------------+----------------+------------------------------+---------------------------+ | CentOS Stream 9 | SKIPPED | PEND | SKIPPED | SKIPPED | +------------------------------+--------------+----------------+------------------------------+---------------------------+ | Fedora Linux 42 | SKIPPED | PEND | SKIPPED | SKIPPED | +------------------------------+--------------+----------------+------------------------------+---------------------------+ | Ubuntu 22.04 | SKIPPED | PEND | SKIPPED | SKIPPED | +------------------------------+--------------+----------------+------------------------------+---------------------------+ | Ubuntu 24.04 | SKIPPED | PEND | SKIPPED | SKIPPED | +------------------------------+--------------+----------------+------------------------------+---------------------------+ | Debian 12 (arm) | SKIPPED | SKIPPED | WARN | PEND | +------------------------------+--------------+----------------+------------------------------+---------------------------+ ==== 20 line log output for Debian 12 (arm) (cryptodev_sw_snow3g_autotest): ==== ../lib/eal/include/rte_common.h:593:35: note: in definition of macro 'RTE_CAST_PTR' 593 | #define RTE_CAST_PTR(type, ptr) ((type)(uintptr_t)(ptr)) | ^~~~ ../drivers/net/intel/idpf/idpf_common_rxtx.c:275:62: note: each undeclared identifier is reported only once for each function it appears in 275 | _mm_store_si128(RTE_CAST_PTR(__m128i *, &rxdp[i]), | ^~~~~~~ ../lib/eal/include/rte_common.h:593:35: note: in definition of macro 'RTE_CAST_PTR' 593 | #define RTE_CAST_PTR(type, ptr) ((type)(uintptr_t)(ptr)) | ^~~~ ../lib/eal/include/rte_common.h:593:39: error: expected expression before ')' token 593 | #define RTE_CAST_PTR(type, ptr) ((type)(uintptr_t)(ptr)) | ^ ../drivers/net/intel/idpf/idpf_common_rxtx.c:275:49: note: in expansion of macro 'RTE_CAST_PTR' 275 | _mm_store_si128(RTE_CAST_PTR(__m128i *, &rxdp[i]), | ^~~~~~~~~~~~ cc1: all warnings being treated as errors [1970/3763] Compiling C object drivers/libtmp_rte_net_ice.a.p/net_intel_ice_ice_rxtx.c.o [1971/3763] Compiling C object drivers/libtmp_rte_net_ice.a.p/net_intel_ice_ice_dcf_ethdev.c.o [1972/3763] Compiling C object drivers/libtmp_rte_net_idpf.a.p/net_intel_idpf_idpf_common_virtchnl.c.o ninja: build stopped: subcommand failed. ==== End log output ==== Ubuntu 20.04 Kernel: 5.4 Compiler: gcc gcc (Ubuntu 9.4.0-1ubuntu1~20.04.2) 9.4.0 Fedora Linux 40 Kernel: 5.4 Compiler: clang gcc (GCC) 14.2.1 20240912 (Red Hat 14.2.1-3) Debian GNU/Linux 12 Kernel: 5.4 Compiler: gcc gcc (Debian 12.2.0-14+deb12u1) 12.2.0 Fedora Linux 41 Kernel: 5.4 Compiler: gcc gcc (GCC) 14.3.1 20250523 (Red Hat 14.3.1-1) CentOS Stream 10 Kernel: 5.4 Compiler: gcc gcc (GCC) 14.2.1 20250110 (Red Hat 14.2.1-8) Red Hat Enterprise Linux 9.5 Kernel: 5.4 Compiler: gcc gcc (GCC) 11.5.0 20240719 (Red Hat 11.5.0-2) CentOS Stream 9 Kernel: 5.4 Compiler: gcc gcc (GCC) 11.5.0 20240719 (Red Hat 11.5.0-11) Fedora Linux 42 Kernel: 5.4 Compiler: clang gcc (GCC) 15.2.1 20250808 (Red Hat 15.2.1-1) Ubuntu 22.04 Kernel: 5.15 Compiler: gcc gcc (Ubuntu 11.4.0-1ubuntu1~22.04.2) 11.4.0 Ubuntu 24.04 Kernel: 5.4 Compiler: gcc gcc (Ubuntu 13.3.0-6ubuntu2~24.04) 13.3.0 Debian 12 (arm) Kernel: Depends on container host Compiler: gcc (Debian 12.2.0-14) 12.2.0 To view detailed results, visit: https://lab.dpdk.org/results/dashboard/patchsets/34179/ UNH-IOL DPDK Community Lab To manage your email subscriptions, visit: https://lab.dpdk.org/results/dashboard/preferences/subscriptions/