From mboxrd@z Thu Jan 1 00:00:00 1970 Return-Path: Received: from mails.dpdk.org (mails.dpdk.org [217.70.189.124]) by inbox.dpdk.org (Postfix) with ESMTP id 5BC804887A for ; Wed, 1 Oct 2025 07:45:25 +0200 (CEST) Received: from mails.dpdk.org (localhost [127.0.0.1]) by mails.dpdk.org (Postfix) with ESMTP id 576D2400EF; Wed, 1 Oct 2025 07:45:25 +0200 (CEST) Received: from mail-pl1-f226.google.com (mail-pl1-f226.google.com [209.85.214.226]) by mails.dpdk.org (Postfix) with ESMTP id CC3BB400EF for ; Wed, 1 Oct 2025 07:45:23 +0200 (CEST) Received: by mail-pl1-f226.google.com with SMTP id d9443c01a7336-28a5b8b12a1so31124265ad.0 for ; Tue, 30 Sep 2025 22:45:23 -0700 (PDT) DKIM-Signature: v=1; a=rsa-sha256; c=relaxed/relaxed; d=iol.unh.edu; s=unh-iol; t=1759297523; x=1759902323; darn=dpdk.org; h=references:in-reply-to:cc:to:from:subject:message-id:date:from:to :cc:subject:date:message-id:reply-to; bh=CrbQyuypCNk7OzMs0xbYj1EFghSSOYQ8jA1u0h8nixk=; b=Tb9lUzgSx6qOzWxWh6fidvmowaFsGneMWRfJG42kR3Qrpp60P9+yZeBmMTuJ9KJG/u 8FoyYcs+WnGqPl3OCUl8imeEhqbuXMyI2YKNrJrOxAwgFcyMYyXPn/ra1l8KeDshmPZ/ IBjU6mGNJw7l5U16iUVHn5MLDMA2lQZRh7WKU= X-Google-DKIM-Signature: v=1; a=rsa-sha256; c=relaxed/relaxed; d=1e100.net; s=20230601; t=1759297523; x=1759902323; h=references:in-reply-to:cc:to:from:subject:message-id:date :x-gm-message-state:from:to:cc:subject:date:message-id:reply-to; bh=CrbQyuypCNk7OzMs0xbYj1EFghSSOYQ8jA1u0h8nixk=; b=Xk2OaUuipOWDzGFZ5TwgQGzzQKWkcfrwGXMKQHzWLw8ZPB5mqqNG6Vf0/yN1FAcEVy Gsy0L2Omq0FBm3NBU7l1LQA/oLjTZ56d64+dVxqrA1b+mvL9/b7aJBromVQXDl1OitWt gy3j9LUB+/34SyxKB6V87pHX8DNVaAB5SGqe7KNb1ivh/3GCIRZG+EftkdfTFcO9xgWK ow1FHeTlgzykwuJ385GKcTwOg8SrVLvFXgb5LB4QmKzcXCIazjk7Bgv5t3hLv8SRRpor EUjgyKjHJzN9SWmESRC2/F3ug2oJFsZKmugkfkpYPap6Dhum/9aleWZl1OKkZJ29vnuG jhfw== X-Gm-Message-State: AOJu0YwYbUWenSi3A97VdR6qB7VwQ7Y6WbZ0YmrnKQuO0Yz7T0fJb0Ju 7g2tJppV+taB5+D5WWe1L/rq0cCyfcHIXDKkILZSlywSDKzkQFyRqzfFL6At7neMb1gwhp3R/wy DIOWLgIWomaw7xClCQ13wzVMODdEDkDvXvhOChww12Why X-Gm-Gg: ASbGncs0ycBUSdA2/uQIiUemMbxlv8lCxPuiRBPRRw4vgVnS5xxx5RW+nJFsh5qmOSs KMIhUw+LwEc9jQQgnb/gKa3ryujbftKEsP+WLDh6eXsJv8KqsFhh+jYos3QmDwSy7cOasr8JvLG W9THsiwAac+g/JAAHEK2WBWXuSmG/x8jl6AzswTJnYRsmx8kyAsx/Jg8KSlwwcHfIU+aoMM7GRV C6aiTcXysLrFJbpdgsQCLnrS/owfD/qfegSzEwWCLB6vNfDhXnCWLhOB4woP8Z4W2dXBNAfg92F jGQFh6OdCmLWJJrCeXrnxU7nzVYTKXFKQMF61IjejkJtIqvph3e4B8Wr89vcN2TVTdK7QMz2d+Z NFQ== X-Google-Smtp-Source: AGHT+IGCuGPhmDHG9p348WqKoAMKH2qjuxIA/d/ZuXP215eURNfBAqsK1SzoBm/Z2/2R9IEhvNVH9oTWdRXV X-Received: by 2002:a17:903:1aa5:b0:249:37ad:ad03 with SMTP id d9443c01a7336-28e7f2f77bbmr25825005ad.34.1759297522957; Tue, 30 Sep 2025 22:45:22 -0700 (PDT) Received: from postal.iol.unh.edu (postal.iol.unh.edu. [132.177.123.84]) by smtp-relay.gmail.com with ESMTPS id d9443c01a7336-28e7fa8f825sm1376995ad.21.2025.09.30.22.45.22 (version=TLS1_2 cipher=ECDHE-ECDSA-AES128-GCM-SHA256 bits=128/128); Tue, 30 Sep 2025 22:45:22 -0700 (PDT) X-Relaying-Domain: iol.unh.edu Date: Tue, 30 Sep 2025 22:45:22 -0700 (PDT) Message-ID: <68dcbff2.170a0220.4814e.81b0SMTPIN_ADDED_MISSING@mx.google.com> Received: from [172.21.0.2] (unknown [172.18.0.240]) by postal.iol.unh.edu (Postfix) with ESMTP id 6F85F6051830; Wed, 1 Oct 2025 01:45:22 -0400 (EDT) Subject: |FAILURE| pw157112-157113 [PATCH] [v4,2/2] net/idpf: enable AVX2 for From: dpdklab@iol.unh.edu To: Test Report Cc: dpdk-test-reports@iol.unh.edu, Bruce Richardson , Shaiq Wani In-Reply-To: <20250930090709.2521114-3-shaiq.wani@intel.com> References: <20250930090709.2521114-3-shaiq.wani@intel.com> Content-Type: text/plain X-BeenThere: test-report@dpdk.org X-Mailman-Version: 2.1.29 Precedence: list List-Id: automatic DPDK test reports List-Unsubscribe: , List-Archive: List-Post: List-Help: List-Subscribe: , Errors-To: test-report-bounces@dpdk.org Test-Label: iol-unit-arm64-testing Test-Status: FAILURE http://dpdk.org/patch/157113 _Testing issues_ Submitter: Shaiq Wani Date: Tuesday, September 30 2025 09:07:09 DPDK git baseline: Repo:dpdk-next-net-intel Branch: master CommitID:9845e5848bbe337306fb6ae2a6b1ce5e6ab5b714 157112-157113 --> testing issues Upstream job id: Generic-Unit-Test-DPDK#376578 Test environment and result as below: +------------------------------+--------------+----------------+------------------------------+---------------------------+ | Environment | lpm_autotest | dpdk_unit_test | cryptodev_sw_snow3g_autotest | cryptodev_sw_zuc_autotest | +==============================+==============+================+==============================+===========================+ | Ubuntu 20.04 | PASS | PEND | SKIPPED | SKIPPED | +------------------------------+--------------+----------------+------------------------------+---------------------------+ | Fedora Linux 40 | SKIPPED | WARN | SKIPPED | SKIPPED | +------------------------------+--------------+----------------+------------------------------+---------------------------+ | Debian GNU/Linux 12 | SKIPPED | WARN | SKIPPED | SKIPPED | +------------------------------+--------------+----------------+------------------------------+---------------------------+ | Fedora Linux 41 | SKIPPED | PEND | SKIPPED | SKIPPED | +------------------------------+--------------+----------------+------------------------------+---------------------------+ | CentOS Stream 10 | SKIPPED | WARN | SKIPPED | SKIPPED | +------------------------------+--------------+----------------+------------------------------+---------------------------+ | Red Hat Enterprise Linux 9.5 | SKIPPED | PEND | SKIPPED | SKIPPED | +------------------------------+--------------+----------------+------------------------------+---------------------------+ | CentOS Stream 9 | SKIPPED | PEND | SKIPPED | SKIPPED | +------------------------------+--------------+----------------+------------------------------+---------------------------+ | Fedora Linux 42 | SKIPPED | PEND | SKIPPED | SKIPPED | +------------------------------+--------------+----------------+------------------------------+---------------------------+ | Ubuntu 22.04 | SKIPPED | PEND | SKIPPED | SKIPPED | +------------------------------+--------------+----------------+------------------------------+---------------------------+ | Ubuntu 24.04 | SKIPPED | PEND | SKIPPED | SKIPPED | +------------------------------+--------------+----------------+------------------------------+---------------------------+ | Debian 12 (arm) | SKIPPED | SKIPPED | WARN | WARN | +------------------------------+--------------+----------------+------------------------------+---------------------------+ ==== 20 line log output for Debian 12 (arm) (cryptodev_sw_zuc_autotest): ==== ../lib/eal/include/rte_common.h:593:35: note: in definition of macro 'RTE_CAST_PTR' 593 | #define RTE_CAST_PTR(type, ptr) ((type)(uintptr_t)(ptr)) | ^~~~ ../drivers/net/intel/idpf/idpf_common_rxtx.c:275:62: note: each undeclared identifier is reported only once for each function it appears in 275 | _mm_store_si128(RTE_CAST_PTR(__m128i *, &rxdp[i]), | ^~~~~~~ ../lib/eal/include/rte_common.h:593:35: note: in definition of macro 'RTE_CAST_PTR' 593 | #define RTE_CAST_PTR(type, ptr) ((type)(uintptr_t)(ptr)) | ^~~~ ../lib/eal/include/rte_common.h:593:39: error: expected expression before ')' token 593 | #define RTE_CAST_PTR(type, ptr) ((type)(uintptr_t)(ptr)) | ^ ../drivers/net/intel/idpf/idpf_common_rxtx.c:275:49: note: in expansion of macro 'RTE_CAST_PTR' 275 | _mm_store_si128(RTE_CAST_PTR(__m128i *, &rxdp[i]), | ^~~~~~~~~~~~ cc1: all warnings being treated as errors [1985/3763] Compiling C object drivers/libtmp_rte_net_idpf.a.p/net_intel_idpf_idpf_ethdev.c.o [1986/3763] Compiling C object drivers/libtmp_rte_net_idpf.a.p/net_intel_idpf_idpf_rxtx.c.o [1987/3763] Compiling C object drivers/libtmp_rte_net_ixgbe.a.p/net_intel_ixgbe_ixgbe_ethdev.c.o ninja: build stopped: subcommand failed. ==== End log output ==== Ubuntu 20.04 Kernel: 5.4 Compiler: gcc gcc (Ubuntu 9.4.0-1ubuntu1~20.04.2) 9.4.0 Fedora Linux 40 Kernel: 5.4 Compiler: clang gcc (GCC) 14.2.1 20240912 (Red Hat 14.2.1-3) Debian GNU/Linux 12 Kernel: 5.4 Compiler: gcc gcc (Debian 12.2.0-14+deb12u1) 12.2.0 Fedora Linux 41 Kernel: 5.4 Compiler: gcc gcc (GCC) 14.3.1 20250523 (Red Hat 14.3.1-1) CentOS Stream 10 Kernel: 5.4 Compiler: gcc gcc (GCC) 14.2.1 20250110 (Red Hat 14.2.1-8) Red Hat Enterprise Linux 9.5 Kernel: 5.4 Compiler: gcc gcc (GCC) 11.5.0 20240719 (Red Hat 11.5.0-2) CentOS Stream 9 Kernel: 5.4 Compiler: gcc gcc (GCC) 11.5.0 20240719 (Red Hat 11.5.0-11) Fedora Linux 42 Kernel: 5.4 Compiler: clang gcc (GCC) 15.2.1 20250808 (Red Hat 15.2.1-1) Ubuntu 22.04 Kernel: 5.15 Compiler: gcc gcc (Ubuntu 11.4.0-1ubuntu1~22.04.2) 11.4.0 Ubuntu 24.04 Kernel: 5.4 Compiler: gcc gcc (Ubuntu 13.3.0-6ubuntu2~24.04) 13.3.0 Debian 12 (arm) Kernel: Depends on container host Compiler: gcc (Debian 12.2.0-14) 12.2.0 To view detailed results, visit: https://lab.dpdk.org/results/dashboard/patchsets/34179/ UNH-IOL DPDK Community Lab To manage your email subscriptions, visit: https://lab.dpdk.org/results/dashboard/preferences/subscriptions/