From mboxrd@z Thu Jan 1 00:00:00 1970 Return-Path: Received: from mails.dpdk.org (mails.dpdk.org [217.70.189.124]) by inbox.dpdk.org (Postfix) with ESMTP id DD41D4887A for ; Wed, 1 Oct 2025 07:46:47 +0200 (CEST) Received: from mails.dpdk.org (localhost [127.0.0.1]) by mails.dpdk.org (Postfix) with ESMTP id CEB66400EF; Wed, 1 Oct 2025 07:46:47 +0200 (CEST) Received: from mail-pl1-f225.google.com (mail-pl1-f225.google.com [209.85.214.225]) by mails.dpdk.org (Postfix) with ESMTP id F003D400EF for ; Wed, 1 Oct 2025 07:46:45 +0200 (CEST) Received: by mail-pl1-f225.google.com with SMTP id d9443c01a7336-26d0fbe238bso52296185ad.3 for ; Tue, 30 Sep 2025 22:46:45 -0700 (PDT) DKIM-Signature: v=1; a=rsa-sha256; c=relaxed/relaxed; d=iol.unh.edu; s=unh-iol; t=1759297605; x=1759902405; darn=dpdk.org; h=references:in-reply-to:cc:to:from:subject:message-id:date:from:to :cc:subject:date:message-id:reply-to; bh=17WHMuwmq+93YDE+m01UiVQH2qdrRuq1TPgq3Lq1ti0=; b=crSVXP8i3PQ30G9T9txUjV6yGpEAgzS1FO+Eflz1Qp6qd3G7upK3Fx5ewHZexdWZsC EjEPYQ5Ew+Xn41kTBN8SYxmDpNbAFZgsuWvVHmIl50c7HYDj4fuVmEXnIsyObOQ4Snwv WsrQywTuTRVndzEqoYAj5AOFFvNWPUXasVexo= X-Google-DKIM-Signature: v=1; a=rsa-sha256; c=relaxed/relaxed; d=1e100.net; s=20230601; t=1759297605; x=1759902405; h=references:in-reply-to:cc:to:from:subject:message-id:date :x-gm-message-state:from:to:cc:subject:date:message-id:reply-to; bh=17WHMuwmq+93YDE+m01UiVQH2qdrRuq1TPgq3Lq1ti0=; b=Y6OWrctZ3riN95RWVutuvdbMFzW9gP6aFevFtHESk9h91KZKdlccpbnLWNmCNFWX0i LBF2v0FMhUYHrnuvurC5tMu3vO4MCf+R72rLiVlBUwu/Mgww2xF7OHQLLKJp7YMlKDON UZPZzj//fpsYXBDBwPrXQIpQ36RfOkNNXpfA3GC6tSrwwBbbIZPpIj5mZNzqzy4A5ezV i2T27JqR+tqcJrlU77kVAJH32DLg4m6wjbP3ifkGUlacCxn9wBmcsDaNPFyf9APiJ68R DG2wf/GR4yVIEM7h4/MRr2eQNqXFKrkUsAj0Lk+l9B5Dudy9tvgAqbsXqugvTxcxAXBy R3Ng== X-Gm-Message-State: AOJu0Yy1aTO1aUv5Pn9kiHP9EZrmD708amkt7wrI8JHGPgsl68d/7Kx0 ieP7pOq0mdZd3NchJl1tBS3STrAwswBBvpesnr7yv90mJU7QD1icL1kBzkCAJ9Z9FGRK18BmjiM FhS1n/2CjwG8LBWptxeJ32L5H+0BJX/p084kpNb+A5OAv X-Gm-Gg: ASbGncuiN2SRiM0CqVBoUkrErIwP9JJYyQ59u4Xkyhmfpp78TuBO8BztZh3R6begCHf yG9m9cQ2eWSbiSwS5AYC77xLnS5L5XhtYdESjboXiwh9TdzQfYx3F0oZwycofWpz6oQOXLd4aIC HE0jqboXsamnbBb2i3sJtQDSQlHyu8FO2nh/Bzb6rRoRhkjhLMH9KbIgt2Yhfl1IoTQUPZPsqSm 3hGvT746HBqQWyePwA2t5d7HeSssa6+B+plF9BerqaKS1vwhZZTn5o+cupbWBAXZrBdxXOFamMY qw71cJUbdPq4n5qStDPgpQeykPHK43hK/DMt19K3uydaGb8qwbhhPF+tZc8mFZCu7noWK2HWtaS 9mg== X-Google-Smtp-Source: AGHT+IGrIg1hQ07u0L8aMmAdoO9EVnCt3/lEekGMaHzTOQY/9lZlhrY/cV2ZIIzvTV4feYKn8XEmLWpclk9c X-Received: by 2002:a17:903:245:b0:27e:ef96:c153 with SMTP id d9443c01a7336-28e7f2922e8mr27184665ad.19.1759297605133; Tue, 30 Sep 2025 22:46:45 -0700 (PDT) Received: from postal.iol.unh.edu (postal.iol.unh.edu. [132.177.123.84]) by smtp-relay.gmail.com with ESMTPS id d9443c01a7336-27ed66dcf5dsm14314495ad.19.2025.09.30.22.46.45 (version=TLS1_2 cipher=ECDHE-ECDSA-AES128-GCM-SHA256 bits=128/128); Tue, 30 Sep 2025 22:46:45 -0700 (PDT) X-Relaying-Domain: iol.unh.edu Date: Tue, 30 Sep 2025 22:46:45 -0700 (PDT) Message-ID: <68dcc045.170a0220.3a164b.5d85SMTPIN_ADDED_MISSING@mx.google.com> Received: from [172.21.0.3] (unknown [172.18.0.240]) by postal.iol.unh.edu (Postfix) with ESMTP id 6AD386051830; Wed, 1 Oct 2025 01:46:44 -0400 (EDT) Subject: |FAILURE| pw157112-157113 [PATCH] [v4,2/2] net/idpf: enable AVX2 for From: dpdklab@iol.unh.edu To: Test Report Cc: dpdk-test-reports@iol.unh.edu, Bruce Richardson , Shaiq Wani In-Reply-To: <20250930090709.2521114-3-shaiq.wani@intel.com> References: <20250930090709.2521114-3-shaiq.wani@intel.com> Content-Type: text/plain X-BeenThere: test-report@dpdk.org X-Mailman-Version: 2.1.29 Precedence: list List-Id: automatic DPDK test reports List-Unsubscribe: , List-Archive: List-Post: List-Help: List-Subscribe: , Errors-To: test-report-bounces@dpdk.org Test-Label: iol-unit-arm64-testing Test-Status: FAILURE http://dpdk.org/patch/157113 _Testing issues_ Submitter: Shaiq Wani Date: Tuesday, September 30 2025 09:07:09 DPDK git baseline: Repo:dpdk-next-net-intel Branch: master CommitID:9845e5848bbe337306fb6ae2a6b1ce5e6ab5b714 157112-157113 --> testing issues Upstream job id: Generic-Unit-Test-DPDK#376572 Test environment and result as below: +------------------------------+--------------+----------------+------------------------------+---------------------------+ | Environment | lpm_autotest | dpdk_unit_test | cryptodev_sw_snow3g_autotest | cryptodev_sw_zuc_autotest | +==============================+==============+================+==============================+===========================+ | Ubuntu 20.04 | PASS | WARN | SKIPPED | SKIPPED | +------------------------------+--------------+----------------+------------------------------+---------------------------+ | Fedora Linux 40 | SKIPPED | WARN | SKIPPED | SKIPPED | +------------------------------+--------------+----------------+------------------------------+---------------------------+ | Debian GNU/Linux 12 | SKIPPED | WARN | SKIPPED | SKIPPED | +------------------------------+--------------+----------------+------------------------------+---------------------------+ | Fedora Linux 41 | SKIPPED | PEND | SKIPPED | SKIPPED | +------------------------------+--------------+----------------+------------------------------+---------------------------+ | CentOS Stream 10 | SKIPPED | WARN | SKIPPED | SKIPPED | +------------------------------+--------------+----------------+------------------------------+---------------------------+ | Red Hat Enterprise Linux 9.5 | SKIPPED | PEND | SKIPPED | SKIPPED | +------------------------------+--------------+----------------+------------------------------+---------------------------+ | CentOS Stream 9 | SKIPPED | PEND | SKIPPED | SKIPPED | +------------------------------+--------------+----------------+------------------------------+---------------------------+ | Fedora Linux 42 | SKIPPED | PEND | SKIPPED | SKIPPED | +------------------------------+--------------+----------------+------------------------------+---------------------------+ | Ubuntu 22.04 | SKIPPED | PEND | SKIPPED | SKIPPED | +------------------------------+--------------+----------------+------------------------------+---------------------------+ | Ubuntu 24.04 | SKIPPED | PEND | SKIPPED | SKIPPED | +------------------------------+--------------+----------------+------------------------------+---------------------------+ | Debian 12 (arm) | SKIPPED | SKIPPED | WARN | WARN | +------------------------------+--------------+----------------+------------------------------+---------------------------+ ==== 20 line log output for Debian 12 (arm) (cryptodev_sw_zuc_autotest): ==== ../lib/eal/include/rte_common.h:593:35: note: in definition of macro 'RTE_CAST_PTR' 593 | #define RTE_CAST_PTR(type, ptr) ((type)(uintptr_t)(ptr)) | ^~~~ ../drivers/net/intel/idpf/idpf_common_rxtx.c:275:62: note: each undeclared identifier is reported only once for each function it appears in 275 | _mm_store_si128(RTE_CAST_PTR(__m128i *, &rxdp[i]), | ^~~~~~~ ../lib/eal/include/rte_common.h:593:35: note: in definition of macro 'RTE_CAST_PTR' 593 | #define RTE_CAST_PTR(type, ptr) ((type)(uintptr_t)(ptr)) | ^~~~ ../lib/eal/include/rte_common.h:593:39: error: expected expression before ')' token 593 | #define RTE_CAST_PTR(type, ptr) ((type)(uintptr_t)(ptr)) | ^ ../drivers/net/intel/idpf/idpf_common_rxtx.c:275:49: note: in expansion of macro 'RTE_CAST_PTR' 275 | _mm_store_si128(RTE_CAST_PTR(__m128i *, &rxdp[i]), | ^~~~~~~~~~~~ cc1: all warnings being treated as errors [1985/3763] Compiling C object drivers/libtmp_rte_net_idpf.a.p/net_intel_idpf_idpf_ethdev.c.o [1986/3763] Compiling C object drivers/libtmp_rte_net_idpf.a.p/net_intel_idpf_idpf_rxtx.c.o [1987/3763] Compiling C object drivers/libtmp_rte_net_ixgbe.a.p/net_intel_ixgbe_ixgbe_ethdev.c.o ninja: build stopped: subcommand failed. ==== End log output ==== Ubuntu 20.04 Kernel: 5.4 Compiler: gcc gcc (Ubuntu 9.4.0-1ubuntu1~20.04.2) 9.4.0 Fedora Linux 40 Kernel: 5.4 Compiler: clang gcc (GCC) 14.2.1 20240912 (Red Hat 14.2.1-3) Debian GNU/Linux 12 Kernel: 5.4 Compiler: gcc gcc (Debian 12.2.0-14+deb12u1) 12.2.0 Fedora Linux 41 Kernel: 5.4 Compiler: gcc gcc (GCC) 14.3.1 20250523 (Red Hat 14.3.1-1) CentOS Stream 10 Kernel: 5.4 Compiler: gcc gcc (GCC) 14.2.1 20250110 (Red Hat 14.2.1-8) Red Hat Enterprise Linux 9.5 Kernel: 5.4 Compiler: gcc gcc (GCC) 11.5.0 20240719 (Red Hat 11.5.0-2) CentOS Stream 9 Kernel: 5.4 Compiler: gcc gcc (GCC) 11.5.0 20240719 (Red Hat 11.5.0-11) Fedora Linux 42 Kernel: 5.4 Compiler: clang gcc (GCC) 15.2.1 20250808 (Red Hat 15.2.1-1) Ubuntu 22.04 Kernel: 5.15 Compiler: gcc gcc (Ubuntu 11.4.0-1ubuntu1~22.04.2) 11.4.0 Ubuntu 24.04 Kernel: 5.4 Compiler: gcc gcc (Ubuntu 13.3.0-6ubuntu2~24.04) 13.3.0 Debian 12 (arm) Kernel: Depends on container host Compiler: gcc (Debian 12.2.0-14) 12.2.0 To view detailed results, visit: https://lab.dpdk.org/results/dashboard/patchsets/34179/ UNH-IOL DPDK Community Lab To manage your email subscriptions, visit: https://lab.dpdk.org/results/dashboard/preferences/subscriptions/