From mboxrd@z Thu Jan 1 00:00:00 1970 Return-Path: Received: from mails.dpdk.org (mails.dpdk.org [217.70.189.124]) by inbox.dpdk.org (Postfix) with ESMTP id 458D44887A for ; Wed, 1 Oct 2025 07:48:45 +0200 (CEST) Received: from mails.dpdk.org (localhost [127.0.0.1]) by mails.dpdk.org (Postfix) with ESMTP id 3DE0F400EF; Wed, 1 Oct 2025 07:48:45 +0200 (CEST) Received: from mail-io1-f97.google.com (mail-io1-f97.google.com [209.85.166.97]) by mails.dpdk.org (Postfix) with ESMTP id B6DC1400EF for ; Wed, 1 Oct 2025 07:48:44 +0200 (CEST) Received: by mail-io1-f97.google.com with SMTP id ca18e2360f4ac-930cfdfabb3so29234739f.1 for ; Tue, 30 Sep 2025 22:48:44 -0700 (PDT) DKIM-Signature: v=1; a=rsa-sha256; c=relaxed/relaxed; d=iol.unh.edu; s=unh-iol; t=1759297724; x=1759902524; darn=dpdk.org; h=references:in-reply-to:cc:to:from:subject:message-id:date:from:to :cc:subject:date:message-id:reply-to; bh=jOa0jtPxSNOQ7cMuTDE+JdwCdvhqTeUc56ADkbZXJ+Y=; b=d2cATVfUctmg1w6UDhMXm99h0Eu7SoSieeuzknLzsuT/X0pUXDjIP13HmZYftRB4BJ ecu2xMU3UfDmLwkHoJHTPGw2Rx/ydOZ8Rar8YgA7k72rmhw5VWvxUl5mcMM3uF6oF8/j tS4xi0o5QNE+FOmQIEA+X+uPlkq1JHCxFE76Y= X-Google-DKIM-Signature: v=1; a=rsa-sha256; c=relaxed/relaxed; d=1e100.net; s=20230601; t=1759297724; x=1759902524; h=references:in-reply-to:cc:to:from:subject:message-id:date :x-gm-message-state:from:to:cc:subject:date:message-id:reply-to; bh=jOa0jtPxSNOQ7cMuTDE+JdwCdvhqTeUc56ADkbZXJ+Y=; b=LEDEwzMOroLKVQLjc7IBr9nnDZx8G9m58YfbwyMiLo2xFBVSQPjAQMUtaLp10Ds330 tB6qhe9zers8P7ONU9XxwVWWKxW20Uzh/33uoy8miKhqcBvPJMmvlx/BEey8JABSkYVS rqiKf6EkqGK0hFvZ4wipPLPERyjcV0f9rfYFZKgvHKFLwbPA4QY3ppFCQsaSH+fvcxjy CO3Mo8YIF5lvqv9tiOkrT2NhT+XfBIpOvdf8MGIU4Ld4/EimRKSC5L0RfGSGBAy0Mq0u dQ9SZ104wm6WZrpXoPcF1kyQ8Pn9qaQZiEsqnwIE9cnHQpYvqR4HSovqTTlrvRAeiz/3 TTgg== X-Gm-Message-State: AOJu0Yx6S7aqVIVX1uLWhBlDy4/DHX27ChVznPK3cvGRwnHZutzSzzVw /litm5R9t38ZIq2TvfWtWvd0Tu5cEpcbJR1KAJoPqPy/Ux0XFXTkCRcbYooXHDyXlFmzLH1W2ft 24QzpA1w9UZIUd6wSVsTWglDB7clsgEmdhoGzb+H0nLLb X-Gm-Gg: ASbGncsnv+2BuOg2pwrdeTPCMG2mjix6CKIRUwXucKBNMmMBCwuTcGyC7fBMGqhllbK ZsaiQilb243piIKNtjgCEUKw/O/4URS4v1Tu4ksAqzk4Ts8OHr/EuQLcC++XUX8T6rNg03z2o60 escykOUoKFlZCiDMEyfcjTgdI/Wj7EGR2yNe7c/zvWQUu8CmQ2G9B8HlRXhnvCP1lnIIGkxawT2 VBk9eWQ/scF53kWcSoPu0mjnyyEoFfZ1X5/02Q8tY3usjCgNIlLTZyxM05JAjAzLxqu3xm1Ig7J PH4zXfSyaNinleJ9MI7W/oYHbySEp/oTBYfqMB2xfsKZ/7z4LqwAVn/novfW2miro9cPDwWz1O4 5pg== X-Google-Smtp-Source: AGHT+IGv1YGD36rqTULhDhAqabspgKIn1e5saZUnY17H/oo6ZfmVep1OYPrlvopUedRfdWyM0jBBuyqTXaSG X-Received: by 2002:a05:6e02:17c7:b0:422:a9aa:7ff4 with SMTP id e9e14a558f8ab-42d81616fc1mr32492305ab.11.1759297724011; Tue, 30 Sep 2025 22:48:44 -0700 (PDT) Received: from postal.iol.unh.edu (postal.iol.unh.edu. [132.177.123.84]) by smtp-relay.gmail.com with ESMTPS id e9e14a558f8ab-425c02654efsm11684355ab.39.2025.09.30.22.48.43 (version=TLS1_2 cipher=ECDHE-ECDSA-AES128-GCM-SHA256 bits=128/128); Tue, 30 Sep 2025 22:48:44 -0700 (PDT) X-Relaying-Domain: iol.unh.edu Date: Tue, 30 Sep 2025 22:48:44 -0700 (PDT) Message-ID: <68dcc0bc.050a0220.4f2f6.8ca5SMTPIN_ADDED_MISSING@mx.google.com> Received: from [172.21.0.2] (unknown [172.18.0.240]) by postal.iol.unh.edu (Postfix) with ESMTP id 8EFD86051830; Wed, 1 Oct 2025 01:48:43 -0400 (EDT) Subject: |FAILURE| pw157112-157113 [PATCH] [v4,2/2] net/idpf: enable AVX2 for From: dpdklab@iol.unh.edu To: Test Report Cc: dpdk-test-reports@iol.unh.edu, Bruce Richardson , Shaiq Wani In-Reply-To: <20250930090709.2521114-3-shaiq.wani@intel.com> References: <20250930090709.2521114-3-shaiq.wani@intel.com> Content-Type: text/plain X-BeenThere: test-report@dpdk.org X-Mailman-Version: 2.1.29 Precedence: list List-Id: automatic DPDK test reports List-Unsubscribe: , List-Archive: List-Post: List-Help: List-Subscribe: , Errors-To: test-report-bounces@dpdk.org Test-Label: iol-unit-arm64-testing Test-Status: FAILURE http://dpdk.org/patch/157113 _Testing issues_ Submitter: Shaiq Wani Date: Tuesday, September 30 2025 09:07:09 DPDK git baseline: Repo:dpdk-next-net-intel Branch: master CommitID:9845e5848bbe337306fb6ae2a6b1ce5e6ab5b714 157112-157113 --> testing issues Upstream job id: Generic-Unit-Test-DPDK#376594 Test environment and result as below: +------------------------------+--------------+----------------+------------------------------+---------------------------+ | Environment | lpm_autotest | dpdk_unit_test | cryptodev_sw_snow3g_autotest | cryptodev_sw_zuc_autotest | +==============================+==============+================+==============================+===========================+ | Ubuntu 20.04 | PASS | WARN | SKIPPED | SKIPPED | +------------------------------+--------------+----------------+------------------------------+---------------------------+ | Fedora Linux 40 | SKIPPED | WARN | SKIPPED | SKIPPED | +------------------------------+--------------+----------------+------------------------------+---------------------------+ | Debian GNU/Linux 12 | SKIPPED | WARN | SKIPPED | SKIPPED | +------------------------------+--------------+----------------+------------------------------+---------------------------+ | Fedora Linux 41 | SKIPPED | PEND | SKIPPED | SKIPPED | +------------------------------+--------------+----------------+------------------------------+---------------------------+ | CentOS Stream 10 | SKIPPED | WARN | SKIPPED | SKIPPED | +------------------------------+--------------+----------------+------------------------------+---------------------------+ | Red Hat Enterprise Linux 9.5 | SKIPPED | PEND | SKIPPED | SKIPPED | +------------------------------+--------------+----------------+------------------------------+---------------------------+ | CentOS Stream 9 | SKIPPED | PEND | SKIPPED | SKIPPED | +------------------------------+--------------+----------------+------------------------------+---------------------------+ | Fedora Linux 42 | SKIPPED | PEND | SKIPPED | SKIPPED | +------------------------------+--------------+----------------+------------------------------+---------------------------+ | Ubuntu 22.04 | SKIPPED | PEND | SKIPPED | SKIPPED | +------------------------------+--------------+----------------+------------------------------+---------------------------+ | Ubuntu 24.04 | SKIPPED | PEND | SKIPPED | SKIPPED | +------------------------------+--------------+----------------+------------------------------+---------------------------+ | Debian 12 (arm) | SKIPPED | SKIPPED | WARN | WARN | +------------------------------+--------------+----------------+------------------------------+---------------------------+ ==== 20 line log output for Debian 12 (arm) (cryptodev_sw_zuc_autotest): ==== ../lib/eal/include/rte_common.h:593:35: note: in definition of macro 'RTE_CAST_PTR' 593 | #define RTE_CAST_PTR(type, ptr) ((type)(uintptr_t)(ptr)) | ^~~~ ../drivers/net/intel/idpf/idpf_common_rxtx.c:275:62: note: each undeclared identifier is reported only once for each function it appears in 275 | _mm_store_si128(RTE_CAST_PTR(__m128i *, &rxdp[i]), | ^~~~~~~ ../lib/eal/include/rte_common.h:593:35: note: in definition of macro 'RTE_CAST_PTR' 593 | #define RTE_CAST_PTR(type, ptr) ((type)(uintptr_t)(ptr)) | ^~~~ ../lib/eal/include/rte_common.h:593:39: error: expected expression before ')' token 593 | #define RTE_CAST_PTR(type, ptr) ((type)(uintptr_t)(ptr)) | ^ ../drivers/net/intel/idpf/idpf_common_rxtx.c:275:49: note: in expansion of macro 'RTE_CAST_PTR' 275 | _mm_store_si128(RTE_CAST_PTR(__m128i *, &rxdp[i]), | ^~~~~~~~~~~~ cc1: all warnings being treated as errors [1985/3763] Compiling C object drivers/libtmp_rte_net_idpf.a.p/net_intel_idpf_idpf_ethdev.c.o [1986/3763] Compiling C object drivers/libtmp_rte_net_idpf.a.p/net_intel_idpf_idpf_rxtx.c.o [1987/3763] Compiling C object drivers/libtmp_rte_net_ixgbe.a.p/net_intel_ixgbe_ixgbe_ethdev.c.o ninja: build stopped: subcommand failed. ==== End log output ==== Ubuntu 20.04 Kernel: 5.4 Compiler: gcc gcc (Ubuntu 9.4.0-1ubuntu1~20.04.2) 9.4.0 Fedora Linux 40 Kernel: 5.4 Compiler: clang gcc (GCC) 14.2.1 20240912 (Red Hat 14.2.1-3) Debian GNU/Linux 12 Kernel: 5.4 Compiler: gcc gcc (Debian 12.2.0-14+deb12u1) 12.2.0 Fedora Linux 41 Kernel: 5.4 Compiler: gcc gcc (GCC) 14.3.1 20250523 (Red Hat 14.3.1-1) CentOS Stream 10 Kernel: 5.4 Compiler: gcc gcc (GCC) 14.2.1 20250110 (Red Hat 14.2.1-8) Red Hat Enterprise Linux 9.5 Kernel: 5.4 Compiler: gcc gcc (GCC) 11.5.0 20240719 (Red Hat 11.5.0-2) CentOS Stream 9 Kernel: 5.4 Compiler: gcc gcc (GCC) 11.5.0 20240719 (Red Hat 11.5.0-11) Fedora Linux 42 Kernel: 5.4 Compiler: clang gcc (GCC) 15.2.1 20250808 (Red Hat 15.2.1-1) Ubuntu 22.04 Kernel: 5.15 Compiler: gcc gcc (Ubuntu 11.4.0-1ubuntu1~22.04.2) 11.4.0 Ubuntu 24.04 Kernel: 5.4 Compiler: gcc gcc (Ubuntu 13.3.0-6ubuntu2~24.04) 13.3.0 Debian 12 (arm) Kernel: Depends on container host Compiler: gcc (Debian 12.2.0-14) 12.2.0 To view detailed results, visit: https://lab.dpdk.org/results/dashboard/patchsets/34179/ UNH-IOL DPDK Community Lab To manage your email subscriptions, visit: https://lab.dpdk.org/results/dashboard/preferences/subscriptions/