From mboxrd@z Thu Jan 1 00:00:00 1970 Return-Path: Received: from mails.dpdk.org (mails.dpdk.org [217.70.189.124]) by inbox.dpdk.org (Postfix) with ESMTP id 9CFEF4887A for ; Wed, 1 Oct 2025 07:51:11 +0200 (CEST) Received: from mails.dpdk.org (localhost [127.0.0.1]) by mails.dpdk.org (Postfix) with ESMTP id 95694400EF; Wed, 1 Oct 2025 07:51:11 +0200 (CEST) Received: from mail-pl1-f226.google.com (mail-pl1-f226.google.com [209.85.214.226]) by mails.dpdk.org (Postfix) with ESMTP id EA7B5400EF for ; Wed, 1 Oct 2025 07:51:10 +0200 (CEST) Received: by mail-pl1-f226.google.com with SMTP id d9443c01a7336-2681660d604so63750245ad.0 for ; Tue, 30 Sep 2025 22:51:10 -0700 (PDT) DKIM-Signature: v=1; a=rsa-sha256; c=relaxed/relaxed; d=iol.unh.edu; s=unh-iol; t=1759297870; x=1759902670; darn=dpdk.org; h=references:in-reply-to:cc:to:from:subject:message-id:date:from:to :cc:subject:date:message-id:reply-to; bh=35dO3cnZYI7kEgR+xn05qx3ZN/P7tEGNaItDtc/N82M=; b=Y0zl6qmzg5brXHoE4JQNvUxrX3KJq8Vjm25zEOUkUnJNg1EpVaKI31k/Xd5c67EZNC owQF0oXSxn6ncvd0Z0OYBL8OpHt2+MPMmodlXUYKlhURdPNeGZiT7gZHwvWgCned/Dxj DemFM9gVLPhPkWUsZVyBruAcZ9jFZ/QtI3eP0= X-Google-DKIM-Signature: v=1; a=rsa-sha256; c=relaxed/relaxed; d=1e100.net; s=20230601; t=1759297870; x=1759902670; h=references:in-reply-to:cc:to:from:subject:message-id:date :x-gm-message-state:from:to:cc:subject:date:message-id:reply-to; bh=35dO3cnZYI7kEgR+xn05qx3ZN/P7tEGNaItDtc/N82M=; b=TF2DjmG9C+jZXoVE1W25ZM8lVTdnqig03ojUNxR9ZCusmWDx9QiAZYBKazG4FvS3B+ YrKJddxyT4oRfvpfLELLNtPuQJjeu3Ic78hTvpbdsw5j+9TRERUc21CzQdsbzQC962wW 3LJJx4ibaIBGa5LgG7KbmgfcEIwyAc9lVh7rDoAll4z6lZMrckXkfuDtSMfCX9TrRHa/ U06AGXTP5bxnK/sePf951kEjVuzERS5F3gyIxTqjf0ARjAeDND4KiSVwvgQUA8rBa87x +ZBfCpirqoX+XGamQg+jE1wntp+cpZBo54z+AIkLxgvJlx6GKlrYddRdHn+BEkPfCk7M Jo3w== X-Gm-Message-State: AOJu0Yz86qDQr13pP1toQQzhq7bdhoDghsWHmfLfbTBlPSUoq4EzfIlV FvnM/v87yT5kNK6doZyB3JU0ZUaKOviwdlqPsymXmVlYQfx29MecxrZMgUvRI+g8r5y4cvEQmEC 9LiWwZNTuymsQWr6kzXmVWZw7NBiemShZ3WDgCSnnBC4z X-Gm-Gg: ASbGnctaoirYNPhq3FbkHhQjExs5VjU/+6D7TJ68GVDqAV9+jL7BC67DRSFfEsIxCRl 5/1l8IhK4/93FjZMYs2qLxkmiv5/Bp7V0aD/bWb3raPdib+sQYbC0bMcQHcvXTwEd3Rp8cFuLGy rIVfrb+Ml/gg5Knvvavdy8/MLlLgp654mKB2HtMgjcdzwbyvQyUIOgziQVozAGwD+RhHchyhhTT vN3Yc1vj/GpNCllJd6Bs0E2H9cIQ0yjwud78nopHq4dmyCuVWOqmKuER5jfxGugu16xJjJIy4Z2 LNSE/FplSPn1dznl/6X9cJBYLm3TZ/0DVxi5mzme8Cl5sWCotGOrsJT0Nql9E1RwRGfjcPgN9Y0 ENg== X-Google-Smtp-Source: AGHT+IGCsOFvlLhMv1D4t4+nbkipRlRj0ZPVcPxdhPzHjtfFeRuD2dspobVGXiSHtO7XLM0vN58A6PlnVUhU X-Received: by 2002:a17:903:2f0c:b0:26a:f6e6:ef4f with SMTP id d9443c01a7336-28e7f4dda80mr25879415ad.60.1759297870118; Tue, 30 Sep 2025 22:51:10 -0700 (PDT) Received: from postal.iol.unh.edu (postal.iol.unh.edu. [132.177.123.84]) by smtp-relay.gmail.com with ESMTPS id d9443c01a7336-27ed67e6a34sm13003905ad.38.2025.09.30.22.51.09 (version=TLS1_2 cipher=ECDHE-ECDSA-AES128-GCM-SHA256 bits=128/128); Tue, 30 Sep 2025 22:51:10 -0700 (PDT) X-Relaying-Domain: iol.unh.edu Date: Tue, 30 Sep 2025 22:51:10 -0700 (PDT) Message-ID: <68dcc14e.170a0220.2c6e06.d433SMTPIN_ADDED_MISSING@mx.google.com> Received: from [172.21.0.2] (unknown [172.18.0.240]) by postal.iol.unh.edu (Postfix) with ESMTP id 5C1CA6051830; Wed, 1 Oct 2025 01:51:09 -0400 (EDT) Subject: |FAILURE| pw157112-157113 [PATCH] [v4,2/2] net/idpf: enable AVX2 for From: dpdklab@iol.unh.edu To: Test Report Cc: dpdk-test-reports@iol.unh.edu, Bruce Richardson , Shaiq Wani In-Reply-To: <20250930090709.2521114-3-shaiq.wani@intel.com> References: <20250930090709.2521114-3-shaiq.wani@intel.com> Content-Type: text/plain X-BeenThere: test-report@dpdk.org X-Mailman-Version: 2.1.29 Precedence: list List-Id: automatic DPDK test reports List-Unsubscribe: , List-Archive: List-Post: List-Help: List-Subscribe: , Errors-To: test-report-bounces@dpdk.org Test-Label: iol-unit-arm64-testing Test-Status: FAILURE http://dpdk.org/patch/157113 _Testing issues_ Submitter: Shaiq Wani Date: Tuesday, September 30 2025 09:07:09 DPDK git baseline: Repo:dpdk-next-net-intel Branch: master CommitID:9845e5848bbe337306fb6ae2a6b1ce5e6ab5b714 157112-157113 --> testing issues Upstream job id: Generic-Unit-Test-DPDK#376592 Test environment and result as below: +------------------------------+--------------+----------------+------------------------------+---------------------------+ | Environment | lpm_autotest | dpdk_unit_test | cryptodev_sw_snow3g_autotest | cryptodev_sw_zuc_autotest | +==============================+==============+================+==============================+===========================+ | Ubuntu 20.04 | PASS | WARN | SKIPPED | SKIPPED | +------------------------------+--------------+----------------+------------------------------+---------------------------+ | Fedora Linux 40 | SKIPPED | WARN | SKIPPED | SKIPPED | +------------------------------+--------------+----------------+------------------------------+---------------------------+ | Debian GNU/Linux 12 | SKIPPED | WARN | SKIPPED | SKIPPED | +------------------------------+--------------+----------------+------------------------------+---------------------------+ | Fedora Linux 41 | SKIPPED | PEND | SKIPPED | SKIPPED | +------------------------------+--------------+----------------+------------------------------+---------------------------+ | CentOS Stream 10 | SKIPPED | WARN | SKIPPED | SKIPPED | +------------------------------+--------------+----------------+------------------------------+---------------------------+ | Red Hat Enterprise Linux 9.5 | SKIPPED | WARN | SKIPPED | SKIPPED | +------------------------------+--------------+----------------+------------------------------+---------------------------+ | CentOS Stream 9 | SKIPPED | WARN | SKIPPED | SKIPPED | +------------------------------+--------------+----------------+------------------------------+---------------------------+ | Fedora Linux 42 | SKIPPED | PEND | SKIPPED | SKIPPED | +------------------------------+--------------+----------------+------------------------------+---------------------------+ | Ubuntu 22.04 | SKIPPED | PEND | SKIPPED | SKIPPED | +------------------------------+--------------+----------------+------------------------------+---------------------------+ | Ubuntu 24.04 | SKIPPED | PEND | SKIPPED | SKIPPED | +------------------------------+--------------+----------------+------------------------------+---------------------------+ | Debian 12 (arm) | SKIPPED | SKIPPED | WARN | WARN | +------------------------------+--------------+----------------+------------------------------+---------------------------+ ==== 20 line log output for Debian 12 (arm) (cryptodev_sw_zuc_autotest): ==== ../lib/eal/include/rte_common.h:593:35: note: in definition of macro 'RTE_CAST_PTR' 593 | #define RTE_CAST_PTR(type, ptr) ((type)(uintptr_t)(ptr)) | ^~~~ ../drivers/net/intel/idpf/idpf_common_rxtx.c:275:62: note: each undeclared identifier is reported only once for each function it appears in 275 | _mm_store_si128(RTE_CAST_PTR(__m128i *, &rxdp[i]), | ^~~~~~~ ../lib/eal/include/rte_common.h:593:35: note: in definition of macro 'RTE_CAST_PTR' 593 | #define RTE_CAST_PTR(type, ptr) ((type)(uintptr_t)(ptr)) | ^~~~ ../lib/eal/include/rte_common.h:593:39: error: expected expression before ')' token 593 | #define RTE_CAST_PTR(type, ptr) ((type)(uintptr_t)(ptr)) | ^ ../drivers/net/intel/idpf/idpf_common_rxtx.c:275:49: note: in expansion of macro 'RTE_CAST_PTR' 275 | _mm_store_si128(RTE_CAST_PTR(__m128i *, &rxdp[i]), | ^~~~~~~~~~~~ cc1: all warnings being treated as errors [1985/3763] Compiling C object drivers/libtmp_rte_net_idpf.a.p/net_intel_idpf_idpf_ethdev.c.o [1986/3763] Compiling C object drivers/libtmp_rte_net_idpf.a.p/net_intel_idpf_idpf_rxtx.c.o [1987/3763] Compiling C object drivers/libtmp_rte_net_ixgbe.a.p/net_intel_ixgbe_ixgbe_ethdev.c.o ninja: build stopped: subcommand failed. ==== End log output ==== Ubuntu 20.04 Kernel: 5.4 Compiler: gcc gcc (Ubuntu 9.4.0-1ubuntu1~20.04.2) 9.4.0 Fedora Linux 40 Kernel: 5.4 Compiler: clang gcc (GCC) 14.2.1 20240912 (Red Hat 14.2.1-3) Debian GNU/Linux 12 Kernel: 5.4 Compiler: gcc gcc (Debian 12.2.0-14+deb12u1) 12.2.0 Fedora Linux 41 Kernel: 5.4 Compiler: gcc gcc (GCC) 14.3.1 20250523 (Red Hat 14.3.1-1) CentOS Stream 10 Kernel: 5.4 Compiler: gcc gcc (GCC) 14.2.1 20250110 (Red Hat 14.2.1-8) Red Hat Enterprise Linux 9.5 Kernel: 5.4 Compiler: gcc gcc (GCC) 11.5.0 20240719 (Red Hat 11.5.0-2) CentOS Stream 9 Kernel: 5.4 Compiler: gcc gcc (GCC) 11.5.0 20240719 (Red Hat 11.5.0-11) Fedora Linux 42 Kernel: 5.4 Compiler: clang gcc (GCC) 15.2.1 20250808 (Red Hat 15.2.1-1) Ubuntu 22.04 Kernel: 5.15 Compiler: gcc gcc (Ubuntu 11.4.0-1ubuntu1~22.04.2) 11.4.0 Ubuntu 24.04 Kernel: 5.4 Compiler: gcc gcc (Ubuntu 13.3.0-6ubuntu2~24.04) 13.3.0 Debian 12 (arm) Kernel: Depends on container host Compiler: gcc (Debian 12.2.0-14) 12.2.0 To view detailed results, visit: https://lab.dpdk.org/results/dashboard/patchsets/34179/ UNH-IOL DPDK Community Lab To manage your email subscriptions, visit: https://lab.dpdk.org/results/dashboard/preferences/subscriptions/