From mboxrd@z Thu Jan 1 00:00:00 1970 Return-Path: Received: from mails.dpdk.org (mails.dpdk.org [217.70.189.124]) by inbox.dpdk.org (Postfix) with ESMTP id 377224887A for ; Wed, 1 Oct 2025 07:55:10 +0200 (CEST) Received: from mails.dpdk.org (localhost [127.0.0.1]) by mails.dpdk.org (Postfix) with ESMTP id 31436400EF; Wed, 1 Oct 2025 07:55:10 +0200 (CEST) Received: from mail-il1-f226.google.com (mail-il1-f226.google.com [209.85.166.226]) by mails.dpdk.org (Postfix) with ESMTP id 6596D400EF for ; Wed, 1 Oct 2025 07:55:09 +0200 (CEST) Received: by mail-il1-f226.google.com with SMTP id e9e14a558f8ab-42576a07eeeso62554265ab.0 for ; Tue, 30 Sep 2025 22:55:09 -0700 (PDT) DKIM-Signature: v=1; a=rsa-sha256; c=relaxed/relaxed; d=iol.unh.edu; s=unh-iol; t=1759298109; x=1759902909; darn=dpdk.org; h=references:in-reply-to:cc:to:from:subject:message-id:date:from:to :cc:subject:date:message-id:reply-to; bh=YRMgvT8KSBzdm9zSpdkbHXVetKRRoVHULL6XGQYVDaM=; b=VcpkE02xzjuIIttl5Ak/Txo6Uy5YmqxLC8uYQo1o5uXvNqm2Db+4ZQzUQjFCUgnLIz +/K2+MP8kdzt+2EhsxkMXQN9p6uTFakLYxy6owthfyRYW24pW114Jt0mobeXV+Y1boiS /yLzOA9vv4E/+dCKjnYZzd9FjBkz8fo6Ixmg0= X-Google-DKIM-Signature: v=1; a=rsa-sha256; c=relaxed/relaxed; d=1e100.net; s=20230601; t=1759298109; x=1759902909; h=references:in-reply-to:cc:to:from:subject:message-id:date :x-gm-message-state:from:to:cc:subject:date:message-id:reply-to; bh=YRMgvT8KSBzdm9zSpdkbHXVetKRRoVHULL6XGQYVDaM=; b=qR5sI5QLWGBqn5OwZUGEBofreFq7zfNcUpFEFyKSBJKIUv98IZpMLg6hEcEd0useTY bQMlnB2qWz8vL1uApUot4XfocIrvIzPZLRAnWzUsh9bfxIUKp1mD5qzu8JGs8gDcXBGp LlL11TNa9/UfCdyyBXhiEPGo1IJ+EtQ5jSpF1+7BDQP3u+jZ67YCG/IJzlvAWpy4S5qX JbotVN2aK7zheRM99h2eRdar5bVbm3Y7hy1EcxYVTScgUpx5OwbrIqZALEZOH8wZVp9O GMcyvP97BXaNHwg2QpjwTZqClcXlwsZTMLeqPqXlIPDGVnVCmVTfp6xCvAOVwrTqNCrD z2Zg== X-Gm-Message-State: AOJu0YymFTD+Ih8/9Bkbv4K7BwHZxzL9fP3+oIG+UzKAvepMQslNl5zg AeDbfGHeuExoJpDdGQuD/H5xAl//9xXSzvtbnQ4QZ9woM6XCFLbv1ddcnSbW+3rRY6/MGpRetK9 Pa3fai0A3yeHrHCKkSsqsrIweoX9iS0x0431cIv09TN1K X-Gm-Gg: ASbGncu3wR0lUCsyridDJ+Kinm9r9ltAg1w7rATNrk5rfRvjWLWvJG2KB97oCuqOdwj TNZ5UWFWxZEaVbiV/LobD2D+KbnfECc7KfeOBV0hZCdOpMIk10PW+q/lOJwQCe7M4gNLRnb9PZw NKaXyMcyxQX9wJ8E0LQ9f0a9YK5tJc0MwTLXTBRrgsFAaBxOL/rwz9/k8d7w0TwGCCq139GNKDm bW2YqEHXVCMd0be/ECrifuLUH/oEXZG66ewhFe1r9CPRN3mSYJOiUXyEAjw7F94CcqqaeV7YO1S 5VmRbVLO++0ZOVIDR0T29MoEUnrLAaT9OTjVAzm/LCPVKgXWY0FS1g+CdhjwwxoaVGGSl/FXdtv 7jw== X-Google-Smtp-Source: AGHT+IEjvSvSWFEWFOl89EJR1XMe8nxyCgOQNNCtLFPDPBcgk7KKfvdTrTQ1j1zeH9wtlVfHPCi5/23YzQHz X-Received: by 2002:a05:6e02:2185:b0:425:7e42:c005 with SMTP id e9e14a558f8ab-42d8161af15mr33421935ab.24.1759298108693; Tue, 30 Sep 2025 22:55:08 -0700 (PDT) Received: from postal.iol.unh.edu (postal.iol.unh.edu. [132.177.123.84]) by smtp-relay.gmail.com with ESMTPS id e9e14a558f8ab-425bf6d50fcsm11922795ab.21.2025.09.30.22.55.08 (version=TLS1_2 cipher=ECDHE-ECDSA-AES128-GCM-SHA256 bits=128/128); Tue, 30 Sep 2025 22:55:08 -0700 (PDT) X-Relaying-Domain: iol.unh.edu Date: Tue, 30 Sep 2025 22:55:08 -0700 (PDT) Message-ID: <68dcc23c.050a0220.32eb01.7bf2SMTPIN_ADDED_MISSING@mx.google.com> Received: from [172.21.0.2] (unknown [172.18.0.240]) by postal.iol.unh.edu (Postfix) with ESMTP id 57DEC6051830; Wed, 1 Oct 2025 01:55:08 -0400 (EDT) Subject: |FAILURE| pw157112-157113 [PATCH] [v4,2/2] net/idpf: enable AVX2 for From: dpdklab@iol.unh.edu To: Test Report Cc: dpdk-test-reports@iol.unh.edu, Bruce Richardson , Shaiq Wani In-Reply-To: <20250930090709.2521114-3-shaiq.wani@intel.com> References: <20250930090709.2521114-3-shaiq.wani@intel.com> Content-Type: text/plain X-BeenThere: test-report@dpdk.org X-Mailman-Version: 2.1.29 Precedence: list List-Id: automatic DPDK test reports List-Unsubscribe: , List-Archive: List-Post: List-Help: List-Subscribe: , Errors-To: test-report-bounces@dpdk.org Test-Label: iol-unit-arm64-testing Test-Status: FAILURE http://dpdk.org/patch/157113 _Testing issues_ Submitter: Shaiq Wani Date: Tuesday, September 30 2025 09:07:09 DPDK git baseline: Repo:dpdk-next-net-intel Branch: master CommitID:9845e5848bbe337306fb6ae2a6b1ce5e6ab5b714 157112-157113 --> testing issues Upstream job id: Generic-Unit-Test-DPDK#376596 Test environment and result as below: +------------------------------+--------------+----------------+------------------------------+---------------------------+ | Environment | lpm_autotest | dpdk_unit_test | cryptodev_sw_snow3g_autotest | cryptodev_sw_zuc_autotest | +==============================+==============+================+==============================+===========================+ | Ubuntu 20.04 | PASS | WARN | SKIPPED | SKIPPED | +------------------------------+--------------+----------------+------------------------------+---------------------------+ | Fedora Linux 40 | SKIPPED | WARN | SKIPPED | SKIPPED | +------------------------------+--------------+----------------+------------------------------+---------------------------+ | Debian GNU/Linux 12 | SKIPPED | WARN | SKIPPED | SKIPPED | +------------------------------+--------------+----------------+------------------------------+---------------------------+ | Fedora Linux 41 | SKIPPED | PEND | SKIPPED | SKIPPED | +------------------------------+--------------+----------------+------------------------------+---------------------------+ | CentOS Stream 10 | SKIPPED | WARN | SKIPPED | SKIPPED | +------------------------------+--------------+----------------+------------------------------+---------------------------+ | Red Hat Enterprise Linux 9.5 | SKIPPED | WARN | SKIPPED | SKIPPED | +------------------------------+--------------+----------------+------------------------------+---------------------------+ | CentOS Stream 9 | SKIPPED | WARN | SKIPPED | SKIPPED | +------------------------------+--------------+----------------+------------------------------+---------------------------+ | Fedora Linux 42 | SKIPPED | PEND | SKIPPED | SKIPPED | +------------------------------+--------------+----------------+------------------------------+---------------------------+ | Ubuntu 22.04 | SKIPPED | WARN | SKIPPED | SKIPPED | +------------------------------+--------------+----------------+------------------------------+---------------------------+ | Ubuntu 24.04 | SKIPPED | PEND | SKIPPED | SKIPPED | +------------------------------+--------------+----------------+------------------------------+---------------------------+ | Debian 12 (arm) | SKIPPED | SKIPPED | WARN | WARN | +------------------------------+--------------+----------------+------------------------------+---------------------------+ ==== 20 line log output for Debian 12 (arm) (cryptodev_sw_zuc_autotest): ==== ../lib/eal/include/rte_common.h:593:35: note: in definition of macro 'RTE_CAST_PTR' 593 | #define RTE_CAST_PTR(type, ptr) ((type)(uintptr_t)(ptr)) | ^~~~ ../drivers/net/intel/idpf/idpf_common_rxtx.c:275:62: note: each undeclared identifier is reported only once for each function it appears in 275 | _mm_store_si128(RTE_CAST_PTR(__m128i *, &rxdp[i]), | ^~~~~~~ ../lib/eal/include/rte_common.h:593:35: note: in definition of macro 'RTE_CAST_PTR' 593 | #define RTE_CAST_PTR(type, ptr) ((type)(uintptr_t)(ptr)) | ^~~~ ../lib/eal/include/rte_common.h:593:39: error: expected expression before ')' token 593 | #define RTE_CAST_PTR(type, ptr) ((type)(uintptr_t)(ptr)) | ^ ../drivers/net/intel/idpf/idpf_common_rxtx.c:275:49: note: in expansion of macro 'RTE_CAST_PTR' 275 | _mm_store_si128(RTE_CAST_PTR(__m128i *, &rxdp[i]), | ^~~~~~~~~~~~ cc1: all warnings being treated as errors [1985/3763] Compiling C object drivers/libtmp_rte_net_idpf.a.p/net_intel_idpf_idpf_ethdev.c.o [1986/3763] Compiling C object drivers/libtmp_rte_net_idpf.a.p/net_intel_idpf_idpf_rxtx.c.o [1987/3763] Compiling C object drivers/libtmp_rte_net_ixgbe.a.p/net_intel_ixgbe_ixgbe_ethdev.c.o ninja: build stopped: subcommand failed. ==== End log output ==== Ubuntu 20.04 Kernel: 5.4 Compiler: gcc gcc (Ubuntu 9.4.0-1ubuntu1~20.04.2) 9.4.0 Fedora Linux 40 Kernel: 5.4 Compiler: clang gcc (GCC) 14.2.1 20240912 (Red Hat 14.2.1-3) Debian GNU/Linux 12 Kernel: 5.4 Compiler: gcc gcc (Debian 12.2.0-14+deb12u1) 12.2.0 Fedora Linux 41 Kernel: 5.4 Compiler: gcc gcc (GCC) 14.3.1 20250523 (Red Hat 14.3.1-1) CentOS Stream 10 Kernel: 5.4 Compiler: gcc gcc (GCC) 14.2.1 20250110 (Red Hat 14.2.1-8) Red Hat Enterprise Linux 9.5 Kernel: 5.4 Compiler: gcc gcc (GCC) 11.5.0 20240719 (Red Hat 11.5.0-2) CentOS Stream 9 Kernel: 5.4 Compiler: gcc gcc (GCC) 11.5.0 20240719 (Red Hat 11.5.0-11) Fedora Linux 42 Kernel: 5.4 Compiler: clang gcc (GCC) 15.2.1 20250808 (Red Hat 15.2.1-1) Ubuntu 22.04 Kernel: 5.15 Compiler: gcc gcc (Ubuntu 11.4.0-1ubuntu1~22.04.2) 11.4.0 Ubuntu 24.04 Kernel: 5.4 Compiler: gcc gcc (Ubuntu 13.3.0-6ubuntu2~24.04) 13.3.0 Debian 12 (arm) Kernel: Depends on container host Compiler: gcc (Debian 12.2.0-14) 12.2.0 To view detailed results, visit: https://lab.dpdk.org/results/dashboard/patchsets/34179/ UNH-IOL DPDK Community Lab To manage your email subscriptions, visit: https://lab.dpdk.org/results/dashboard/preferences/subscriptions/