From mboxrd@z Thu Jan 1 00:00:00 1970 Return-Path: Received: from mails.dpdk.org (mails.dpdk.org [217.70.189.124]) by inbox.dpdk.org (Postfix) with ESMTP id EA1864887C for ; Wed, 1 Oct 2025 08:05:03 +0200 (CEST) Received: from mails.dpdk.org (localhost [127.0.0.1]) by mails.dpdk.org (Postfix) with ESMTP id C32BB400EF; Wed, 1 Oct 2025 08:05:03 +0200 (CEST) Received: from mail-qv1-f97.google.com (mail-qv1-f97.google.com [209.85.219.97]) by mails.dpdk.org (Postfix) with ESMTP id 613FF400EF for ; Wed, 1 Oct 2025 08:05:02 +0200 (CEST) Received: by mail-qv1-f97.google.com with SMTP id 6a1803df08f44-86be8a110f5so19508846d6.3 for ; Tue, 30 Sep 2025 23:05:02 -0700 (PDT) DKIM-Signature: v=1; a=rsa-sha256; c=relaxed/relaxed; d=iol.unh.edu; s=unh-iol; t=1759298702; x=1759903502; darn=dpdk.org; h=references:in-reply-to:cc:to:from:subject:message-id:date:from:to :cc:subject:date:message-id:reply-to; bh=Q8XR3OwYqYcGpl7qVJ16CbXypm2CGoNFPh1UAMjLQZE=; b=DfOPgDWihlUg1nSHGnfcndqVNNeGrJC8pIAAsMKL42JGHAITwTQdsuTntKBsR/ZGel 3Ycv9aUqRW7PgtJpU07N6rbkuzsYaRqglumQESOUVp4iMGp6nWGkvmTAppwtEEFidWlR Z44jdUE5mQWqK4StltaBe1hyvT16ghFSIE6R8= X-Google-DKIM-Signature: v=1; a=rsa-sha256; c=relaxed/relaxed; d=1e100.net; s=20230601; t=1759298702; x=1759903502; h=references:in-reply-to:cc:to:from:subject:message-id:date :x-gm-message-state:from:to:cc:subject:date:message-id:reply-to; bh=Q8XR3OwYqYcGpl7qVJ16CbXypm2CGoNFPh1UAMjLQZE=; b=JdELOWonbCnrBZV3WKIqKeJ65YbyKK95PEwwg9Vuh+tXTdw8M0Q8rVjm3ORVxqE+BR Zapez/RxwiP2oEZyQ3aHM5N2sxhdWOFn4X17Z3+MoToJc9gKHQ33FzdQuj2YZWnC9UvO +rPSbkwAuGZoQbsiOZNpQUDoOzuqtELpotoVVtUbFA/tZADD8dLQRsLuS21q2km/3oBn n6ZdNCOhSjMEjNUzzaGLf7HcD2Yazj71H4dgmRZJ4jo3V/ZsZjd524K6/EtpT82P1kVq ww3bRw3HVlETzq3G6Ve5aOJc2cx0cDzFWet7kC4Sm5s4RYFwTq0lPig1QZGoBX0rrlUG 8SnA== X-Gm-Message-State: AOJu0Yyl1+e8+3d+RpLaufLvsXbZQDZNor35L07YUJsJxSLLh7hM/Frj sAyPjsz8QnIM7+Itr/m3D1cOqO3Jdm2DCHbE5uFlBG2sZ9Einrcb2S1HCnqfKOinPb/TQTEy65q OnWeRo7KV1WAEAMjVy6caOkCftWhms5Z9z1Vc3PE/RG6C X-Gm-Gg: ASbGncubneTop9jh3UnvmR/HdIVO3BoYV3KJ40DjwfZ9714giQ/FLBdodH/tDyqJ37+ XxhU9SAHZc6qkA7C79bdB82VOoD8F5zl00iyUWWZg7165KYiYJBloM+J+Srg8eLdLai4xpwQ+mr E+T9NCGnVbftD+Y4Iv92LbhflAjTwyHS8woWjaZLMx+I43vr4KRpWI0IbGbZBoCzzukuH1iOIRN bTI0HJNBU37G7sPcFp7+FkrVGM50y0nobb2LePAbZys3Lkh6JL9NYc1wynkfGclz1ZSv4T65G2l rQjnsKGKgCApQ2T5WkFrh/F2jB2uvbpeRP8JquIrOK+Rb4neKgJgBaMJHVS5nzxWDNXOynbBOA2 54A== X-Google-Smtp-Source: AGHT+IHOoixSWpStfkr179pac6EtWVOIcHVOzPAz3Mukgl78mrDI27cci2hmC1plIEDKkZdfs/Ykbaxqe0Jq X-Received: by 2002:a05:6214:1c47:b0:788:fe1d:936b with SMTP id 6a1803df08f44-873a87532a4mr31419026d6.66.1759298701654; Tue, 30 Sep 2025 23:05:01 -0700 (PDT) Received: from postal.iol.unh.edu (postal.iol.unh.edu. [132.177.123.84]) by smtp-relay.gmail.com with ESMTPS id 6a1803df08f44-80132c7b665sm11342916d6.7.2025.09.30.23.05.01 (version=TLS1_2 cipher=ECDHE-ECDSA-AES128-GCM-SHA256 bits=128/128); Tue, 30 Sep 2025 23:05:01 -0700 (PDT) X-Relaying-Domain: iol.unh.edu Date: Tue, 30 Sep 2025 23:05:01 -0700 (PDT) Message-ID: <68dcc48d.050a0220.13f02b.41fcSMTPIN_ADDED_MISSING@mx.google.com> Received: from [172.21.0.2] (unknown [172.18.0.240]) by postal.iol.unh.edu (Postfix) with ESMTP id 52D4E6051830; Wed, 1 Oct 2025 02:05:01 -0400 (EDT) Subject: |FAILURE| pw157112-157113 [PATCH] [v4,2/2] net/idpf: enable AVX2 for From: dpdklab@iol.unh.edu To: Test Report Cc: dpdk-test-reports@iol.unh.edu, Bruce Richardson , Shaiq Wani In-Reply-To: <20250930090709.2521114-3-shaiq.wani@intel.com> References: <20250930090709.2521114-3-shaiq.wani@intel.com> Content-Type: text/plain X-BeenThere: test-report@dpdk.org X-Mailman-Version: 2.1.29 Precedence: list List-Id: automatic DPDK test reports List-Unsubscribe: , List-Archive: List-Post: List-Help: List-Subscribe: , Errors-To: test-report-bounces@dpdk.org Test-Label: iol-unit-arm64-testing Test-Status: FAILURE http://dpdk.org/patch/157113 _Testing issues_ Submitter: Shaiq Wani Date: Tuesday, September 30 2025 09:07:09 DPDK git baseline: Repo:dpdk-next-net-intel Branch: master CommitID:9845e5848bbe337306fb6ae2a6b1ce5e6ab5b714 157112-157113 --> testing issues Upstream job id: Generic-Unit-Test-DPDK#376589 Test environment and result as below: +------------------------------+--------------+----------------+------------------------------+---------------------------+ | Environment | lpm_autotest | dpdk_unit_test | cryptodev_sw_snow3g_autotest | cryptodev_sw_zuc_autotest | +==============================+==============+================+==============================+===========================+ | Ubuntu 20.04 | PASS | WARN | SKIPPED | SKIPPED | +------------------------------+--------------+----------------+------------------------------+---------------------------+ | Fedora Linux 40 | SKIPPED | WARN | SKIPPED | SKIPPED | +------------------------------+--------------+----------------+------------------------------+---------------------------+ | Debian GNU/Linux 12 | SKIPPED | WARN | SKIPPED | SKIPPED | +------------------------------+--------------+----------------+------------------------------+---------------------------+ | Fedora Linux 41 | SKIPPED | PEND | SKIPPED | SKIPPED | +------------------------------+--------------+----------------+------------------------------+---------------------------+ | CentOS Stream 10 | SKIPPED | WARN | SKIPPED | SKIPPED | +------------------------------+--------------+----------------+------------------------------+---------------------------+ | Red Hat Enterprise Linux 9.5 | SKIPPED | WARN | SKIPPED | SKIPPED | +------------------------------+--------------+----------------+------------------------------+---------------------------+ | CentOS Stream 9 | SKIPPED | WARN | SKIPPED | SKIPPED | +------------------------------+--------------+----------------+------------------------------+---------------------------+ | Fedora Linux 42 | SKIPPED | WARN | SKIPPED | SKIPPED | +------------------------------+--------------+----------------+------------------------------+---------------------------+ | Ubuntu 22.04 | SKIPPED | WARN | SKIPPED | SKIPPED | +------------------------------+--------------+----------------+------------------------------+---------------------------+ | Ubuntu 24.04 | SKIPPED | WARN | SKIPPED | SKIPPED | +------------------------------+--------------+----------------+------------------------------+---------------------------+ | Debian 12 (arm) | SKIPPED | SKIPPED | WARN | WARN | +------------------------------+--------------+----------------+------------------------------+---------------------------+ ==== 20 line log output for Debian 12 (arm) (cryptodev_sw_zuc_autotest): ==== ../lib/eal/include/rte_common.h:593:35: note: in definition of macro 'RTE_CAST_PTR' 593 | #define RTE_CAST_PTR(type, ptr) ((type)(uintptr_t)(ptr)) | ^~~~ ../drivers/net/intel/idpf/idpf_common_rxtx.c:275:62: note: each undeclared identifier is reported only once for each function it appears in 275 | _mm_store_si128(RTE_CAST_PTR(__m128i *, &rxdp[i]), | ^~~~~~~ ../lib/eal/include/rte_common.h:593:35: note: in definition of macro 'RTE_CAST_PTR' 593 | #define RTE_CAST_PTR(type, ptr) ((type)(uintptr_t)(ptr)) | ^~~~ ../lib/eal/include/rte_common.h:593:39: error: expected expression before ')' token 593 | #define RTE_CAST_PTR(type, ptr) ((type)(uintptr_t)(ptr)) | ^ ../drivers/net/intel/idpf/idpf_common_rxtx.c:275:49: note: in expansion of macro 'RTE_CAST_PTR' 275 | _mm_store_si128(RTE_CAST_PTR(__m128i *, &rxdp[i]), | ^~~~~~~~~~~~ cc1: all warnings being treated as errors [1985/3763] Compiling C object drivers/libtmp_rte_net_idpf.a.p/net_intel_idpf_idpf_ethdev.c.o [1986/3763] Compiling C object drivers/libtmp_rte_net_idpf.a.p/net_intel_idpf_idpf_rxtx.c.o [1987/3763] Compiling C object drivers/libtmp_rte_net_ixgbe.a.p/net_intel_ixgbe_ixgbe_ethdev.c.o ninja: build stopped: subcommand failed. ==== End log output ==== Ubuntu 20.04 Kernel: 5.4 Compiler: gcc gcc (Ubuntu 9.4.0-1ubuntu1~20.04.2) 9.4.0 Fedora Linux 40 Kernel: 5.4 Compiler: clang gcc (GCC) 14.2.1 20240912 (Red Hat 14.2.1-3) Debian GNU/Linux 12 Kernel: 5.4 Compiler: gcc gcc (Debian 12.2.0-14+deb12u1) 12.2.0 Fedora Linux 41 Kernel: 5.4 Compiler: gcc gcc (GCC) 14.3.1 20250523 (Red Hat 14.3.1-1) CentOS Stream 10 Kernel: 5.4 Compiler: gcc gcc (GCC) 14.2.1 20250110 (Red Hat 14.2.1-8) Red Hat Enterprise Linux 9.5 Kernel: 5.4 Compiler: gcc gcc (GCC) 11.5.0 20240719 (Red Hat 11.5.0-2) CentOS Stream 9 Kernel: 5.4 Compiler: gcc gcc (GCC) 11.5.0 20240719 (Red Hat 11.5.0-11) Fedora Linux 42 Kernel: 5.4 Compiler: clang gcc (GCC) 15.2.1 20250808 (Red Hat 15.2.1-1) Ubuntu 22.04 Kernel: 5.15 Compiler: gcc gcc (Ubuntu 11.4.0-1ubuntu1~22.04.2) 11.4.0 Ubuntu 24.04 Kernel: 5.4 Compiler: gcc gcc (Ubuntu 13.3.0-6ubuntu2~24.04) 13.3.0 Debian 12 (arm) Kernel: Depends on container host Compiler: gcc (Debian 12.2.0-14) 12.2.0 To view detailed results, visit: https://lab.dpdk.org/results/dashboard/patchsets/34179/ UNH-IOL DPDK Community Lab To manage your email subscriptions, visit: https://lab.dpdk.org/results/dashboard/preferences/subscriptions/