From mboxrd@z Thu Jan 1 00:00:00 1970 Return-Path: Received: from mails.dpdk.org (mails.dpdk.org [217.70.189.124]) by inbox.dpdk.org (Postfix) with ESMTP id 0E12A4887D for ; Wed, 1 Oct 2025 08:16:54 +0200 (CEST) Received: from mails.dpdk.org (localhost [127.0.0.1]) by mails.dpdk.org (Postfix) with ESMTP id D30E3400EF; Wed, 1 Oct 2025 08:16:53 +0200 (CEST) Received: from mail-yw1-f225.google.com (mail-yw1-f225.google.com [209.85.128.225]) by mails.dpdk.org (Postfix) with ESMTP id AAD52400EF for ; Wed, 1 Oct 2025 08:16:52 +0200 (CEST) Received: by mail-yw1-f225.google.com with SMTP id 00721157ae682-74625f748a0so77077237b3.2 for ; Tue, 30 Sep 2025 23:16:52 -0700 (PDT) DKIM-Signature: v=1; a=rsa-sha256; c=relaxed/relaxed; d=iol.unh.edu; s=unh-iol; t=1759299412; x=1759904212; darn=dpdk.org; h=cc:to:from:subject:message-id:date:from:to:cc:subject:date :message-id:reply-to; bh=870pKFDHnZPNTAvMna926WiISOj7k2783VyRH01eiWg=; b=HgyBQPTmL0+CNeoLbX06GH532SuV2pez3EBR6S4ESVpZ2XFHIqvnUoYJKNYLOfBhwq fBBf/mR7geXV/5SEDgyAIi9+GuMQF+GuywweSclS47uuvHSw/dhK8skSKWHWyaeMf7fL A5eHYrtpeDhJGKIOn7xQylwyUKgkcU25EDPWs= X-Google-DKIM-Signature: v=1; a=rsa-sha256; c=relaxed/relaxed; d=1e100.net; s=20230601; t=1759299412; x=1759904212; h=cc:to:from:subject:message-id:date:x-gm-message-state:from:to:cc :subject:date:message-id:reply-to; bh=870pKFDHnZPNTAvMna926WiISOj7k2783VyRH01eiWg=; b=thfuMUvDAi78SUFHKL+JL1wE52S4EZz1e9MRuTyZlbOtT36eaD5fxT9MXLtsX0Wc6F 21I7OjSg5fLvznkPU9ujXP4Oa02R4NwSyvtDG4aDh4i7qY4EQiI6keZpQCQWJpHpgUjs 1xChQSdBPZ4Vni/ftLIXb4S5QKW70n7+Vwis5EGoL1wR3exkhtQGEetfaazhO809u0ee gc67avPRBPqosiYoaBttGHNpM+xe/zfQzr1Av+7cgiOZdtKjHmgpuxt7V93VpC5ZrgPY XrZZq3g73cm+KGefr6KbrvBJYsr5DVCdqyQDfPLsYCBZh5XCZzNeLwqoE2qDSjlVCi/2 n4aQ== X-Gm-Message-State: AOJu0YyVMajfz3ItyoDfiofrqmI3dHwBff3dEFGdYNWeE7ak2tAIFGtG zHApA3PtLgYAMFsQpu63Dqfu/pH9WGwyzgvBvTkUr/E+GyEc2E3oobsA46hzIp2qAnW7sT2uApX ci6/sIeVljOCmXeztn9PaUcUm50d5vOV/G1Gt X-Gm-Gg: ASbGncvrzViBHDXU2KRbaTkwCdsAR+wm9EMGa4Sey9CtvDbgmPxECocif96oZyN4PoM FKqUyBIwT6hg3LXecpOUkdd1u63bYH8XfIGc0mutEjZfiiOn+uvkJQjxVRyFc5OK7ORUOGvad3O qr9c+hm7mRM137i4j4i+xLgNzK07exk4DRhN7hsQUk7JpDtV2tDAJFk4hoJ3exR4Rdt+o3yfcR8 PqzZVGHbN6mtZaaipgnO4QpcsTtq5HyyM1lMJyrQmx8nwbpSOy/NRUJe6knbg4dM6fPIimXsXP/ Emiz5nntl4XYMPLbhK2mIKsF2cRWM4oN34lIWx+1/7jcys0lG5+YJ7gvVOXEh7lkrmruBL+e8Jq rNA== X-Google-Smtp-Source: AGHT+IEQE56zRe19NNe6JnPj8d5IvDVqTUc50z4Lo4wF6+A7Ai7XqiIrZ5RkfTumBX5llDE6S04QCD04YMpm X-Received: by 2002:a05:690c:fc6:b0:77f:772e:6232 with SMTP id 00721157ae682-77f772e8a76mr5193457b3.46.1759299411861; Tue, 30 Sep 2025 23:16:51 -0700 (PDT) Received: from postal.iol.unh.edu (postal.iol.unh.edu. [132.177.123.84]) by smtp-relay.gmail.com with ESMTPS id 00721157ae682-765da7c48a3sm8266297b3.37.2025.09.30.23.16.51 (version=TLS1_2 cipher=ECDHE-ECDSA-AES128-GCM-SHA256 bits=128/128); Tue, 30 Sep 2025 23:16:51 -0700 (PDT) X-Relaying-Domain: iol.unh.edu Date: Tue, 30 Sep 2025 23:16:51 -0700 (PDT) Message-ID: <68dcc753.050a0220.9b599.2969SMTPIN_ADDED_MISSING@mx.google.com> Received: from [172.21.0.2] (unknown [172.18.0.240]) by postal.iol.unh.edu (Postfix) with ESMTP id 5B8A760003E8; Wed, 1 Oct 2025 02:16:51 -0400 (EDT) Subject: |FAILURE| [GIT MASTER] 62f583c49bf67dd4d6733ece14e55fe6839e66d1 From: dpdklab@iol.unh.edu To: Test Report Cc: dpdk-test-reports@iol.unh.edu, Xueming Li , Christian Ehrhardt , Kevin Traynor , Luca Boccassi Content-Type: text/plain X-BeenThere: test-report@dpdk.org X-Mailman-Version: 2.1.29 Precedence: list List-Id: automatic DPDK test reports List-Unsubscribe: , List-Archive: List-Post: List-Help: List-Subscribe: , Errors-To: test-report-bounces@dpdk.org _Testing issues_ Branch: tags/v23.11 62f583c49bf67dd4d6733ece14e55fe6839e66d1 --> testing issues Upstream job id: Generic-Unit-Test-DPDK#377419 Test environment and result as below: +-------------------------------+----------------+ | Environment | dpdk_unit_test | +===============================+================+ | CentOS Stream 9 | PASS | +-------------------------------+----------------+ | CentOS Stream 10 | PASS | +-------------------------------+----------------+ | Debian GNU/Linux 12 | PASS | +-------------------------------+----------------+ | Fedora Linux 40 | PASS | +-------------------------------+----------------+ | Fedora Linux 41 | PASS | +-------------------------------+----------------+ | Fedora Linux 42 | PASS | +-------------------------------+----------------+ | Red Hat Enterprise Linux 8.10 | PASS | +-------------------------------+----------------+ | Ubuntu 20.04 | PASS | +-------------------------------+----------------+ | Red Hat Enterprise Linux 9.5 | PASS | +-------------------------------+----------------+ | Ubuntu 22.04 | PASS | +-------------------------------+----------------+ | Ubuntu 24.04 | PASS | +-------------------------------+----------------+ | Windows Server 2022 | FAIL | +-------------------------------+----------------+ ==== Unit test summary for Windows Server 2022 (dpdk_unit_test): ==== Failed to get the unit test results. Displaying the unit test results is not supported for some environments, such as our aarch32 testing, where meson is not used to run the tests. Download the logs available on our CI site. ==== End log output ==== CentOS Stream 9 Kernel: 5.15 Compiler: gcc gcc (GCC) 11.5.0 20240719 (Red Hat 11.5.0-11) CentOS Stream 10 Kernel: 5.15 Compiler: gcc gcc (GCC) 14.2.1 20250110 (Red Hat 14.2.1-8) Debian GNU/Linux 12 Kernel: 5.15 Compiler: gcc gcc (Debian 12.2.0-14+deb12u1) 12.2.0 Fedora Linux 40 Kernel: 5.15 Compiler: gcc gcc (GCC) 14.2.1 20240912 (Red Hat 14.2.1-3) Fedora Linux 41 Kernel: 5.15 Compiler: gcc gcc (GCC) 14.3.1 20250523 (Red Hat 14.3.1-1) Fedora Linux 42 Kernel: 5.15 Compiler: gcc gcc (GCC) 15.2.1 20250808 (Red Hat 15.2.1-1) Red Hat Enterprise Linux 8.10 Kernel: 5.15 Compiler: gcc gcc (GCC) 8.5.0 20210514 (Red Hat 8.5.0-22) Ubuntu 20.04 Kernel: 5.15 Compiler: gcc gcc (Ubuntu 9.4.0-1ubuntu1~20.04.2) 9.4.0 Red Hat Enterprise Linux 9.5 Kernel: 5.15 Compiler: gcc gcc (GCC) 11.5.0 20240719 (Red Hat 11.5.0-2) Ubuntu 22.04 Kernel: 5.15 Compiler: gcc gcc (Ubuntu 11.4.0-1ubuntu1~22.04) 11.4.0 Ubuntu 24.04 Kernel: 5.15 Compiler: gcc gcc (Ubuntu 13.3.0-6ubuntu2~24.04) 13.3.0 Windows Server 2022 Kernel: 10.0.20348.2031 Compiler: clang 15.0.7, gcc 14.1.0 (MinGW), and MSVC VS 19.39.33521 To view detailed results, visit: https://lab.dpdk.org/results/dashboard/tarballs/35068/ UNH-IOL DPDK Community Lab To manage your email subscriptions, visit: https://lab.dpdk.org/results/dashboard/preferences/subscriptions/