From mboxrd@z Thu Jan 1 00:00:00 1970 Return-Path: Received: from mails.dpdk.org (mails.dpdk.org [217.70.189.124]) by inbox.dpdk.org (Postfix) with ESMTP id 8AAFB48881 for ; Wed, 1 Oct 2025 15:11:32 +0200 (CEST) Received: from mails.dpdk.org (localhost [127.0.0.1]) by mails.dpdk.org (Postfix) with ESMTP id 876FC40A80; Wed, 1 Oct 2025 15:11:32 +0200 (CEST) Received: from mail-pg1-f227.google.com (mail-pg1-f227.google.com [209.85.215.227]) by mails.dpdk.org (Postfix) with ESMTP id F296E40A80 for ; Wed, 1 Oct 2025 15:11:31 +0200 (CEST) Received: by mail-pg1-f227.google.com with SMTP id 41be03b00d2f7-b6093f8f71dso125348a12.3 for ; Wed, 01 Oct 2025 06:11:31 -0700 (PDT) DKIM-Signature: v=1; a=rsa-sha256; c=relaxed/relaxed; d=iol.unh.edu; s=unh-iol; t=1759324291; x=1759929091; darn=dpdk.org; h=cc:to:from:subject:message-id:date:from:to:cc:subject:date :message-id:reply-to; bh=Wo5/dQjseAnEYirQWWH80mt/pnK0Z5G+5RrniwoDySk=; b=MgALNxMGoqQ0BLX5NCs/Ww6iJUIYe3ro6bh2BYEQGFnglBeI8Ljkgc1wKx3c3bETgP yb5v9bFpIh4al2JAgxu7ONECtKz249EcZtyYs4LYG+DPuRG7yheG1pfmoHgGWu90BjcY xwwlM7MBe20//DsTvAMYI2+/u4JB6C/Z4GVx8= X-Google-DKIM-Signature: v=1; a=rsa-sha256; c=relaxed/relaxed; d=1e100.net; s=20230601; t=1759324291; x=1759929091; h=cc:to:from:subject:message-id:date:x-gm-message-state:from:to:cc :subject:date:message-id:reply-to; bh=Wo5/dQjseAnEYirQWWH80mt/pnK0Z5G+5RrniwoDySk=; b=V/GeERw6k7hoEffAiQef37Z7Fde6rKeYcLFtU8BACzW1A6GLGvctqYbZ1pMODzWDJ8 pXBjFkJiaKIj6nYMwmNhgJNyHNOwCpyCX2tjnTu8cm4uIPD98du5yb4W0zFob95RuqFV KcfinYXWtn86Qggw0P7nLhLjyB20goGXH+HWSUeic5Mj4NyMF76ku/scphkMebw65mEb WlB+Ywyu3VdHKMNl//zHBNKcOwpg0TYfYxqvhGstq6mFnyatGeaPLKcI3eq68RbroyPh SRybYm0Gml4pqzp7gFZXZZL1AxNWS9QoxX0o+SYBv8NxpnAPWQgcv9x5CHZNAGL9UlQM 4Rzg== X-Gm-Message-State: AOJu0YxLNLGmewd3L4XQoJ5cPZtiSX3+qFH3ko02tIMef9bLeOiaGpUa UlLjsA+CtytgPmZlFah9efz93LydjkAi+nXWy0v5jRt/hOkA3rms9ngiae2LsIDfv/lf8tEwNjS MTW/4gKRnclv5Z6gsjmI/J9De79zFNIURTPMs8xI01izeHa/hIHpA X-Gm-Gg: ASbGncs4Dy8A4D71ohUDbr3PNT0TQWBROJ4uCyGicIzuoY0ItiPejfQTLJtPyJ9TStv 68jY5uOxZMJ+dtz/cK4oRNIpCZFCuOJ2BTPzb1B4QLxNkPywcnHoZeq8pBTit+cTKADJUIBFoMo XP73seMYRAmfbOT2+UOJKpr9p7VE7ep7DyWeC194puvnsNR0myzVnNMjsfx1o6oSNwxu9LeZVfC +K+J+P3KicQvPTxNXCcXSfZximTxpBOpwUXkqF3tv41sRCXkwtYYAw/WBX/ywiVfAWP8O/2Zisv spaDLVhwTiBvO7q37dZiyBRhCtRQbp8Q8e65/gLbvbR4597GAzvzaLg= X-Google-Smtp-Source: AGHT+IFDAiW4iaHgy1TutIkOtepdCFagSc3tPEijOHdS2dPhLRuDO2geuiE2yJ2e5UxA7wTpAEQhpYN1mhSR X-Received: by 2002:a17:902:d54c:b0:277:71e6:b04d with SMTP id d9443c01a7336-28e7f27dbccmr44663795ad.3.1759324291074; Wed, 01 Oct 2025 06:11:31 -0700 (PDT) Received: from postal.iol.unh.edu (postal.iol.unh.edu. [2606:4100:3880:1234::84]) by smtp-relay.gmail.com with ESMTPS id d9443c01a7336-27ed67e6a34sm13658305ad.38.2025.10.01.06.11.30 (version=TLS1_2 cipher=ECDHE-ECDSA-AES128-GCM-SHA256 bits=128/128); Wed, 01 Oct 2025 06:11:31 -0700 (PDT) X-Relaying-Domain: iol.unh.edu Date: Wed, 01 Oct 2025 06:11:31 -0700 (PDT) Message-ID: <68dd2883.170a0220.2c6e06.1127SMTPIN_ADDED_MISSING@mx.google.com> Received: from [172.21.0.16] (unknown [172.18.0.240]) by postal.iol.unh.edu (Postfix) with ESMTP id DAF506051830; Wed, 1 Oct 2025 09:11:29 -0400 (EDT) Subject: |FAILURE| [GIT MASTER] 62f583c49bf67dd4d6733ece14e55fe6839e66d1 From: dpdklab@iol.unh.edu To: Test Report Cc: dpdk-test-reports@iol.unh.edu, Xueming Li , Christian Ehrhardt , Kevin Traynor , Luca Boccassi Content-Type: text/plain X-BeenThere: test-report@dpdk.org X-Mailman-Version: 2.1.29 Precedence: list List-Id: automatic DPDK test reports List-Unsubscribe: , List-Archive: List-Post: List-Help: List-Subscribe: , Errors-To: test-report-bounces@dpdk.org _Testing issues_ Branch: tags/v23.11 62f583c49bf67dd4d6733ece14e55fe6839e66d1 --> testing issues Upstream job id: Generic-DPDK-Compile-Meson#430296 Test environment and result as below: +---------------------+--------------------+-------------------------+-------------------+----------------------+ | Environment | dpdk_meson_compile | dpdk_llvm_clang_compile | dpdk_msvc_compile | dpdk_mingw64_compile | +=====================+====================+=========================+===================+======================+ | Ubuntu 20.04 | PASS | SKIPPED | SKIPPED | SKIPPED | +---------------------+--------------------+-------------------------+-------------------+----------------------+ | FreeBSD 14.2 | PASS | SKIPPED | SKIPPED | SKIPPED | +---------------------+--------------------+-------------------------+-------------------+----------------------+ | CentOS Stream 10 | PASS | SKIPPED | SKIPPED | SKIPPED | +---------------------+--------------------+-------------------------+-------------------+----------------------+ | Windows Server 2022 | SKIPPED | FAIL | PASS | PASS | +---------------------+--------------------+-------------------------+-------------------+----------------------+ ==== 20 line log output for Windows Server 2022 (dpdk_llvm_clang_compile): ==== Compiler for C supports arguments -mavx512f: YES (cached) Compiler for C supports arguments -mavx512bw: YES (cached) Compiler for C supports arguments -mavx512dq: YES (cached) Compiler for C supports arguments -march=skylake-avx512: YES Message: drivers/common/idpf: Defining dependency "common_idpf" Message: drivers/bus/auxiliary: Defining dependency "bus_auxiliary" Compiler for C supports arguments -Wno-cast-qual: YES (cached) Compiler for C supports arguments -Wno-pointer-arith: YES (cached) Message: drivers/bus/pci: Defining dependency "bus_pci" Message: drivers/bus/vdev: Defining dependency "bus_vdev" Compiler for C supports arguments -std=c11: YES Compiler for C supports arguments -Wno-strict-prototypes: YES Compiler for C supports arguments -D_BSD_SOURCE: YES Compiler for C supports arguments -D_DEFAULT_SOURCE: YES Compiler for C supports arguments -D_XOPEN_SOURCE=600: YES Has header "mlx5devx.h" : YES drivers\common\mlx5\windows\meson.build:10:13: ERROR: C shared or static library 'mlx5devx' not found A full log can be found at C:\Users\builder\jenkins\workspace\Windows-Compile-DPDK-Native\dpdk\build\meson-logs\meson-log.txt ==== End log output ==== Ubuntu 20.04 Kernel: 4.19 Compiler: gcc gcc (Ubuntu 9.4.0-1ubuntu1~20.04.2) 9.4.0 FreeBSD 14.2 Kernel: 14.2-RELEASE Compiler: clang 18.1.6 CentOS Stream 10 Kernel: 5.15 Compiler: gcc gcc (GCC) 14.2.1 20250110 (Red Hat 14.2.1-8) Windows Server 2022 Kernel: 10.0.20348.2031 Compiler: clang 15.0.7, gcc 14.1.0 (MinGW), and MSVC VS 19.39.33521 To view detailed results, visit: https://lab.dpdk.org/results/dashboard/tarballs/35068/ UNH-IOL DPDK Community Lab To manage your email subscriptions, visit: https://lab.dpdk.org/results/dashboard/preferences/subscriptions/