From mboxrd@z Thu Jan 1 00:00:00 1970 Return-Path: Received: from mails.dpdk.org (mails.dpdk.org [217.70.189.124]) by inbox.dpdk.org (Postfix) with ESMTP id A2C2648882 for ; Wed, 1 Oct 2025 16:11:45 +0200 (CEST) Received: from mails.dpdk.org (localhost [127.0.0.1]) by mails.dpdk.org (Postfix) with ESMTP id 8BFB1400D5; Wed, 1 Oct 2025 16:11:45 +0200 (CEST) Received: from mail-yw1-f227.google.com (mail-yw1-f227.google.com [209.85.128.227]) by mails.dpdk.org (Postfix) with ESMTP id C6718400D5 for ; Wed, 1 Oct 2025 16:11:44 +0200 (CEST) Received: by mail-yw1-f227.google.com with SMTP id 00721157ae682-74f6974175dso90814257b3.3 for ; Wed, 01 Oct 2025 07:11:44 -0700 (PDT) DKIM-Signature: v=1; a=rsa-sha256; c=relaxed/relaxed; d=iol.unh.edu; s=unh-iol; t=1759327904; x=1759932704; darn=dpdk.org; h=references:in-reply-to:cc:to:from:subject:message-id:date:from:to :cc:subject:date:message-id:reply-to; bh=om/lBoxjwNvvCHl5KwKY1WIf1bNQDZINcLctbI/f0nk=; b=VpzdBI+YMlc9XWk4yuT4hnqsBsvTKpopq0z6c3wQd2HnehBptdCNAI3/bdRoNXNBkl +hY47qMSHHnn5VBbwzKoKP40YM25DF+0xTlG5pmp5NykRLaDX6OPrapChIiVr1jL1lYG OZZ+L3iL3Cu0EZ2kzOvTlGnSE8zgtWUK4/1Xo= X-Google-DKIM-Signature: v=1; a=rsa-sha256; c=relaxed/relaxed; d=1e100.net; s=20230601; t=1759327904; x=1759932704; h=references:in-reply-to:cc:to:from:subject:message-id:date :x-gm-message-state:from:to:cc:subject:date:message-id:reply-to; bh=om/lBoxjwNvvCHl5KwKY1WIf1bNQDZINcLctbI/f0nk=; b=Mbq9AmDh+w6eNwK1Nolru2vCMJlyR2MVBuN+j68TcFAv2LGSPDewJ2Sdk/4hG5MPM9 FPLhf6RGzlPcBHHRK0xaBbPJNMNMqcwmg/GPDdhIXioSo4OOVMG/JsR/dM6z/oW/WZZk nNwkLt6/hW+OF0DDUI8AqqsBUr2FGVp0IbfPjqp4Qn9Qjm8C7KYczQbpUMbc+3z4TOSQ 1dThv8fPMmBZv60EbUEStMAMtd3D4szQwFCpKFCEvP3wJMa4xmoO9qLX5AFiXaPCZRbl d0v8hi0HKdm1ifnVEiSWXZCqvAOhgr2ywEljNapC0c7/4JeZDCwrM35ozAsuhHln8IFv XIyg== X-Gm-Message-State: AOJu0YxkiTqsI9BbD1opq3p+LgIXCmtGPi4uYIm8VWVHsCXkWoF9TkdZ bN436rCaRzsz9xOHa5HCJM8mlFBlsk6bBdmRv9nHMvo7XDHeQ7lub5gVYgAVFDB2mM2yHNh5dSY K4/mhmm8rMmRB1rJsulE3Mn68UUuDRSdmDbmChozrRDnDSCb2dEcOOs0B1Wrt X-Gm-Gg: ASbGncsHwyEOZ/XEtzhApZ13s1yFfmKciQ1QD3SZ4J7lxcgeAFfGqf4o/44yY6krYaR Shj7djOWJ03y3DRqPSONn0icYaJS7vbaA5mZNZ+7t0X3/TQCkipz7uqWLOG/VMAF4oOtNe8ReXZ T/dpDpvy9+ZXz4tJKun4IWfU72e2H0FptEibhlMcMb6/P8QFFI3EO1Kd992vAlGFz7MSTff1LVm bl7XPUzdbUK+C92Hx7lAaAvkpx4fsYs7hCz0eOMeJhe0b+dgUMlfQWcXssJGci5NHGWcpUVk9CW EMtI82s6C2I9+Pn8zgZJ1hGP5pt2yAAzRLT0ovkNHmXKiFj2u+QoF9k= X-Google-Smtp-Source: AGHT+IGW+JXqhZT+amrIKQeVwXTbgFonDq7ZSKgo13z3P9gdTSR2IrNCNOPC7yZAhjD4yZPaNy1tCdzym37W X-Received: by 2002:a05:690c:9a8d:b0:75b:85d0:7d8b with SMTP id 00721157ae682-77f6f0c8a3cmr45171967b3.4.1759327903954; Wed, 01 Oct 2025 07:11:43 -0700 (PDT) Received: from postal.iol.unh.edu (postal.iol.unh.edu. [2606:4100:3880:1234::84]) by smtp-relay.gmail.com with ESMTPS id 00721157ae682-765da7c48a3sm8736497b3.37.2025.10.01.07.11.43 (version=TLS1_2 cipher=ECDHE-ECDSA-AES128-GCM-SHA256 bits=128/128); Wed, 01 Oct 2025 07:11:43 -0700 (PDT) X-Relaying-Domain: iol.unh.edu Date: Wed, 01 Oct 2025 07:11:43 -0700 (PDT) Message-ID: <68dd369f.050a0220.9b599.5686SMTPIN_ADDED_MISSING@mx.google.com> Received: from [172.21.0.3] (unknown [172.18.0.240]) by postal.iol.unh.edu (Postfix) with ESMTP id 9A7C5604D420; Wed, 1 Oct 2025 10:11:43 -0400 (EDT) Subject: |FAILURE| pw157144-157146 [PATCH] [v1,3/3] app/test: add ML crypto t From: dpdklab@iol.unh.edu To: Test Report Cc: dpdk-test-reports@iol.unh.edu, Gowrishankar Muthukrishnan In-Reply-To: <20250930180316.1021-4-gmuthukrishn@marvell.com> References: <20250930180316.1021-4-gmuthukrishn@marvell.com> Content-Type: text/plain X-BeenThere: test-report@dpdk.org X-Mailman-Version: 2.1.29 Precedence: list List-Id: automatic DPDK test reports List-Unsubscribe: , List-Archive: List-Post: List-Help: List-Subscribe: , Errors-To: test-report-bounces@dpdk.org Test-Label: iol-compile-arm64-testing Test-Status: FAILURE http://dpdk.org/patch/157146 _Testing issues_ Submitter: Gowrishankar Muthukrishnan Date: Tuesday, September 30 2025 18:03:13 DPDK git baseline: Repo:dpdk Branch: master CommitID:f3878b615e69a12087a6c5d212723478cfc79c31 157144-157146 --> testing issues Upstream job id: Generic-DPDK-Compile-Meson#430206 Test environment and result as below: +------------------------------+--------------------+ | Environment | dpdk_meson_compile | +==============================+====================+ | Red Hat Enterprise Linux 9.5 | FAIL | +------------------------------+--------------------+ | Ubuntu 20.04 | PASS | +------------------------------+--------------------+ | Debian GNU/Linux 12 | FAIL | +------------------------------+--------------------+ | Fedora Linux 42 | FAIL | +------------------------------+--------------------+ | Ubuntu 22.04 | FAIL | +------------------------------+--------------------+ | Ubuntu 24.04 | FAIL | +------------------------------+--------------------+ | CentOS Stream 9 | PASS | +------------------------------+--------------------+ | CentOS Stream 10 | PASS | +------------------------------+--------------------+ ==== 20 line log output for Ubuntu 24.04 (dpdk_meson_compile): ==== ../drivers/crypto/openssl/rte_openssl_pmd.c: In function 'process_asym_op': ../drivers/crypto/openssl/rte_openssl_pmd.c:4313:26: error: implicit declaration of function 'process_openssl_mlkem_op'; did you mean 'process_openssl_mlkem_op_evp'? [-Werror=implicit-function-declaration] 4313 | retval = process_openssl_mlkem_op(op, sess); | ^~~~~~~~~~~~~~~~~~~~~~~~ | process_openssl_mlkem_op_evp ../drivers/crypto/openssl/rte_openssl_pmd.c:4313:26: error: nested extern declaration of 'process_openssl_mlkem_op' [-Werror=nested-externs] ../drivers/crypto/openssl/rte_openssl_pmd.c:4320:26: error: implicit declaration of function 'process_openssl_mldsa_op'; did you mean 'process_openssl_mldsa_op_evp'? [-Werror=implicit-function-declaration] 4320 | retval = process_openssl_mldsa_op(op, sess); | ^~~~~~~~~~~~~~~~~~~~~~~~ | process_openssl_mldsa_op_evp ../drivers/crypto/openssl/rte_openssl_pmd.c:4320:26: error: nested extern declaration of 'process_openssl_mldsa_op' [-Werror=nested-externs] ../drivers/crypto/openssl/rte_openssl_pmd.c: At top level: ../drivers/crypto/openssl/rte_openssl_pmd.c:4070:1: error: 'process_openssl_mldsa_op_evp' defined but not used [-Werror=unused-function] 4070 | process_openssl_mldsa_op_evp(struct rte_crypto_op *cop, | ^~~~~~~~~~~~~~~~~~~~~~~~~~~~ ../drivers/crypto/openssl/rte_openssl_pmd.c:3601:1: error: 'process_openssl_mlkem_op_evp' defined but not used [-Werror=unused-function] 3601 | process_openssl_mlkem_op_evp(struct rte_crypto_op *cop, | ^~~~~~~~~~~~~~~~~~~~~~~~~~~~ cc1: all warnings being treated as errors ninja: build stopped: subcommand failed. ==== End log output ==== Red Hat Enterprise Linux 9.5 Kernel: 5.4 Compiler: gcc gcc (GCC) 11.5.0 20240719 (Red Hat 11.5.0-2) Ubuntu 20.04 Kernel: 5.4 Compiler: gcc gcc (Ubuntu 9.4.0-1ubuntu1~20.04.2) 9.4.0 Debian GNU/Linux 12 Kernel: 5.4 Compiler: gcc gcc (Debian 12.2.0-14+deb12u1) 12.2.0 Fedora Linux 42 Kernel: 5.4 Compiler: clang gcc (GCC) 15.2.1 20250808 (Red Hat 15.2.1-1) Ubuntu 22.04 Kernel: 5.4 Compiler: gcc gcc (Ubuntu 11.4.0-1ubuntu1~22.04) 11.4.0 Ubuntu 24.04 Kernel: 5.4 Compiler: gcc gcc (Ubuntu 13.3.0-6ubuntu2~24.04) 13.3.0 CentOS Stream 9 Kernel: 5.4 Compiler: gcc gcc (GCC) 11.5.0 20240719 (Red Hat 11.5.0-11) CentOS Stream 10 Kernel: 5.4 Compiler: gcc gcc (GCC) 14.2.1 20250110 (Red Hat 14.2.1-8) To view detailed results, visit: https://lab.dpdk.org/results/dashboard/patchsets/34185/ UNH-IOL DPDK Community Lab To manage your email subscriptions, visit: https://lab.dpdk.org/results/dashboard/preferences/subscriptions/