From mboxrd@z Thu Jan 1 00:00:00 1970 Return-Path: Received: from mails.dpdk.org (mails.dpdk.org [217.70.189.124]) by inbox.dpdk.org (Postfix) with ESMTP id B3D1548882 for ; Wed, 1 Oct 2025 16:12:36 +0200 (CEST) Received: from mails.dpdk.org (localhost [127.0.0.1]) by mails.dpdk.org (Postfix) with ESMTP id ADE1B400D5; Wed, 1 Oct 2025 16:12:36 +0200 (CEST) Received: from mail-pj1-f100.google.com (mail-pj1-f100.google.com [209.85.216.100]) by mails.dpdk.org (Postfix) with ESMTP id C0B26400D5 for ; Wed, 1 Oct 2025 16:12:35 +0200 (CEST) Received: by mail-pj1-f100.google.com with SMTP id 98e67ed59e1d1-3352018e050so6666918a91.2 for ; Wed, 01 Oct 2025 07:12:35 -0700 (PDT) DKIM-Signature: v=1; a=rsa-sha256; c=relaxed/relaxed; d=iol.unh.edu; s=unh-iol; t=1759327955; x=1759932755; darn=dpdk.org; h=references:in-reply-to:cc:to:from:subject:message-id:date:from:to :cc:subject:date:message-id:reply-to; bh=62R9FiSkoocZM/aUMiVO6sIPbgeVJDu248olpK2foEY=; b=Pv15rYMUgzHtjWlSYcGNqdgrFgEEpHSQibMGPq5WpK32CEQaUFhy96R293owqlvDWj JIsT7QF7mw8rKfhCuXBAXJUzhxAV07jQHt05a0kuqvEsxj4nkgoNvA/HvpoWRjLrzmeQ /lH0wzHp5f4aIRE54ASjTH72V3cCdFkEVJ5zs= X-Google-DKIM-Signature: v=1; a=rsa-sha256; c=relaxed/relaxed; d=1e100.net; s=20230601; t=1759327955; x=1759932755; h=references:in-reply-to:cc:to:from:subject:message-id:date :x-gm-message-state:from:to:cc:subject:date:message-id:reply-to; bh=62R9FiSkoocZM/aUMiVO6sIPbgeVJDu248olpK2foEY=; b=YXUuIkG9XeuBp07Sa5TPXPhq9cZKNzfrq3lBaP8Jm57fmy5zdgESBrsjPkz8iOlO+7 cjadni0OsMN9VmLLxZH2IgYElaR4SU7JY7spoNqPR5ZQpb9A0p3jvSbue4H9gs5WguZ2 9VKpzv1HJMBdl1bGpvoMddw8o81LQMTJRZhQuSAKiY+ICo/nB5DBfsQczSBdil8LvtRK 6Ho8T38SITtre2XQKD+x41ipGBhqgMAoYR+lQbVZn6cQDKIkbh/f6Ed5nvshNGjecGvF 2+vSr8GOmePfh4wi5tehCUtpqpgC8W01lwwyc+IMWmsFGr6PDh7FltnX+MohKMIJTeB/ 0sOg== X-Gm-Message-State: AOJu0YxHSL0D3ljTjSpU64b1iy2x//YqbHQTdXbfG1f3cEvwkjj8msSY Qlzclr9bxyOtG7YOO4+1+tMjN8tsLH8R1O6tc2csAXQajgYuZih6B0yEZ0VvqwwzEIDUxZeQDuo WDQXIrHdFFYDroJh0OqWK4W5BGs85iGvhN2C/7QyQHdPz/Y+lXHg0znflMi/Z X-Gm-Gg: ASbGncuonafwRMp/uZyWgtdyivNGX+Z4gafY+toDqycedXHxNgngN4XepWncWSBr8qU hJRYmEuGO9gDmP4khgh/ioqzYMtGGQBCjtGd1NLpqtyc2TQOIKNEbMHT+JcgJoadJf4crmzz1DP WOytN7oXh0Ct0aI/Hp9AvpsmenHWEjqnQBSoyrlFDdEF2SA552/ZNtGSsqF4is7VeJZNEetr38D Hqkl4Fj49uDVhrudmu6TkXVAcfo+cCV4vj8fCTYq0AePly7kgkatn4cAGVP6jG0LkWLXMqiM7CM 8bLVvFCDrooJuOgjRPZWRWxjQLeYSrIFAkzaxk9tdQingbj/V8/f+gI= X-Google-Smtp-Source: AGHT+IFknDUUbX3hS6gzumleZHDGle+Ag+jEQTQ0ffL+stlboYb+jlTOBGtF3rNpdrFWXWtouDFNH54zWr/s X-Received: by 2002:a17:90b:4ad1:b0:32e:9f1e:4ee4 with SMTP id 98e67ed59e1d1-339a6f2e7e2mr4748417a91.17.1759327954858; Wed, 01 Oct 2025 07:12:34 -0700 (PDT) Received: from postal.iol.unh.edu (postal.iol.unh.edu. [2606:4100:3880:1234::84]) by smtp-relay.gmail.com with ESMTPS id 98e67ed59e1d1-339a6d9c660sm214698a91.0.2025.10.01.07.12.34 (version=TLS1_2 cipher=ECDHE-ECDSA-AES128-GCM-SHA256 bits=128/128); Wed, 01 Oct 2025 07:12:34 -0700 (PDT) X-Relaying-Domain: iol.unh.edu Date: Wed, 01 Oct 2025 07:12:34 -0700 (PDT) Message-ID: <68dd36d2.170a0220.187d54.cb59SMTPIN_ADDED_MISSING@mx.google.com> Received: from [172.21.0.3] (unknown [172.18.0.240]) by postal.iol.unh.edu (Postfix) with ESMTP id 0AFF8604D420; Wed, 1 Oct 2025 10:12:34 -0400 (EDT) Subject: |FAILURE| pw157144-157146 [PATCH] [v1,3/3] app/test: add ML crypto t From: dpdklab@iol.unh.edu To: Test Report Cc: dpdk-test-reports@iol.unh.edu, Gowrishankar Muthukrishnan In-Reply-To: <20250930180316.1021-4-gmuthukrishn@marvell.com> References: <20250930180316.1021-4-gmuthukrishn@marvell.com> Content-Type: text/plain X-BeenThere: test-report@dpdk.org X-Mailman-Version: 2.1.29 Precedence: list List-Id: automatic DPDK test reports List-Unsubscribe: , List-Archive: List-Post: List-Help: List-Subscribe: , Errors-To: test-report-bounces@dpdk.org Test-Label: iol-compile-arm64-testing Test-Status: FAILURE http://dpdk.org/patch/157146 _Testing issues_ Submitter: Gowrishankar Muthukrishnan Date: Tuesday, September 30 2025 18:03:13 DPDK git baseline: Repo:dpdk Branch: master CommitID:f3878b615e69a12087a6c5d212723478cfc79c31 157144-157146 --> testing issues Upstream job id: Generic-DPDK-Compile-Meson#430208 Test environment and result as below: +------------------------------+--------------------+ | Environment | dpdk_meson_compile | +==============================+====================+ | Red Hat Enterprise Linux 9.5 | FAIL | +------------------------------+--------------------+ | Ubuntu 20.04 | PASS | +------------------------------+--------------------+ | Debian GNU/Linux 12 | FAIL | +------------------------------+--------------------+ | Fedora Linux 42 | FAIL | +------------------------------+--------------------+ | Ubuntu 22.04 | FAIL | +------------------------------+--------------------+ | Ubuntu 24.04 | FAIL | +------------------------------+--------------------+ | CentOS Stream 9 | PASS | +------------------------------+--------------------+ | CentOS Stream 10 | PASS | +------------------------------+--------------------+ ==== 20 line log output for Ubuntu 24.04 (dpdk_meson_compile): ==== ../drivers/crypto/openssl/rte_openssl_pmd.c: In function 'process_asym_op': ../drivers/crypto/openssl/rte_openssl_pmd.c:4313:26: error: implicit declaration of function 'process_openssl_mlkem_op'; did you mean 'process_openssl_mlkem_op_evp'? [-Werror=implicit-function-declaration] 4313 | retval = process_openssl_mlkem_op(op, sess); | ^~~~~~~~~~~~~~~~~~~~~~~~ | process_openssl_mlkem_op_evp ../drivers/crypto/openssl/rte_openssl_pmd.c:4313:26: error: nested extern declaration of 'process_openssl_mlkem_op' [-Werror=nested-externs] ../drivers/crypto/openssl/rte_openssl_pmd.c:4320:26: error: implicit declaration of function 'process_openssl_mldsa_op'; did you mean 'process_openssl_mldsa_op_evp'? [-Werror=implicit-function-declaration] 4320 | retval = process_openssl_mldsa_op(op, sess); | ^~~~~~~~~~~~~~~~~~~~~~~~ | process_openssl_mldsa_op_evp ../drivers/crypto/openssl/rte_openssl_pmd.c:4320:26: error: nested extern declaration of 'process_openssl_mldsa_op' [-Werror=nested-externs] ../drivers/crypto/openssl/rte_openssl_pmd.c: At top level: ../drivers/crypto/openssl/rte_openssl_pmd.c:4070:1: error: 'process_openssl_mldsa_op_evp' defined but not used [-Werror=unused-function] 4070 | process_openssl_mldsa_op_evp(struct rte_crypto_op *cop, | ^~~~~~~~~~~~~~~~~~~~~~~~~~~~ ../drivers/crypto/openssl/rte_openssl_pmd.c:3601:1: error: 'process_openssl_mlkem_op_evp' defined but not used [-Werror=unused-function] 3601 | process_openssl_mlkem_op_evp(struct rte_crypto_op *cop, | ^~~~~~~~~~~~~~~~~~~~~~~~~~~~ cc1: all warnings being treated as errors ninja: build stopped: subcommand failed. ==== End log output ==== Red Hat Enterprise Linux 9.5 Kernel: 5.4 Compiler: gcc gcc (GCC) 11.5.0 20240719 (Red Hat 11.5.0-2) Ubuntu 20.04 Kernel: 5.4 Compiler: gcc gcc (Ubuntu 9.4.0-1ubuntu1~20.04.2) 9.4.0 Debian GNU/Linux 12 Kernel: 5.4 Compiler: gcc gcc (Debian 12.2.0-14+deb12u1) 12.2.0 Fedora Linux 42 Kernel: 5.4 Compiler: clang gcc (GCC) 15.2.1 20250808 (Red Hat 15.2.1-1) Ubuntu 22.04 Kernel: 5.4 Compiler: gcc gcc (Ubuntu 11.4.0-1ubuntu1~22.04) 11.4.0 Ubuntu 24.04 Kernel: 5.4 Compiler: gcc gcc (Ubuntu 13.3.0-6ubuntu2~24.04) 13.3.0 CentOS Stream 9 Kernel: 5.4 Compiler: gcc gcc (GCC) 11.5.0 20240719 (Red Hat 11.5.0-11) CentOS Stream 10 Kernel: 5.4 Compiler: gcc gcc (GCC) 14.2.1 20250110 (Red Hat 14.2.1-8) To view detailed results, visit: https://lab.dpdk.org/results/dashboard/patchsets/34185/ UNH-IOL DPDK Community Lab To manage your email subscriptions, visit: https://lab.dpdk.org/results/dashboard/preferences/subscriptions/