* |SUCCESS| pw157144-157146 [PATCH v1 3/3] app/test: add ML crypto test vectors
[not found] <20250930180316.1021-4-gmuthukrishn@marvell.com>
@ 2025-09-30 17:29 ` qemudev
2025-09-30 17:34 ` qemudev
` (40 subsequent siblings)
41 siblings, 0 replies; 42+ messages in thread
From: qemudev @ 2025-09-30 17:29 UTC (permalink / raw)
To: test-report
Test-Label: loongarch-compilation
Test-Status: SUCCESS
http://dpdk.org/patch/157146
_Compilation OK_
Submitter: Gowrishankar Muthukrishnan <gmuthukrishn@marvell.com>
Date: Tue, 30 Sep 2025 23:33:11 +0530
DPDK git baseline: Repo:dpdk
Branch: main
CommitID: f3878b615e69a12087a6c5d212723478cfc79c31
157144-157146 --> meson & ninja build successfully
Test environment and result as below:
+---------------------+----------------+
| Environment | compilation |
+---------------------+----------------+
| Loongnix-Server 8.3 | PASS |
+---------------------+----------------+
Loongnix-Server 8.3
Kernel: 4.19.190+
Compiler: gcc 8.3
^ permalink raw reply [flat|nested] 42+ messages in thread
* |SUCCESS| pw157144-157146 [PATCH v1 3/3] app/test: add ML crypto test vectors
[not found] <20250930180316.1021-4-gmuthukrishn@marvell.com>
2025-09-30 17:29 ` |SUCCESS| pw157144-157146 [PATCH v1 3/3] app/test: add ML crypto test vectors qemudev
@ 2025-09-30 17:34 ` qemudev
2025-09-30 18:05 ` |WARNING| pw157146 " checkpatch
` (39 subsequent siblings)
41 siblings, 0 replies; 42+ messages in thread
From: qemudev @ 2025-09-30 17:34 UTC (permalink / raw)
To: test-report
Test-Label: loongarch-unit-testing
Test-Status: SUCCESS
http://dpdk.org/patch/157146
_Unit Testing PASS_
Submitter: Gowrishankar Muthukrishnan <gmuthukrishn@marvell.com>
Date: Tue, 30 Sep 2025 23:33:11 +0530
DPDK git baseline: Repo:dpdk
Branch: main
CommitID: f3878b615e69a12087a6c5d212723478cfc79c31
157144-157146 --> testing pass
Test environment and result as below:
+---------------------+----------------+
| Environment | dpdk_unit_test |
+---------------------+----------------+
| Loongnix-Server 8.3 | PASS |
+---------------------+----------------+
Loongnix-Server 8.3
Kernel: 4.19.190+
Compiler: gcc 8.3
Test result details:
1/120 DPDK:fast-tests / acl_autotest OK 3.16s
2/120 DPDK:fast-tests / alarm_autotest OK 1.37s
3/120 DPDK:fast-tests / argparse_autotest OK 0.37s
4/120 DPDK:fast-tests / atomic_autotest OK 6.91s
5/120 DPDK:fast-tests / bitcount_autotest OK 0.20s
6/120 DPDK:fast-tests / bitmap_autotest OK 0.20s
7/120 DPDK:fast-tests / bitops_autotest OK 1.70s
8/120 DPDK:fast-tests / bitratestats_autotest OK 0.20s
9/120 DPDK:fast-tests / bitset_autotest OK 2.90s
10/120 DPDK:fast-tests / bpf_autotest OK 0.20s
11/120 DPDK:fast-tests / bpf_convert_autotest OK 0.21s
12/120 DPDK:fast-tests / byteorder_autotest OK 0.20s
13/120 DPDK:fast-tests / cfgfile_autotest OK 0.20s
14/120 DPDK:fast-tests / cksum_autotest OK 0.20s
15/120 DPDK:fast-tests / cmdline_autotest OK 0.20s
16/120 DPDK:fast-tests / common_autotest OK 1.09s
17/120 DPDK:fast-tests / compressdev_autotest SKIP 0.06s exit status 77
18/120 DPDK:fast-tests / cpuflags_autotest OK 0.20s
19/120 DPDK:fast-tests / crc_autotest OK 0.20s
20/120 DPDK:fast-tests / user_delay_us OK 0.20s
21/120 DPDK:fast-tests / debug_autotest OK 18.92s
22/120 DPDK:fast-tests / devargs_autotest OK 0.20s
23/120 DPDK:fast-tests / dispatcher_autotest OK 2.52s
24/120 DPDK:fast-tests / distributor_autotest OK 1.20s
25/120 DPDK:fast-tests / eal_flags_c_opt_autotest OK 1.07s
26/120 DPDK:fast-tests / eal_flags_main_opt_autotest OK 0.21s
27/120 DPDK:fast-tests / eal_flags_n_opt_autotest OK 0.19s
28/120 DPDK:fast-tests / eal_flags_hpet_autotest OK 0.13s
29/120 DPDK:fast-tests / eal_flags_no_huge_autotest OK 0.22s
30/120 DPDK:fast-tests / eal_flags_a_opt_autotest OK 0.30s
31/120 DPDK:fast-tests / eal_flags_b_opt_autotest OK 0.24s
32/120 DPDK:fast-tests / eal_flags_vdev_opt_autotest OK 0.19s
33/120 DPDK:fast-tests / eal_flags_r_opt_autotest OK 0.18s
34/120 DPDK:fast-tests / eal_flags_mem_autotest OK 0.59s
35/120 DPDK:fast-tests / eal_flags_file_prefix_autotest OK 22.99s
36/120 DPDK:fast-tests / eal_flags_misc_autotest OK 1.04s
37/120 DPDK:fast-tests / eal_fs_autotest OK 0.21s
38/120 DPDK:fast-tests / errno_autotest OK 0.20s
39/120 DPDK:fast-tests / ethdev_link_status OK 0.20s
40/120 DPDK:fast-tests / event_eth_tx_adapter_autotest OK 1.68s
41/120 DPDK:fast-tests / event_ring_autotest OK 0.21s
42/120 DPDK:fast-tests / eventdev_common_autotest OK 0.20s
43/120 DPDK:fast-tests / eventdev_selftest_sw OK 7.01s
44/120 DPDK:fast-tests / fbarray_autotest OK 0.21s
45/120 DPDK:fast-tests / fib_autotest OK 1.06s
46/120 DPDK:fast-tests / fib6_autotest OK 0.84s
47/120 DPDK:fast-tests / func_reentrancy_autotest OK 2.52s
48/120 DPDK:fast-tests / graph_autotest OK 0.21s
49/120 DPDK:fast-tests / node_list_dump OK 0.20s
50/120 DPDK:fast-tests / graph_feature_arc_autotest OK 0.21s
51/120 DPDK:fast-tests / hash_autotest OK 0.83s
52/120 DPDK:fast-tests / hash_readwrite_func_autotest OK 6.72s
53/120 DPDK:fast-tests / interrupt_autotest OK 1.61s
54/120 DPDK:fast-tests / ipfrag_autotest OK 0.07s
55/120 DPDK:fast-tests / ipsec_autotest SKIP 0.31s exit status 77
56/120 DPDK:fast-tests / kvargs_autotest OK 0.31s
57/120 DPDK:fast-tests / latencystats_autotest OK 0.31s
58/120 DPDK:fast-tests / lcore_var_autotest OK 0.45s
59/120 DPDK:fast-tests / lcores_autotest OK 5.11s
60/120 DPDK:fast-tests / logs_autotest OK 0.31s
61/120 DPDK:fast-tests / lpm_autotest OK 2.46s
62/120 DPDK:fast-tests / lpm6_autotest OK 5.64s
63/120 DPDK:fast-tests / malloc_autotest OK 62.12s
64/120 DPDK:fast-tests / mbuf_autotest OK 4.86s
65/120 DPDK:fast-tests / mcslock_autotest OK 2.57s
66/120 DPDK:fast-tests / member_autotest OK 1.50s
67/120 DPDK:fast-tests / memcpy_autotest OK 6.91s
68/120 DPDK:fast-tests / memory_autotest OK 0.08s
69/120 DPDK:fast-tests / mempool_autotest OK 0.44s
70/120 DPDK:fast-tests / memzone_autotest OK 0.14s
71/120 DPDK:fast-tests / meter_autotest OK 0.31s
72/120 DPDK:fast-tests / metrics_autotest OK 0.31s
73/120 DPDK:fast-tests / multiprocess_autotest OK 0.18s
74/120 DPDK:fast-tests / net_ether_autotest OK 0.97s
75/120 DPDK:fast-tests / net_ipv6_autotest OK 0.31s
76/120 DPDK:fast-tests / pcapng_autotest OK 6.41s
77/120 DPDK:fast-tests / pdcp_autotest SKIP 0.06s exit status 77
78/120 DPDK:fast-tests / pdump_autotest OK 0.41s
79/120 DPDK:fast-tests / per_lcore_autotest OK 0.41s
80/120 DPDK:fast-tests / pflock_autotest OK 1.11s
81/120 DPDK:fast-tests / pie_autotest OK 0.31s
82/120 DPDK:fast-tests / ring_pmd_autotest OK 0.31s
83/120 DPDK:fast-tests / power_autotest OK 0.31s
84/120 DPDK:fast-tests / power_cpufreq_autotest SKIP 0.06s exit status 77
85/120 DPDK:fast-tests / power_intel_uncore_autotest SKIP 0.30s exit status 77
86/120 DPDK:fast-tests / power_kvm_vm_autotest SKIP 0.06s exit status 77
87/120 DPDK:fast-tests / prefetch_autotest OK 0.31s
88/120 DPDK:fast-tests / ptr_compress_autotest OK 0.31s
89/120 DPDK:fast-tests / rawdev_autotest OK 0.31s
90/120 DPDK:fast-tests / rcu_qsbr_autotest OK 0.83s
91/120 DPDK:fast-tests / reorder_autotest OK 0.37s
92/120 DPDK:fast-tests / rib_autotest OK 9.10s
93/120 DPDK:fast-tests / rib6_autotest OK 9.10s
94/120 DPDK:fast-tests / ring_autotest OK 0.34s
95/120 DPDK:fast-tests / rwlock_test1_autotest OK 1.05s
96/120 DPDK:fast-tests / rwlock_rda_autotest OK 5.31s
97/120 DPDK:fast-tests / rwlock_rds_wrm_autotest OK 5.31s
98/120 DPDK:fast-tests / rwlock_rde_wro_autotest OK 5.31s
99/120 DPDK:fast-tests / sched_autotest OK 0.43s
100/120 DPDK:fast-tests / security_autotest OK 0.06s
101/120 DPDK:fast-tests / seqlock_autotest OK 2.39s
102/120 DPDK:fast-tests / service_autotest OK 3.10s
103/120 DPDK:fast-tests / soring_autotest OK 0.40s
104/120 DPDK:fast-tests / spinlock_autotest OK 0.58s
105/120 DPDK:fast-tests / stack_autotest OK 0.86s
106/120 DPDK:fast-tests / stack_lf_autotest SKIP 0.06s exit status 77
107/120 DPDK:fast-tests / string_autotest OK 0.30s
108/120 DPDK:fast-tests / table_autotest OK 7.74s
109/120 DPDK:fast-tests / tailq_autotest OK 0.30s
110/120 DPDK:fast-tests / telemetry_data_autotest OK 0.31s
111/120 DPDK:fast-tests / telemetry_json_autotest OK 0.31s
112/120 DPDK:fast-tests / thash_autotest OK 0.32s
113/120 DPDK:fast-tests / threads_autotest OK 0.48s
114/120 DPDK:fast-tests / ticketlock_autotest OK 0.45s
115/120 DPDK:fast-tests / timer_autotest OK 3.87s
116/120 DPDK:fast-tests / trace_autotest OK 0.31s
117/120 DPDK:fast-tests / trace_autotest_with_traces OK 0.31s
118/120 DPDK:fast-tests / vdev_autotest OK 0.30s
119/120 DPDK:fast-tests / version_autotest OK 0.30s
120/120 DPDK:fast-tests / telemetry_all OK 19.89s
Ok: 113
Expected Fail: 0
Fail: 0
Unexpected Pass: 0
Skipped: 7
Timeout: 0
^ permalink raw reply [flat|nested] 42+ messages in thread
* |WARNING| pw157146 [PATCH v1 3/3] app/test: add ML crypto test vectors
[not found] <20250930180316.1021-4-gmuthukrishn@marvell.com>
2025-09-30 17:29 ` |SUCCESS| pw157144-157146 [PATCH v1 3/3] app/test: add ML crypto test vectors qemudev
2025-09-30 17:34 ` qemudev
@ 2025-09-30 18:05 ` checkpatch
2025-09-30 18:34 ` |PENDING| pw157144-157146 [PATCH] [v1,3/3] app/test: add ML crypto t dpdklab
` (38 subsequent siblings)
41 siblings, 0 replies; 42+ messages in thread
From: checkpatch @ 2025-09-30 18:05 UTC (permalink / raw)
To: test-report; +Cc: Gowrishankar Muthukrishnan
Test-Label: checkpatch
Test-Status: WARNING
http://dpdk.org/patch/157146
_coding style issues_
^ permalink raw reply [flat|nested] 42+ messages in thread
* |PENDING| pw157144-157146 [PATCH] [v1,3/3] app/test: add ML crypto t
[not found] <20250930180316.1021-4-gmuthukrishn@marvell.com>
` (2 preceding siblings ...)
2025-09-30 18:05 ` |WARNING| pw157146 " checkpatch
@ 2025-09-30 18:34 ` dpdklab
2025-09-30 18:37 ` |SUCCESS| " dpdklab
` (37 subsequent siblings)
41 siblings, 0 replies; 42+ messages in thread
From: dpdklab @ 2025-09-30 18:34 UTC (permalink / raw)
To: Test Report; +Cc: dpdk-test-reports
Test-Label: iol-compile-amd64-testing
Test-Status: PENDING
http://dpdk.org/patch/157146
_Testing pending_
Submitter: Gowrishankar Muthukrishnan <gmuthukrishn@marvell.com>
Date: Tuesday, September 30 2025 18:03:13
DPDK git baseline: Repo:dpdk
Branch: master
CommitID:f3878b615e69a12087a6c5d212723478cfc79c31
157144-157146 --> testing pending
Upstream job id: Generic-VM-DPDK-Compile-Meson#38696
Test environment and result as below:
+---------------------+-------------------------+--------------------+-------------------+
| Environment | dpdk_llvm_clang_compile | dpdk_meson_compile | dpdk_msvc_compile |
+=====================+=========================+====================+===================+
| Windows Server 2022 | PEND | SKIPPED | PEND |
+---------------------+-------------------------+--------------------+-------------------+
| Ubuntu 20.04 | SKIPPED | PASS | SKIPPED |
+---------------------+-------------------------+--------------------+-------------------+
| FreeBSD 14.2 | SKIPPED | PEND | SKIPPED |
+---------------------+-------------------------+--------------------+-------------------+
Windows Server 2022
Kernel: 10.0.20348.2031
Compiler: clang 15.0.7, gcc 14.1.0 (MinGW), and MSVC VS 19.39.33521
Ubuntu 20.04
Kernel: 4.19
Compiler: gcc gcc (Ubuntu 9.4.0-1ubuntu1~20.04.2) 9.4.0
FreeBSD 14.2
Kernel: 14.2-RELEASE
Compiler: clang 18.1.6
To view detailed results, visit:
https://lab.dpdk.org/results/dashboard/patchsets/34185/
UNH-IOL DPDK Community Lab
To manage your email subscriptions, visit:
https://lab.dpdk.org/results/dashboard/preferences/subscriptions/
^ permalink raw reply [flat|nested] 42+ messages in thread
* |SUCCESS| pw157144-157146 [PATCH] [v1,3/3] app/test: add ML crypto t
[not found] <20250930180316.1021-4-gmuthukrishn@marvell.com>
` (3 preceding siblings ...)
2025-09-30 18:34 ` |PENDING| pw157144-157146 [PATCH] [v1,3/3] app/test: add ML crypto t dpdklab
@ 2025-09-30 18:37 ` dpdklab
2025-09-30 18:37 ` |PENDING| " dpdklab
` (36 subsequent siblings)
41 siblings, 0 replies; 42+ messages in thread
From: dpdklab @ 2025-09-30 18:37 UTC (permalink / raw)
To: Test Report; +Cc: dpdk-test-reports
Test-Label: iol-marvell-Functional
Test-Status: SUCCESS
http://dpdk.org/patch/157146
_Functional Testing PASS_
Submitter: Gowrishankar Muthukrishnan <gmuthukrishn@marvell.com>
Date: Tuesday, September 30 2025 18:03:13
DPDK git baseline: Repo:dpdk
Branch: master
CommitID:f3878b615e69a12087a6c5d212723478cfc79c31
157144-157146 --> functional testing pass
Upstream job id: Template-DTS-Pipeline#247226
Test environment and result as below:
Ubuntu 20.04.6
Kernel: 5.4.105
Compiler: gcc 9.4
NIC: Marvell CN106XX 50000 Mbps
Target: arm64-native-linuxapp-gcc
Aggregate Results by Test Suite
+----------------+--------+
| Test Suite | Result |
+================+========+
| cmdline | PASS |
+----------------+--------+
| rxtx_callbacks | PASS |
+----------------+--------+
To view detailed results, visit:
https://lab.dpdk.org/results/dashboard/patchsets/34185/
UNH-IOL DPDK Community Lab
To manage your email subscriptions, visit:
https://lab.dpdk.org/results/dashboard/preferences/subscriptions/
^ permalink raw reply [flat|nested] 42+ messages in thread
* |PENDING| pw157144-157146 [PATCH] [v1,3/3] app/test: add ML crypto t
[not found] <20250930180316.1021-4-gmuthukrishn@marvell.com>
` (4 preceding siblings ...)
2025-09-30 18:37 ` |SUCCESS| " dpdklab
@ 2025-09-30 18:37 ` dpdklab
2025-09-30 18:37 ` |FAILURE| " dpdklab
` (35 subsequent siblings)
41 siblings, 0 replies; 42+ messages in thread
From: dpdklab @ 2025-09-30 18:37 UTC (permalink / raw)
To: Test Report; +Cc: dpdk-test-reports
Test-Label: iol-unit-amd64-testing
Test-Status: PENDING
http://dpdk.org/patch/157146
_Testing pending_
Submitter: Gowrishankar Muthukrishnan <gmuthukrishn@marvell.com>
Date: Tuesday, September 30 2025 18:03:13
DPDK git baseline: Repo:dpdk
Branch: master
CommitID:f3878b615e69a12087a6c5d212723478cfc79c31
157144-157146 --> testing pending
Upstream job id: Generic-Unit-Test-DPDK#376749
Test environment and result as below:
+-------------------------------+----------------+
| Environment | dpdk_unit_test |
+===============================+================+
| CentOS Stream 9 | PASS |
+-------------------------------+----------------+
| Debian GNU/Linux 12 | PEND |
+-------------------------------+----------------+
| CentOS Stream 10 | PEND |
+-------------------------------+----------------+
| Fedora Linux 40 | PEND |
+-------------------------------+----------------+
| Fedora Linux 41 | PEND |
+-------------------------------+----------------+
| Red Hat Enterprise Linux 9.5 | PEND |
+-------------------------------+----------------+
| Windows Server 2022 | PEND |
+-------------------------------+----------------+
| Fedora Linux 42 | PEND |
+-------------------------------+----------------+
| Red Hat Enterprise Linux 8.10 | PEND |
+-------------------------------+----------------+
| Ubuntu 22.04 | PEND |
+-------------------------------+----------------+
| Ubuntu 24.04 | PEND |
+-------------------------------+----------------+
| Ubuntu 20.04 | PEND |
+-------------------------------+----------------+
CentOS Stream 9
Kernel: 5.15
Compiler: gcc gcc (GCC) 11.5.0 20240719 (Red Hat 11.5.0-11)
Debian GNU/Linux 12
Kernel: 5.15
Compiler: gcc gcc (Debian 12.2.0-14+deb12u1) 12.2.0
CentOS Stream 10
Kernel: 5.15
Compiler: gcc gcc (GCC) 14.2.1 20250110 (Red Hat 14.2.1-8)
Fedora Linux 40
Kernel: 5.15
Compiler: clang gcc (GCC) 14.2.1 20240912 (Red Hat 14.2.1-3)
Fedora Linux 41
Kernel: 5.15
Compiler: gcc gcc (GCC) 14.3.1 20250523 (Red Hat 14.3.1-1)
Red Hat Enterprise Linux 9.5
Kernel: 5.15
Compiler: gcc gcc (GCC) 11.5.0 20240719 (Red Hat 11.5.0-2)
Windows Server 2022
Kernel: 10.0.20348.2031
Compiler: clang 15.0.7, gcc 14.1.0 (MinGW), and MSVC VS 19.39.33521
Fedora Linux 42
Kernel: 5.15
Compiler: gcc gcc (GCC) 15.2.1 20250808 (Red Hat 15.2.1-1)
Red Hat Enterprise Linux 8.10
Kernel: 5.15
Compiler: gcc gcc (GCC) 8.5.0 20210514 (Red Hat 8.5.0-22)
Ubuntu 22.04
Kernel: 5.15
Compiler: gcc gcc (Ubuntu 11.4.0-1ubuntu1~22.04) 11.4.0
Ubuntu 24.04
Kernel: 5.15
Compiler: gcc gcc (Ubuntu 13.3.0-6ubuntu2~24.04) 13.3.0
Ubuntu 20.04
Kernel: 5.15
Compiler: gcc gcc (Ubuntu 9.4.0-1ubuntu1~20.04.2) 9.4.0
To view detailed results, visit:
https://lab.dpdk.org/results/dashboard/patchsets/34185/
UNH-IOL DPDK Community Lab
To manage your email subscriptions, visit:
https://lab.dpdk.org/results/dashboard/preferences/subscriptions/
^ permalink raw reply [flat|nested] 42+ messages in thread
* |FAILURE| pw157144-157146 [PATCH] [v1,3/3] app/test: add ML crypto t
[not found] <20250930180316.1021-4-gmuthukrishn@marvell.com>
` (5 preceding siblings ...)
2025-09-30 18:37 ` |PENDING| " dpdklab
@ 2025-09-30 18:37 ` dpdklab
2025-09-30 18:38 ` dpdklab
` (34 subsequent siblings)
41 siblings, 0 replies; 42+ messages in thread
From: dpdklab @ 2025-09-30 18:37 UTC (permalink / raw)
To: Test Report; +Cc: dpdk-test-reports, Gowrishankar Muthukrishnan
Test-Label: iol-compile-amd64-testing
Test-Status: FAILURE
http://dpdk.org/patch/157146
_Testing issues_
Submitter: Gowrishankar Muthukrishnan <gmuthukrishn@marvell.com>
Date: Tuesday, September 30 2025 18:03:13
DPDK git baseline: Repo:dpdk
Branch: master
CommitID:f3878b615e69a12087a6c5d212723478cfc79c31
157144-157146 --> testing issues
Upstream job id: Generic-VM-DPDK-Compile-Meson#38697
Test environment and result as below:
+---------------------+-------------------------+--------------------+-------------------+
| Environment | dpdk_llvm_clang_compile | dpdk_meson_compile | dpdk_msvc_compile |
+=====================+=========================+====================+===================+
| Windows Server 2022 | PEND | SKIPPED | PEND |
+---------------------+-------------------------+--------------------+-------------------+
| Ubuntu 20.04 | SKIPPED | PASS | SKIPPED |
+---------------------+-------------------------+--------------------+-------------------+
| FreeBSD 14.2 | SKIPPED | FAIL | SKIPPED |
+---------------------+-------------------------+--------------------+-------------------+
==== 20 line log output for FreeBSD 14.2 (dpdk_meson_compile): ====
/usr/local/include/openssl/evp.h:1902:5: note: 'EVP_PKEY_verify_recover_init' declared here
1902 | int EVP_PKEY_verify_recover_init(EVP_PKEY_CTX *ctx);
| ^
../drivers/crypto/openssl/rte_openssl_pmd.c:4028:19: error: use of undeclared identifier 'OSSL_SIGNATURE_PARAM_MU'
4028 | OSSL_PARAM_int(OSSL_SIGNATURE_PARAM_MU, &has_mu),
| ^
../drivers/crypto/openssl/rte_openssl_pmd.c:4042:28: error: use of undeclared identifier 'OSSL_SIGNATURE_PARAM_CONTEXT_STRING'
4042 | OSSL_PARAM_octet_string(OSSL_SIGNATURE_PARAM_CONTEXT_STRING,
| ^
../drivers/crypto/openssl/rte_openssl_pmd.c:4313:12: error: call to undeclared function 'process_openssl_mlkem_op'; ISO C99 and later do not support implicit function declarations [-Werror,-Wimplicit-function-declaration]
4313 | retval = process_openssl_mlkem_op(op, sess);
| ^
fatal error: too many errors emitted, stopping now [-ferror-limit=]
20 errors generated.
[1676/2137] Linking target drivers/librte_crypto_ionic.so.26.0
[1677/2137] Compiling C object drivers/libtmp_rte_crypto_scheduler.a.p/crypto_scheduler_rte_cryptodev_scheduler.c.o
[1678/2137] Generating rte_crypto_null.sym_chk with a custom command (wrapped by meson to capture output)
[1679/2137] Compiling C object drivers/libtmp_rte_crypto_scheduler.a.p/crypto_scheduler_scheduler_failover.c.o
[1680/2137] Compiling C object drivers/libtmp_rte_crypto_scheduler.a.p/crypto_scheduler_scheduler_multicore.c.o
ninja: build stopped: subcommand failed.
==== End log output ====
Windows Server 2022
Kernel: 10.0.20348.2031
Compiler: clang 15.0.7, gcc 14.1.0 (MinGW), and MSVC VS 19.39.33521
Ubuntu 20.04
Kernel: 4.19
Compiler: gcc gcc (Ubuntu 9.4.0-1ubuntu1~20.04.2) 9.4.0
FreeBSD 14.2
Kernel: 14.2-RELEASE
Compiler: clang 18.1.6
To view detailed results, visit:
https://lab.dpdk.org/results/dashboard/patchsets/34185/
UNH-IOL DPDK Community Lab
To manage your email subscriptions, visit:
https://lab.dpdk.org/results/dashboard/preferences/subscriptions/
^ permalink raw reply [flat|nested] 42+ messages in thread
* |FAILURE| pw157144-157146 [PATCH] [v1,3/3] app/test: add ML crypto t
[not found] <20250930180316.1021-4-gmuthukrishn@marvell.com>
` (6 preceding siblings ...)
2025-09-30 18:37 ` |FAILURE| " dpdklab
@ 2025-09-30 18:38 ` dpdklab
2025-09-30 18:38 ` dpdklab
` (33 subsequent siblings)
41 siblings, 0 replies; 42+ messages in thread
From: dpdklab @ 2025-09-30 18:38 UTC (permalink / raw)
To: Test Report; +Cc: dpdk-test-reports, Gowrishankar Muthukrishnan
Test-Label: iol-unit-amd64-testing
Test-Status: FAILURE
http://dpdk.org/patch/157146
_Testing issues_
Submitter: Gowrishankar Muthukrishnan <gmuthukrishn@marvell.com>
Date: Tuesday, September 30 2025 18:03:13
DPDK git baseline: Repo:dpdk
Branch: master
CommitID:f3878b615e69a12087a6c5d212723478cfc79c31
157144-157146 --> testing issues
Upstream job id: Generic-Unit-Test-DPDK#376754
Test environment and result as below:
+-------------------------------+----------------+
| Environment | dpdk_unit_test |
+===============================+================+
| CentOS Stream 9 | PASS |
+-------------------------------+----------------+
| Debian GNU/Linux 12 | WARN |
+-------------------------------+----------------+
| CentOS Stream 10 | FAIL |
+-------------------------------+----------------+
| Fedora Linux 40 | PEND |
+-------------------------------+----------------+
| Fedora Linux 41 | PEND |
+-------------------------------+----------------+
| Red Hat Enterprise Linux 9.5 | PEND |
+-------------------------------+----------------+
| Windows Server 2022 | PEND |
+-------------------------------+----------------+
| Fedora Linux 42 | PEND |
+-------------------------------+----------------+
| Red Hat Enterprise Linux 8.10 | PEND |
+-------------------------------+----------------+
| Ubuntu 22.04 | PEND |
+-------------------------------+----------------+
| Ubuntu 24.04 | PEND |
+-------------------------------+----------------+
| Ubuntu 20.04 | PEND |
+-------------------------------+----------------+
==== Unit test summary for CentOS Stream 10 (dpdk_unit_test): ====
ninja: Entering directory `/root/workspace/Generic-Unit-Test-DPDK/dpdk/build'
ninja: no work to do.
1/120 DPDK:fast-tests / acl_autotest OK 3.11s
2/120 DPDK:fast-tests / alarm_autotest OK 1.22s
3/120 DPDK:fast-tests / argparse_autotest OK 0.18s
4/120 DPDK:fast-tests / atomic_autotest OK 0.41s
5/120 DPDK:fast-tests / bitcount_autotest OK 0.20s
6/120 DPDK:fast-tests / bitmap_autotest OK 0.17s
7/120 DPDK:fast-tests / bitops_autotest OK 1.68s
8/120 DPDK:fast-tests / bitratestats_autotest OK 0.17s
9/120 DPDK:fast-tests / bitset_autotest OK 1.42s
10/120 DPDK:fast-tests / bpf_autotest OK 0.17s
11/120 DPDK:fast-tests / bpf_convert_autotest OK 0.18s
12/120 DPDK:fast-tests / byteorder_autotest OK 0.17s
13/120 DPDK:fast-tests / cfgfile_autotest OK 0.17s
14/120 DPDK:fast-tests / cksum_autotest OK 0.17s
15/120 DPDK:fast-tests / cmdline_autotest OK 0.17s
16/120 DPDK:fast-tests / common_autotest OK 0.48s
17/120 DPDK:fast-tests / compressdev_autotest SKIP 0.14s exit status 77
18/120 DPDK:fast-tests / cpuflags_autotest OK 0.19s
19/120 DPDK:fast-tests / crc_autotest OK 0.17s
20/120 DPDK:fast-tests / user_delay_us OK 0.17s
21/120 DPDK:fast-tests / debug_autotest OK 0.56s
22/120 DPDK:fast-tests / devargs_autotest OK 0.18s
23/120 DPDK:fast-tests / dispatcher_autotest SKIP 0.16s exit status 77
24/120 DPDK:fast-tests / distributor_autotest OK 1.04s
25/120 DPDK:fast-tests / eal_flags_c_opt_autotest OK 0.92s
26/120 DPDK:fast-tests / eal_flags_main_opt_autotest OK 0.31s
27/120 DPDK:fast-tests / eal_flags_n_opt_autotest OK 0.47s
28/120 DPDK:fast-tests / eal_flags_hpet_autotest OK 0.21s
29/120 DPDK:fast-tests / eal_flags_no_huge_autotest OK 0.54s
30/120 DPDK:fast-tests / eal_flags_a_opt_autotest OK 0.38s
31/120 DPDK:fast-tests / eal_flags_b_opt_autotest OK 0.33s
32/120 DPDK:fast-tests / eal_flags_vdev_opt_autotest OK 0.57s
33/120 DPDK:fast-tests / eal_flags_r_opt_autotest OK 0.27s
34/120 DPDK:fast-tests / eal_flags_mem_autotest OK 0.76s
35/120 DPDK:fast-tests / eal_flags_file_prefix_autotest OK 4.07s
36/120 DPDK:fast-tests / eal_flags_misc_autotest OK 2.08s
37/120 DPDK:fast-tests / eal_fs_autotest OK 0.19s
38/120 DPDK:fast-tests / errno_autotest OK 0.17s
39/120 DPDK:fast-tests / ethdev_link_status OK 0.17s
40/120 DPDK:fast-tests / event_eth_tx_adapter_autotest OK 0.46s
41/120 DPDK:fast-tests / event_ring_autotest OK 0.25s
42/120 DPDK:fast-tests / eventdev_common_autotest OK 0.17s
43/120 DPDK:fast-tests / eventdev_selftest_sw OK 0.32s
44/120 DPDK:fast-tests / fbarray_autotest OK 0.19s
45/120 DPDK:fast-tests / fib_autotest OK 0.88s
46/120 DPDK:fast-tests / fib6_autotest OK 0.82s
47/120 DPDK:fast-tests / func_reentrancy_autotest OK 0.67s
48/120 DPDK:fast-tests / graph_autotest OK 0.26s
49/120 DPDK:fast-tests / node_list_dump OK 0.26s
50/120 DPDK:fast-tests / graph_feature_arc_autotest OK 0.17s
51/120 DPDK:fast-tests / hash_autotest OK 0.30s
52/120 DPDK:fast-tests / hash_readwrite_func_autotest SKIP 0.14s exit status 77
53/120 DPDK:fast-tests / interrupt_autotest OK 1.49s
54/120 DPDK:fast-tests / ipfrag_autotest OK 0.16s
55/120 DPDK:fast-tests / ipsec_autotest SKIP 0.20s exit status 77
56/120 DPDK:fast-tests / kvargs_autotest OK 0.26s
57/120 DPDK:fast-tests / latencystats_autotest OK 0.27s
58/120 DPDK:fast-tests / lcore_var_autotest OK 0.33s
59/120 DPDK:fast-tests / lcores_autotest OK 0.85s
60/120 DPDK:fast-tests / logs_autotest OK 0.27s
61/120 DPDK:fast-tests / lpm_autotest OK 0.67s
62/120 DPDK:fast-tests / lpm6_autotest OK 2.04s
63/120 DPDK:fast-tests / malloc_autotest OK 0.57s
64/120 DPDK:fast-tests / mbuf_autotest OK 0.18s
65/120 DPDK:fast-tests / mcslock_autotest OK 0.51s
66/120 DPDK:fast-tests / member_autotest OK 1.50s
67/120 DPDK:fast-tests / memcpy_autotest OK 2.76s
68/120 DPDK:fast-tests / memory_autotest OK 0.15s
69/120 DPDK:fast-tests / mempool_autotest OK 0.43s
70/120 DPDK:fast-tests / memzone_autotest OK 0.20s
71/120 DPDK:fast-tests / meter_autotest OK 0.19s
72/120 DPDK:fast-tests / metrics_autotest OK 0.24s
73/120 DPDK:fast-tests / multiprocess_autotest OK 0.28s
74/120 DPDK:fast-tests / net_ether_autotest OK 0.68s
75/120 DPDK:fast-tests / net_ipv6_autotest OK 0.17s
76/120 DPDK:fast-tests / pcapng_autotest OK 6.86s
77/120 DPDK:fast-tests / pdcp_autotest SKIP 0.15s exit status 77
78/120 DPDK:fast-tests / pdump_autotest OK 0.31s
79/120 DPDK:fast-tests / per_lcore_autotest OK 0.27s
80/120 DPDK:fast-tests / pflock_autotest OK 0.28s
81/120 DPDK:fast-tests / pie_autotest OK 0.17s
82/120 DPDK:fast-tests / ring_pmd_autotest OK 0.24s
83/120 DPDK:fast-tests / power_autotest OK 0.18s
84/120 DPDK:fast-tests / power_cpufreq_autotest SKIP 0.15s exit status 77
85/120 DPDK:fast-tests / power_intel_uncore_autotest SKIP 0.22s exit status 77
86/120 DPDK:fast-tests / power_kvm_vm_autotest SKIP 0.16s exit status 77
87/120 DPDK:fast-tests / prefetch_autotest OK 0.19s
88/120 DPDK:fast-tests / ptr_compress_autotest OK 0.19s
89/120 DPDK:fast-tests / rawdev_autotest OK 0.17s
90/120 DPDK:fast-tests / rcu_qsbr_autotest OK 0.27s
91/120 DPDK:fast-tests / reorder_autotest OK 0.29s
92/120 DPDK:fast-tests / rib_autotest OK 4.88s
93/120 DPDK:fast-tests / rib6_autotest OK 4.30s
94/120 DPDK:fast-tests / ring_autotest OK 0.18s
95/120 DPDK:fast-tests / rwlock_test1_autotest OK 0.28s
96/120 DPDK:fast-tests / rwlock_rda_autotest OK 5.19s
97/120 DPDK:fast-tests / rwlock_rds_wrm_autotest OK 5.17s
98/120 DPDK:fast-tests / rwlock_rde_wro_autotest OK 5.17s
99/120 DPDK:fast-tests / sched_autotest OK 0.24s
100/120 DPDK:fast-tests / security_autotest OK 0.15s
101/120 DPDK:fast-tests / seqlock_autotest SKIP 0.25s exit status 77
102/120 DPDK:fast-tests / service_autotest OK 0.27s
103/120 DPDK:fast-tests / soring_autotest OK 0.18s
104/120 DPDK:fast-tests / spinlock_autotest OK 0.18s
105/120 DPDK:fast-tests / stack_autotest OK 0.16s
106/120 DPDK:fast-tests / stack_lf_autotest OK 0.24s
107/120 DPDK:fast-tests / string_autotest OK 0.18s
108/120 DPDK:fast-tests / table_autotest OK 5.47s
109/120 DPDK:fast-tests / tailq_autotest OK 0.17s
110/120 DPDK:fast-tests / telemetry_data_autotest OK 0.17s
111/120 DPDK:fast-tests / telemetry_json_autotest OK 0.17s
112/120 DPDK:fast-tests / thash_autotest OK 0.17s
113/120 DPDK:fast-tests / threads_autotest OK 0.32s
114/120 DPDK:fast-tests / ticketlock_autotest OK 0.18s
115/120 DPDK:fast-tests / timer_autotest OK 2.70s
116/120 DPDK:fast-tests / trace_autotest OK 0.18s
117/120 DPDK:fast-tests / trace_autotest_with_traces OK 0.25s
118/120 DPDK:fast-tests / vdev_autotest OK 0.25s
119/120 DPDK:fast-tests / version_autotest OK 0.17s
120/120 DPDK:fast-tests / telemetry_all SKIP 0.01s exit status 77
Ok: 110
Expected Fail: 0
Fail: 0
Unexpected Pass: 0
Skipped: 10
Timeout: 0
Full log written to /root/workspace/Generic-Unit-Test-DPDK/dpdk/build/meson-logs/testlog.txt
ninja: Entering directory `/root/workspace/Generic-Unit-Test-DPDK/dpdk/build'
ninja: no work to do.
1/2 DPDK:driver-tests / cryptodev_openssl_autotest OK 0.54s
2/2 DPDK:driver-tests / cryptodev_openssl_asym_autotest FAIL 0.21s (exit status 255 or signal 127 SIGinvalid)
>>> MALLOC_PERTURB_=87 DPDK_TEST=cryptodev_openssl_asym_autotest /root/workspace/Generic-Unit-Test-DPDK/dpdk/build/app/dpdk-test --vdev crypto_openssl
Ok: 1
Expected Fail: 0
Fail: 1
Unexpected Pass: 0
Skipped: 0
Timeout: 0
Full log written to /root/workspace/Generic-Unit-Test-DPDK/dpdk/build/meson-logs/testlog.txt
Test log output from the failed test cryptodev_openssl_asym_autotest:
Sorry, we were not able to find the logs for this test.
Download the log output from the CI site for this test run.
==== End log output ====
CentOS Stream 9
Kernel: 5.15
Compiler: gcc gcc (GCC) 11.5.0 20240719 (Red Hat 11.5.0-11)
Debian GNU/Linux 12
Kernel: 5.15
Compiler: gcc gcc (Debian 12.2.0-14+deb12u1) 12.2.0
CentOS Stream 10
Kernel: 5.15
Compiler: gcc gcc (GCC) 14.2.1 20250110 (Red Hat 14.2.1-8)
Fedora Linux 40
Kernel: 5.15
Compiler: clang gcc (GCC) 14.2.1 20240912 (Red Hat 14.2.1-3)
Fedora Linux 41
Kernel: 5.15
Compiler: gcc gcc (GCC) 14.3.1 20250523 (Red Hat 14.3.1-1)
Red Hat Enterprise Linux 9.5
Kernel: 5.15
Compiler: gcc gcc (GCC) 11.5.0 20240719 (Red Hat 11.5.0-2)
Windows Server 2022
Kernel: 10.0.20348.2031
Compiler: clang 15.0.7, gcc 14.1.0 (MinGW), and MSVC VS 19.39.33521
Fedora Linux 42
Kernel: 5.15
Compiler: gcc gcc (GCC) 15.2.1 20250808 (Red Hat 15.2.1-1)
Red Hat Enterprise Linux 8.10
Kernel: 5.15
Compiler: gcc gcc (GCC) 8.5.0 20210514 (Red Hat 8.5.0-22)
Ubuntu 22.04
Kernel: 5.15
Compiler: gcc gcc (Ubuntu 11.4.0-1ubuntu1~22.04) 11.4.0
Ubuntu 24.04
Kernel: 5.15
Compiler: gcc gcc (Ubuntu 13.3.0-6ubuntu2~24.04) 13.3.0
Ubuntu 20.04
Kernel: 5.15
Compiler: gcc gcc (Ubuntu 9.4.0-1ubuntu1~20.04.2) 9.4.0
To view detailed results, visit:
https://lab.dpdk.org/results/dashboard/patchsets/34185/
UNH-IOL DPDK Community Lab
To manage your email subscriptions, visit:
https://lab.dpdk.org/results/dashboard/preferences/subscriptions/
^ permalink raw reply [flat|nested] 42+ messages in thread
* |FAILURE| pw157144-157146 [PATCH] [v1,3/3] app/test: add ML crypto t
[not found] <20250930180316.1021-4-gmuthukrishn@marvell.com>
` (7 preceding siblings ...)
2025-09-30 18:38 ` dpdklab
@ 2025-09-30 18:38 ` dpdklab
2025-09-30 18:48 ` dpdklab
` (32 subsequent siblings)
41 siblings, 0 replies; 42+ messages in thread
From: dpdklab @ 2025-09-30 18:38 UTC (permalink / raw)
To: Test Report; +Cc: dpdk-test-reports, Gowrishankar Muthukrishnan
Test-Label: iol-unit-amd64-testing
Test-Status: FAILURE
http://dpdk.org/patch/157146
_Testing issues_
Submitter: Gowrishankar Muthukrishnan <gmuthukrishn@marvell.com>
Date: Tuesday, September 30 2025 18:03:13
DPDK git baseline: Repo:dpdk
Branch: master
CommitID:f3878b615e69a12087a6c5d212723478cfc79c31
157144-157146 --> testing issues
Upstream job id: Generic-Unit-Test-DPDK#376751
Test environment and result as below:
+-------------------------------+----------------+
| Environment | dpdk_unit_test |
+===============================+================+
| CentOS Stream 9 | PASS |
+-------------------------------+----------------+
| Debian GNU/Linux 12 | WARN |
+-------------------------------+----------------+
| CentOS Stream 10 | FAIL |
+-------------------------------+----------------+
| Fedora Linux 40 | PEND |
+-------------------------------+----------------+
| Fedora Linux 41 | PEND |
+-------------------------------+----------------+
| Red Hat Enterprise Linux 9.5 | PEND |
+-------------------------------+----------------+
| Windows Server 2022 | PEND |
+-------------------------------+----------------+
| Fedora Linux 42 | PEND |
+-------------------------------+----------------+
| Red Hat Enterprise Linux 8.10 | PEND |
+-------------------------------+----------------+
| Ubuntu 22.04 | PEND |
+-------------------------------+----------------+
| Ubuntu 24.04 | PEND |
+-------------------------------+----------------+
| Ubuntu 20.04 | PEND |
+-------------------------------+----------------+
==== Unit test summary for CentOS Stream 10 (dpdk_unit_test): ====
ninja: Entering directory `/root/workspace/Generic-Unit-Test-DPDK/dpdk/build'
ninja: no work to do.
1/120 DPDK:fast-tests / acl_autotest OK 3.11s
2/120 DPDK:fast-tests / alarm_autotest OK 1.22s
3/120 DPDK:fast-tests / argparse_autotest OK 0.18s
4/120 DPDK:fast-tests / atomic_autotest OK 0.41s
5/120 DPDK:fast-tests / bitcount_autotest OK 0.20s
6/120 DPDK:fast-tests / bitmap_autotest OK 0.17s
7/120 DPDK:fast-tests / bitops_autotest OK 1.68s
8/120 DPDK:fast-tests / bitratestats_autotest OK 0.17s
9/120 DPDK:fast-tests / bitset_autotest OK 1.42s
10/120 DPDK:fast-tests / bpf_autotest OK 0.17s
11/120 DPDK:fast-tests / bpf_convert_autotest OK 0.18s
12/120 DPDK:fast-tests / byteorder_autotest OK 0.17s
13/120 DPDK:fast-tests / cfgfile_autotest OK 0.17s
14/120 DPDK:fast-tests / cksum_autotest OK 0.17s
15/120 DPDK:fast-tests / cmdline_autotest OK 0.17s
16/120 DPDK:fast-tests / common_autotest OK 0.48s
17/120 DPDK:fast-tests / compressdev_autotest SKIP 0.14s exit status 77
18/120 DPDK:fast-tests / cpuflags_autotest OK 0.19s
19/120 DPDK:fast-tests / crc_autotest OK 0.17s
20/120 DPDK:fast-tests / user_delay_us OK 0.17s
21/120 DPDK:fast-tests / debug_autotest OK 0.56s
22/120 DPDK:fast-tests / devargs_autotest OK 0.18s
23/120 DPDK:fast-tests / dispatcher_autotest SKIP 0.16s exit status 77
24/120 DPDK:fast-tests / distributor_autotest OK 1.04s
25/120 DPDK:fast-tests / eal_flags_c_opt_autotest OK 0.92s
26/120 DPDK:fast-tests / eal_flags_main_opt_autotest OK 0.31s
27/120 DPDK:fast-tests / eal_flags_n_opt_autotest OK 0.47s
28/120 DPDK:fast-tests / eal_flags_hpet_autotest OK 0.21s
29/120 DPDK:fast-tests / eal_flags_no_huge_autotest OK 0.54s
30/120 DPDK:fast-tests / eal_flags_a_opt_autotest OK 0.38s
31/120 DPDK:fast-tests / eal_flags_b_opt_autotest OK 0.33s
32/120 DPDK:fast-tests / eal_flags_vdev_opt_autotest OK 0.57s
33/120 DPDK:fast-tests / eal_flags_r_opt_autotest OK 0.27s
34/120 DPDK:fast-tests / eal_flags_mem_autotest OK 0.76s
35/120 DPDK:fast-tests / eal_flags_file_prefix_autotest OK 4.07s
36/120 DPDK:fast-tests / eal_flags_misc_autotest OK 2.08s
37/120 DPDK:fast-tests / eal_fs_autotest OK 0.19s
38/120 DPDK:fast-tests / errno_autotest OK 0.17s
39/120 DPDK:fast-tests / ethdev_link_status OK 0.17s
40/120 DPDK:fast-tests / event_eth_tx_adapter_autotest OK 0.46s
41/120 DPDK:fast-tests / event_ring_autotest OK 0.25s
42/120 DPDK:fast-tests / eventdev_common_autotest OK 0.17s
43/120 DPDK:fast-tests / eventdev_selftest_sw OK 0.32s
44/120 DPDK:fast-tests / fbarray_autotest OK 0.19s
45/120 DPDK:fast-tests / fib_autotest OK 0.88s
46/120 DPDK:fast-tests / fib6_autotest OK 0.82s
47/120 DPDK:fast-tests / func_reentrancy_autotest OK 0.67s
48/120 DPDK:fast-tests / graph_autotest OK 0.26s
49/120 DPDK:fast-tests / node_list_dump OK 0.26s
50/120 DPDK:fast-tests / graph_feature_arc_autotest OK 0.17s
51/120 DPDK:fast-tests / hash_autotest OK 0.30s
52/120 DPDK:fast-tests / hash_readwrite_func_autotest SKIP 0.14s exit status 77
53/120 DPDK:fast-tests / interrupt_autotest OK 1.49s
54/120 DPDK:fast-tests / ipfrag_autotest OK 0.16s
55/120 DPDK:fast-tests / ipsec_autotest SKIP 0.20s exit status 77
56/120 DPDK:fast-tests / kvargs_autotest OK 0.26s
57/120 DPDK:fast-tests / latencystats_autotest OK 0.27s
58/120 DPDK:fast-tests / lcore_var_autotest OK 0.33s
59/120 DPDK:fast-tests / lcores_autotest OK 0.85s
60/120 DPDK:fast-tests / logs_autotest OK 0.27s
61/120 DPDK:fast-tests / lpm_autotest OK 0.67s
62/120 DPDK:fast-tests / lpm6_autotest OK 2.04s
63/120 DPDK:fast-tests / malloc_autotest OK 0.57s
64/120 DPDK:fast-tests / mbuf_autotest OK 0.18s
65/120 DPDK:fast-tests / mcslock_autotest OK 0.51s
66/120 DPDK:fast-tests / member_autotest OK 1.50s
67/120 DPDK:fast-tests / memcpy_autotest OK 2.76s
68/120 DPDK:fast-tests / memory_autotest OK 0.15s
69/120 DPDK:fast-tests / mempool_autotest OK 0.43s
70/120 DPDK:fast-tests / memzone_autotest OK 0.20s
71/120 DPDK:fast-tests / meter_autotest OK 0.19s
72/120 DPDK:fast-tests / metrics_autotest OK 0.24s
73/120 DPDK:fast-tests / multiprocess_autotest OK 0.28s
74/120 DPDK:fast-tests / net_ether_autotest OK 0.68s
75/120 DPDK:fast-tests / net_ipv6_autotest OK 0.17s
76/120 DPDK:fast-tests / pcapng_autotest OK 6.86s
77/120 DPDK:fast-tests / pdcp_autotest SKIP 0.15s exit status 77
78/120 DPDK:fast-tests / pdump_autotest OK 0.31s
79/120 DPDK:fast-tests / per_lcore_autotest OK 0.27s
80/120 DPDK:fast-tests / pflock_autotest OK 0.28s
81/120 DPDK:fast-tests / pie_autotest OK 0.17s
82/120 DPDK:fast-tests / ring_pmd_autotest OK 0.24s
83/120 DPDK:fast-tests / power_autotest OK 0.18s
84/120 DPDK:fast-tests / power_cpufreq_autotest SKIP 0.15s exit status 77
85/120 DPDK:fast-tests / power_intel_uncore_autotest SKIP 0.22s exit status 77
86/120 DPDK:fast-tests / power_kvm_vm_autotest SKIP 0.16s exit status 77
87/120 DPDK:fast-tests / prefetch_autotest OK 0.19s
88/120 DPDK:fast-tests / ptr_compress_autotest OK 0.19s
89/120 DPDK:fast-tests / rawdev_autotest OK 0.17s
90/120 DPDK:fast-tests / rcu_qsbr_autotest OK 0.27s
91/120 DPDK:fast-tests / reorder_autotest OK 0.29s
92/120 DPDK:fast-tests / rib_autotest OK 4.88s
93/120 DPDK:fast-tests / rib6_autotest OK 4.30s
94/120 DPDK:fast-tests / ring_autotest OK 0.18s
95/120 DPDK:fast-tests / rwlock_test1_autotest OK 0.28s
96/120 DPDK:fast-tests / rwlock_rda_autotest OK 5.19s
97/120 DPDK:fast-tests / rwlock_rds_wrm_autotest OK 5.17s
98/120 DPDK:fast-tests / rwlock_rde_wro_autotest OK 5.17s
99/120 DPDK:fast-tests / sched_autotest OK 0.24s
100/120 DPDK:fast-tests / security_autotest OK 0.15s
101/120 DPDK:fast-tests / seqlock_autotest SKIP 0.25s exit status 77
102/120 DPDK:fast-tests / service_autotest OK 0.27s
103/120 DPDK:fast-tests / soring_autotest OK 0.18s
104/120 DPDK:fast-tests / spinlock_autotest OK 0.18s
105/120 DPDK:fast-tests / stack_autotest OK 0.16s
106/120 DPDK:fast-tests / stack_lf_autotest OK 0.24s
107/120 DPDK:fast-tests / string_autotest OK 0.18s
108/120 DPDK:fast-tests / table_autotest OK 5.47s
109/120 DPDK:fast-tests / tailq_autotest OK 0.17s
110/120 DPDK:fast-tests / telemetry_data_autotest OK 0.17s
111/120 DPDK:fast-tests / telemetry_json_autotest OK 0.17s
112/120 DPDK:fast-tests / thash_autotest OK 0.17s
113/120 DPDK:fast-tests / threads_autotest OK 0.32s
114/120 DPDK:fast-tests / ticketlock_autotest OK 0.18s
115/120 DPDK:fast-tests / timer_autotest OK 2.70s
116/120 DPDK:fast-tests / trace_autotest OK 0.18s
117/120 DPDK:fast-tests / trace_autotest_with_traces OK 0.25s
118/120 DPDK:fast-tests / vdev_autotest OK 0.25s
119/120 DPDK:fast-tests / version_autotest OK 0.17s
120/120 DPDK:fast-tests / telemetry_all SKIP 0.01s exit status 77
Ok: 110
Expected Fail: 0
Fail: 0
Unexpected Pass: 0
Skipped: 10
Timeout: 0
Full log written to /root/workspace/Generic-Unit-Test-DPDK/dpdk/build/meson-logs/testlog.txt
ninja: Entering directory `/root/workspace/Generic-Unit-Test-DPDK/dpdk/build'
ninja: no work to do.
1/2 DPDK:driver-tests / cryptodev_openssl_autotest OK 0.54s
2/2 DPDK:driver-tests / cryptodev_openssl_asym_autotest FAIL 0.21s (exit status 255 or signal 127 SIGinvalid)
>>> MALLOC_PERTURB_=87 DPDK_TEST=cryptodev_openssl_asym_autotest /root/workspace/Generic-Unit-Test-DPDK/dpdk/build/app/dpdk-test --vdev crypto_openssl
Ok: 1
Expected Fail: 0
Fail: 1
Unexpected Pass: 0
Skipped: 0
Timeout: 0
Full log written to /root/workspace/Generic-Unit-Test-DPDK/dpdk/build/meson-logs/testlog.txt
Test log output from the failed test cryptodev_openssl_asym_autotest:
Sorry, we were not able to find the logs for this test.
Download the log output from the CI site for this test run.
==== End log output ====
CentOS Stream 9
Kernel: 5.15
Compiler: gcc gcc (GCC) 11.5.0 20240719 (Red Hat 11.5.0-11)
Debian GNU/Linux 12
Kernel: 5.15
Compiler: gcc gcc (Debian 12.2.0-14+deb12u1) 12.2.0
CentOS Stream 10
Kernel: 5.15
Compiler: gcc gcc (GCC) 14.2.1 20250110 (Red Hat 14.2.1-8)
Fedora Linux 40
Kernel: 5.15
Compiler: clang gcc (GCC) 14.2.1 20240912 (Red Hat 14.2.1-3)
Fedora Linux 41
Kernel: 5.15
Compiler: gcc gcc (GCC) 14.3.1 20250523 (Red Hat 14.3.1-1)
Red Hat Enterprise Linux 9.5
Kernel: 5.15
Compiler: gcc gcc (GCC) 11.5.0 20240719 (Red Hat 11.5.0-2)
Windows Server 2022
Kernel: 10.0.20348.2031
Compiler: clang 15.0.7, gcc 14.1.0 (MinGW), and MSVC VS 19.39.33521
Fedora Linux 42
Kernel: 5.15
Compiler: gcc gcc (GCC) 15.2.1 20250808 (Red Hat 15.2.1-1)
Red Hat Enterprise Linux 8.10
Kernel: 5.15
Compiler: gcc gcc (GCC) 8.5.0 20210514 (Red Hat 8.5.0-22)
Ubuntu 22.04
Kernel: 5.15
Compiler: gcc gcc (Ubuntu 11.4.0-1ubuntu1~22.04) 11.4.0
Ubuntu 24.04
Kernel: 5.15
Compiler: gcc gcc (Ubuntu 13.3.0-6ubuntu2~24.04) 13.3.0
Ubuntu 20.04
Kernel: 5.15
Compiler: gcc gcc (Ubuntu 9.4.0-1ubuntu1~20.04.2) 9.4.0
To view detailed results, visit:
https://lab.dpdk.org/results/dashboard/patchsets/34185/
UNH-IOL DPDK Community Lab
To manage your email subscriptions, visit:
https://lab.dpdk.org/results/dashboard/preferences/subscriptions/
^ permalink raw reply [flat|nested] 42+ messages in thread
* |FAILURE| pw157144-157146 [PATCH] [v1,3/3] app/test: add ML crypto t
[not found] <20250930180316.1021-4-gmuthukrishn@marvell.com>
` (8 preceding siblings ...)
2025-09-30 18:38 ` dpdklab
@ 2025-09-30 18:48 ` dpdklab
2025-09-30 18:49 ` |PENDING| " dpdklab
` (31 subsequent siblings)
41 siblings, 0 replies; 42+ messages in thread
From: dpdklab @ 2025-09-30 18:48 UTC (permalink / raw)
To: Test Report; +Cc: dpdk-test-reports, Gowrishankar Muthukrishnan
Test-Label: iol-unit-amd64-testing
Test-Status: FAILURE
http://dpdk.org/patch/157146
_Testing issues_
Submitter: Gowrishankar Muthukrishnan <gmuthukrishn@marvell.com>
Date: Tuesday, September 30 2025 18:03:13
DPDK git baseline: Repo:dpdk
Branch: master
CommitID:f3878b615e69a12087a6c5d212723478cfc79c31
157144-157146 --> testing issues
Upstream job id: Generic-Unit-Test-DPDK#376758
Test environment and result as below:
+-------------------------------+----------------+
| Environment | dpdk_unit_test |
+===============================+================+
| CentOS Stream 9 | PASS |
+-------------------------------+----------------+
| Debian GNU/Linux 12 | WARN |
+-------------------------------+----------------+
| CentOS Stream 10 | FAIL |
+-------------------------------+----------------+
| Fedora Linux 40 | WARN |
+-------------------------------+----------------+
| Fedora Linux 41 | WARN |
+-------------------------------+----------------+
| Red Hat Enterprise Linux 9.5 | PEND |
+-------------------------------+----------------+
| Windows Server 2022 | PEND |
+-------------------------------+----------------+
| Fedora Linux 42 | PEND |
+-------------------------------+----------------+
| Red Hat Enterprise Linux 8.10 | PEND |
+-------------------------------+----------------+
| Ubuntu 22.04 | PEND |
+-------------------------------+----------------+
| Ubuntu 24.04 | PEND |
+-------------------------------+----------------+
| Ubuntu 20.04 | PEND |
+-------------------------------+----------------+
==== 20 line log output for Fedora Linux 41 (dpdk_unit_test): ====
4017 | if (EVP_PKEY_verify_message_init(cctx, sigalg, NULL) != 1) {
| ^
../drivers/crypto/openssl/rte_openssl_pmd.c:4017:6: note: did you mean 'EVP_PKEY_verify_recover_init'?
/usr/include/openssl/evp.h:1923:5: note: 'EVP_PKEY_verify_recover_init' declared here
1923 | int EVP_PKEY_verify_recover_init(EVP_PKEY_CTX *ctx);
| ^
../drivers/crypto/openssl/rte_openssl_pmd.c:4028:19: error: use of undeclared identifier 'OSSL_SIGNATURE_PARAM_MU'
4028 | OSSL_PARAM_int(OSSL_SIGNATURE_PARAM_MU, &has_mu),
| ^
../drivers/crypto/openssl/rte_openssl_pmd.c:4313:12: error: call to undeclared function 'process_openssl_mlkem_op'; ISO C99 and later do not support implicit function declarations [-Wimplicit-function-declaration]
4313 | retval = process_openssl_mlkem_op(op, sess);
| ^
../drivers/crypto/openssl/rte_openssl_pmd.c:4320:12: error: call to undeclared function 'process_openssl_mldsa_op'; ISO C99 and later do not support implicit function declarations [-Wimplicit-function-declaration]
4320 | retval = process_openssl_mldsa_op(op, sess);
| ^
17 errors generated.
[2792/3540] Compiling C object drivers/libtmp_rte_crypto_openssl.a.p/crypto_openssl_rte_openssl_pmd_ops.c.o
[2793/3540] Compiling C object drivers/libtmp_rte_crypto_scheduler.a.p/crypto_scheduler_rte_cryptodev_scheduler.c.o
[2794/3540] Compiling C object drivers/libtmp_rte_crypto_octeontx.a.p/crypto_octeontx_otx_cryptodev_ops.c.o
ninja: build stopped: subcommand failed.
==== End log output ====
CentOS Stream 9
Kernel: 5.15
Compiler: gcc gcc (GCC) 11.5.0 20240719 (Red Hat 11.5.0-11)
Debian GNU/Linux 12
Kernel: 5.15
Compiler: gcc gcc (Debian 12.2.0-14+deb12u1) 12.2.0
CentOS Stream 10
Kernel: 5.15
Compiler: gcc gcc (GCC) 14.2.1 20250110 (Red Hat 14.2.1-8)
Fedora Linux 40
Kernel: 5.15
Compiler: clang gcc (GCC) 14.2.1 20240912 (Red Hat 14.2.1-3)
Fedora Linux 41
Kernel: 5.15
Compiler: gcc gcc (GCC) 14.3.1 20250523 (Red Hat 14.3.1-1)
Red Hat Enterprise Linux 9.5
Kernel: 5.15
Compiler: gcc gcc (GCC) 11.5.0 20240719 (Red Hat 11.5.0-2)
Windows Server 2022
Kernel: 10.0.20348.2031
Compiler: clang 15.0.7, gcc 14.1.0 (MinGW), and MSVC VS 19.39.33521
Fedora Linux 42
Kernel: 5.15
Compiler: gcc gcc (GCC) 15.2.1 20250808 (Red Hat 15.2.1-1)
Red Hat Enterprise Linux 8.10
Kernel: 5.15
Compiler: gcc gcc (GCC) 8.5.0 20210514 (Red Hat 8.5.0-22)
Ubuntu 22.04
Kernel: 5.15
Compiler: gcc gcc (Ubuntu 11.4.0-1ubuntu1~22.04) 11.4.0
Ubuntu 24.04
Kernel: 5.15
Compiler: gcc gcc (Ubuntu 13.3.0-6ubuntu2~24.04) 13.3.0
Ubuntu 20.04
Kernel: 5.15
Compiler: gcc gcc (Ubuntu 9.4.0-1ubuntu1~20.04.2) 9.4.0
To view detailed results, visit:
https://lab.dpdk.org/results/dashboard/patchsets/34185/
UNH-IOL DPDK Community Lab
To manage your email subscriptions, visit:
https://lab.dpdk.org/results/dashboard/preferences/subscriptions/
^ permalink raw reply [flat|nested] 42+ messages in thread
* |PENDING| pw157144-157146 [PATCH] [v1,3/3] app/test: add ML crypto t
[not found] <20250930180316.1021-4-gmuthukrishn@marvell.com>
` (9 preceding siblings ...)
2025-09-30 18:48 ` dpdklab
@ 2025-09-30 18:49 ` dpdklab
2025-09-30 18:52 ` |FAILURE| " dpdklab
` (30 subsequent siblings)
41 siblings, 0 replies; 42+ messages in thread
From: dpdklab @ 2025-09-30 18:49 UTC (permalink / raw)
To: Test Report; +Cc: dpdk-test-reports
Test-Label: iol-unit-arm64-testing
Test-Status: PENDING
http://dpdk.org/patch/157146
_Testing pending_
Submitter: Gowrishankar Muthukrishnan <gmuthukrishn@marvell.com>
Date: Tuesday, September 30 2025 18:03:13
DPDK git baseline: Repo:dpdk
Branch: master
CommitID:f3878b615e69a12087a6c5d212723478cfc79c31
157144-157146 --> testing pending
Upstream job id: Generic-Unit-Test-DPDK#376753
Test environment and result as below:
+------------------------------+----------------+---------------------------+--------------+------------------------------+
| Environment | dpdk_unit_test | cryptodev_sw_zuc_autotest | lpm_autotest | cryptodev_sw_snow3g_autotest |
+==============================+================+===========================+==============+==============================+
| CentOS Stream 9 | PEND | SKIPPED | SKIPPED | SKIPPED |
+------------------------------+----------------+---------------------------+--------------+------------------------------+
| CentOS Stream 10 | PEND | SKIPPED | SKIPPED | SKIPPED |
+------------------------------+----------------+---------------------------+--------------+------------------------------+
| Debian GNU/Linux 12 | PEND | SKIPPED | SKIPPED | SKIPPED |
+------------------------------+----------------+---------------------------+--------------+------------------------------+
| Ubuntu 22.04 | PEND | SKIPPED | SKIPPED | SKIPPED |
+------------------------------+----------------+---------------------------+--------------+------------------------------+
| Fedora Linux 40 | PEND | SKIPPED | SKIPPED | SKIPPED |
+------------------------------+----------------+---------------------------+--------------+------------------------------+
| Fedora Linux 41 | PEND | SKIPPED | SKIPPED | SKIPPED |
+------------------------------+----------------+---------------------------+--------------+------------------------------+
| Fedora Linux 42 | PEND | SKIPPED | SKIPPED | SKIPPED |
+------------------------------+----------------+---------------------------+--------------+------------------------------+
| Red Hat Enterprise Linux 9.5 | PEND | SKIPPED | SKIPPED | SKIPPED |
+------------------------------+----------------+---------------------------+--------------+------------------------------+
| Ubuntu 20.04 | PEND | SKIPPED | PASS | SKIPPED |
+------------------------------+----------------+---------------------------+--------------+------------------------------+
| Ubuntu 24.04 | PEND | SKIPPED | SKIPPED | SKIPPED |
+------------------------------+----------------+---------------------------+--------------+------------------------------+
| Debian 12 (arm) | SKIPPED | PEND | SKIPPED | PEND |
+------------------------------+----------------+---------------------------+--------------+------------------------------+
CentOS Stream 9
Kernel: 5.4
Compiler: gcc gcc (GCC) 11.5.0 20240719 (Red Hat 11.5.0-11)
CentOS Stream 10
Kernel: 5.4
Compiler: gcc gcc (GCC) 14.2.1 20250110 (Red Hat 14.2.1-8)
Debian GNU/Linux 12
Kernel: 5.4
Compiler: gcc gcc (Debian 12.2.0-14+deb12u1) 12.2.0
Ubuntu 22.04
Kernel: 5.15
Compiler: gcc gcc (Ubuntu 11.4.0-1ubuntu1~22.04.2) 11.4.0
Fedora Linux 40
Kernel: 5.4
Compiler: gcc gcc (GCC) 14.2.1 20240912 (Red Hat 14.2.1-3)
Fedora Linux 41
Kernel: 5.4
Compiler: gcc gcc (GCC) 14.3.1 20250523 (Red Hat 14.3.1-1)
Fedora Linux 42
Kernel: 5.4
Compiler: clang gcc (GCC) 15.2.1 20250808 (Red Hat 15.2.1-1)
Red Hat Enterprise Linux 9.5
Kernel: 5.4
Compiler: gcc gcc (GCC) 11.5.0 20240719 (Red Hat 11.5.0-2)
Ubuntu 20.04
Kernel: 5.4
Compiler: gcc gcc (Ubuntu 9.4.0-1ubuntu1~20.04.2) 9.4.0
Ubuntu 24.04
Kernel: 5.4
Compiler: gcc gcc (Ubuntu 13.3.0-6ubuntu2~24.04) 13.3.0
Debian 12 (arm)
Kernel: Depends on container host
Compiler: gcc (Debian 12.2.0-14) 12.2.0
To view detailed results, visit:
https://lab.dpdk.org/results/dashboard/patchsets/34185/
UNH-IOL DPDK Community Lab
To manage your email subscriptions, visit:
https://lab.dpdk.org/results/dashboard/preferences/subscriptions/
^ permalink raw reply [flat|nested] 42+ messages in thread
* |FAILURE| pw157144-157146 [PATCH] [v1,3/3] app/test: add ML crypto t
[not found] <20250930180316.1021-4-gmuthukrishn@marvell.com>
` (10 preceding siblings ...)
2025-09-30 18:49 ` |PENDING| " dpdklab
@ 2025-09-30 18:52 ` dpdklab
2025-09-30 18:54 ` dpdklab
` (29 subsequent siblings)
41 siblings, 0 replies; 42+ messages in thread
From: dpdklab @ 2025-09-30 18:52 UTC (permalink / raw)
To: Test Report; +Cc: dpdk-test-reports, Gowrishankar Muthukrishnan
Test-Label: iol-unit-amd64-testing
Test-Status: FAILURE
http://dpdk.org/patch/157146
_Testing issues_
Submitter: Gowrishankar Muthukrishnan <gmuthukrishn@marvell.com>
Date: Tuesday, September 30 2025 18:03:13
DPDK git baseline: Repo:dpdk
Branch: master
CommitID:f3878b615e69a12087a6c5d212723478cfc79c31
157144-157146 --> testing issues
Upstream job id: Generic-Unit-Test-DPDK#376762
Test environment and result as below:
+-------------------------------+----------------+
| Environment | dpdk_unit_test |
+===============================+================+
| CentOS Stream 9 | PASS |
+-------------------------------+----------------+
| Debian GNU/Linux 12 | WARN |
+-------------------------------+----------------+
| CentOS Stream 10 | FAIL |
+-------------------------------+----------------+
| Fedora Linux 40 | WARN |
+-------------------------------+----------------+
| Fedora Linux 41 | WARN |
+-------------------------------+----------------+
| Red Hat Enterprise Linux 9.5 | PEND |
+-------------------------------+----------------+
| Windows Server 2022 | PEND |
+-------------------------------+----------------+
| Fedora Linux 42 | PEND |
+-------------------------------+----------------+
| Red Hat Enterprise Linux 8.10 | PEND |
+-------------------------------+----------------+
| Ubuntu 22.04 | PEND |
+-------------------------------+----------------+
| Ubuntu 24.04 | PEND |
+-------------------------------+----------------+
| Ubuntu 20.04 | PEND |
+-------------------------------+----------------+
==== 20 line log output for Fedora Linux 41 (dpdk_unit_test): ====
4017 | if (EVP_PKEY_verify_message_init(cctx, sigalg, NULL) != 1) {
| ^
../drivers/crypto/openssl/rte_openssl_pmd.c:4017:6: note: did you mean 'EVP_PKEY_verify_recover_init'?
/usr/include/openssl/evp.h:1923:5: note: 'EVP_PKEY_verify_recover_init' declared here
1923 | int EVP_PKEY_verify_recover_init(EVP_PKEY_CTX *ctx);
| ^
../drivers/crypto/openssl/rte_openssl_pmd.c:4028:19: error: use of undeclared identifier 'OSSL_SIGNATURE_PARAM_MU'
4028 | OSSL_PARAM_int(OSSL_SIGNATURE_PARAM_MU, &has_mu),
| ^
../drivers/crypto/openssl/rte_openssl_pmd.c:4313:12: error: call to undeclared function 'process_openssl_mlkem_op'; ISO C99 and later do not support implicit function declarations [-Wimplicit-function-declaration]
4313 | retval = process_openssl_mlkem_op(op, sess);
| ^
../drivers/crypto/openssl/rte_openssl_pmd.c:4320:12: error: call to undeclared function 'process_openssl_mldsa_op'; ISO C99 and later do not support implicit function declarations [-Wimplicit-function-declaration]
4320 | retval = process_openssl_mldsa_op(op, sess);
| ^
17 errors generated.
[2792/3540] Compiling C object drivers/libtmp_rte_crypto_openssl.a.p/crypto_openssl_rte_openssl_pmd_ops.c.o
[2793/3540] Compiling C object drivers/libtmp_rte_crypto_scheduler.a.p/crypto_scheduler_rte_cryptodev_scheduler.c.o
[2794/3540] Compiling C object drivers/libtmp_rte_crypto_octeontx.a.p/crypto_octeontx_otx_cryptodev_ops.c.o
ninja: build stopped: subcommand failed.
==== End log output ====
CentOS Stream 9
Kernel: 5.15
Compiler: gcc gcc (GCC) 11.5.0 20240719 (Red Hat 11.5.0-11)
Debian GNU/Linux 12
Kernel: 5.15
Compiler: gcc gcc (Debian 12.2.0-14+deb12u1) 12.2.0
CentOS Stream 10
Kernel: 5.15
Compiler: gcc gcc (GCC) 14.2.1 20250110 (Red Hat 14.2.1-8)
Fedora Linux 40
Kernel: 5.15
Compiler: clang gcc (GCC) 14.2.1 20240912 (Red Hat 14.2.1-3)
Fedora Linux 41
Kernel: 5.15
Compiler: gcc gcc (GCC) 14.3.1 20250523 (Red Hat 14.3.1-1)
Red Hat Enterprise Linux 9.5
Kernel: 5.15
Compiler: gcc gcc (GCC) 11.5.0 20240719 (Red Hat 11.5.0-2)
Windows Server 2022
Kernel: 10.0.20348.2031
Compiler: clang 15.0.7, gcc 14.1.0 (MinGW), and MSVC VS 19.39.33521
Fedora Linux 42
Kernel: 5.15
Compiler: gcc gcc (GCC) 15.2.1 20250808 (Red Hat 15.2.1-1)
Red Hat Enterprise Linux 8.10
Kernel: 5.15
Compiler: gcc gcc (GCC) 8.5.0 20210514 (Red Hat 8.5.0-22)
Ubuntu 22.04
Kernel: 5.15
Compiler: gcc gcc (Ubuntu 11.4.0-1ubuntu1~22.04) 11.4.0
Ubuntu 24.04
Kernel: 5.15
Compiler: gcc gcc (Ubuntu 13.3.0-6ubuntu2~24.04) 13.3.0
Ubuntu 20.04
Kernel: 5.15
Compiler: gcc gcc (Ubuntu 9.4.0-1ubuntu1~20.04.2) 9.4.0
To view detailed results, visit:
https://lab.dpdk.org/results/dashboard/patchsets/34185/
UNH-IOL DPDK Community Lab
To manage your email subscriptions, visit:
https://lab.dpdk.org/results/dashboard/preferences/subscriptions/
^ permalink raw reply [flat|nested] 42+ messages in thread
* |FAILURE| pw157144-157146 [PATCH] [v1,3/3] app/test: add ML crypto t
[not found] <20250930180316.1021-4-gmuthukrishn@marvell.com>
` (11 preceding siblings ...)
2025-09-30 18:52 ` |FAILURE| " dpdklab
@ 2025-09-30 18:54 ` dpdklab
2025-09-30 18:54 ` dpdklab
` (28 subsequent siblings)
41 siblings, 0 replies; 42+ messages in thread
From: dpdklab @ 2025-09-30 18:54 UTC (permalink / raw)
To: Test Report; +Cc: dpdk-test-reports, Gowrishankar Muthukrishnan
Test-Label: iol-unit-amd64-testing
Test-Status: FAILURE
http://dpdk.org/patch/157146
_Testing issues_
Submitter: Gowrishankar Muthukrishnan <gmuthukrishn@marvell.com>
Date: Tuesday, September 30 2025 18:03:13
DPDK git baseline: Repo:dpdk
Branch: master
CommitID:f3878b615e69a12087a6c5d212723478cfc79c31
157144-157146 --> testing issues
Upstream job id: Generic-Unit-Test-DPDK#376766
Test environment and result as below:
+-------------------------------+----------------+
| Environment | dpdk_unit_test |
+===============================+================+
| CentOS Stream 9 | PASS |
+-------------------------------+----------------+
| Debian GNU/Linux 12 | WARN |
+-------------------------------+----------------+
| CentOS Stream 10 | FAIL |
+-------------------------------+----------------+
| Fedora Linux 40 | WARN |
+-------------------------------+----------------+
| Fedora Linux 41 | WARN |
+-------------------------------+----------------+
| Red Hat Enterprise Linux 9.5 | WARN |
+-------------------------------+----------------+
| Windows Server 2022 | PEND |
+-------------------------------+----------------+
| Fedora Linux 42 | PEND |
+-------------------------------+----------------+
| Red Hat Enterprise Linux 8.10 | PEND |
+-------------------------------+----------------+
| Ubuntu 22.04 | PEND |
+-------------------------------+----------------+
| Ubuntu 24.04 | PEND |
+-------------------------------+----------------+
| Ubuntu 20.04 | PEND |
+-------------------------------+----------------+
==== 20 line log output for Red Hat Enterprise Linux 9.5 (dpdk_unit_test): ====
| ^~~~~~~~~~~~~~~~~~~~~~~~
| process_openssl_mlkem_op_evp
../drivers/crypto/openssl/rte_openssl_pmd.c:4313:26: error: nested extern declaration of 'process_openssl_mlkem_op' [-Werror=nested-externs]
../drivers/crypto/openssl/rte_openssl_pmd.c:4320:26: error: implicit declaration of function 'process_openssl_mldsa_op'; did you mean 'process_openssl_mldsa_op_evp'? [-Werror=implicit-function-declaration]
4320 | retval = process_openssl_mldsa_op(op, sess);
| ^~~~~~~~~~~~~~~~~~~~~~~~
| process_openssl_mldsa_op_evp
../drivers/crypto/openssl/rte_openssl_pmd.c:4320:26: error: nested extern declaration of 'process_openssl_mldsa_op' [-Werror=nested-externs]
At top level:
../drivers/crypto/openssl/rte_openssl_pmd.c:4070:1: error: 'process_openssl_mldsa_op_evp' defined but not used [-Werror=unused-function]
4070 | process_openssl_mldsa_op_evp(struct rte_crypto_op *cop,
| ^~~~~~~~~~~~~~~~~~~~~~~~~~~~
../drivers/crypto/openssl/rte_openssl_pmd.c:3601:1: error: 'process_openssl_mlkem_op_evp' defined but not used [-Werror=unused-function]
3601 | process_openssl_mlkem_op_evp(struct rte_crypto_op *cop,
| ^~~~~~~~~~~~~~~~~~~~~~~~~~~~
cc1: all warnings being treated as errors
[2789/3540] Generating rte_crypto_openssl_map with a custom command
[2790/3540] Generating rte_crypto_cnxk.sym_chk with a custom command (wrapped by meson to capture output)
[2791/3540] Compiling C object drivers/libtmp_rte_crypto_octeontx.a.p/crypto_octeontx_otx_cryptodev_ops.c.o
ninja: build stopped: subcommand failed.
==== End log output ====
CentOS Stream 9
Kernel: 5.15
Compiler: gcc gcc (GCC) 11.5.0 20240719 (Red Hat 11.5.0-11)
Debian GNU/Linux 12
Kernel: 5.15
Compiler: gcc gcc (Debian 12.2.0-14+deb12u1) 12.2.0
CentOS Stream 10
Kernel: 5.15
Compiler: gcc gcc (GCC) 14.2.1 20250110 (Red Hat 14.2.1-8)
Fedora Linux 40
Kernel: 5.15
Compiler: clang gcc (GCC) 14.2.1 20240912 (Red Hat 14.2.1-3)
Fedora Linux 41
Kernel: 5.15
Compiler: gcc gcc (GCC) 14.3.1 20250523 (Red Hat 14.3.1-1)
Red Hat Enterprise Linux 9.5
Kernel: 5.15
Compiler: gcc gcc (GCC) 11.5.0 20240719 (Red Hat 11.5.0-2)
Windows Server 2022
Kernel: 10.0.20348.2031
Compiler: clang 15.0.7, gcc 14.1.0 (MinGW), and MSVC VS 19.39.33521
Fedora Linux 42
Kernel: 5.15
Compiler: gcc gcc (GCC) 15.2.1 20250808 (Red Hat 15.2.1-1)
Red Hat Enterprise Linux 8.10
Kernel: 5.15
Compiler: gcc gcc (GCC) 8.5.0 20210514 (Red Hat 8.5.0-22)
Ubuntu 22.04
Kernel: 5.15
Compiler: gcc gcc (Ubuntu 11.4.0-1ubuntu1~22.04) 11.4.0
Ubuntu 24.04
Kernel: 5.15
Compiler: gcc gcc (Ubuntu 13.3.0-6ubuntu2~24.04) 13.3.0
Ubuntu 20.04
Kernel: 5.15
Compiler: gcc gcc (Ubuntu 9.4.0-1ubuntu1~20.04.2) 9.4.0
To view detailed results, visit:
https://lab.dpdk.org/results/dashboard/patchsets/34185/
UNH-IOL DPDK Community Lab
To manage your email subscriptions, visit:
https://lab.dpdk.org/results/dashboard/preferences/subscriptions/
^ permalink raw reply [flat|nested] 42+ messages in thread
* |FAILURE| pw157144-157146 [PATCH] [v1,3/3] app/test: add ML crypto t
[not found] <20250930180316.1021-4-gmuthukrishn@marvell.com>
` (12 preceding siblings ...)
2025-09-30 18:54 ` dpdklab
@ 2025-09-30 18:54 ` dpdklab
2025-09-30 18:56 ` dpdklab
` (27 subsequent siblings)
41 siblings, 0 replies; 42+ messages in thread
From: dpdklab @ 2025-09-30 18:54 UTC (permalink / raw)
To: Test Report; +Cc: dpdk-test-reports, Gowrishankar Muthukrishnan
Test-Label: iol-unit-amd64-testing
Test-Status: FAILURE
http://dpdk.org/patch/157146
_Testing issues_
Submitter: Gowrishankar Muthukrishnan <gmuthukrishn@marvell.com>
Date: Tuesday, September 30 2025 18:03:13
DPDK git baseline: Repo:dpdk
Branch: master
CommitID:f3878b615e69a12087a6c5d212723478cfc79c31
157144-157146 --> testing issues
Upstream job id: Generic-Unit-Test-DPDK#376771
Test environment and result as below:
+-------------------------------+----------------+
| Environment | dpdk_unit_test |
+===============================+================+
| CentOS Stream 9 | PASS |
+-------------------------------+----------------+
| Debian GNU/Linux 12 | WARN |
+-------------------------------+----------------+
| CentOS Stream 10 | FAIL |
+-------------------------------+----------------+
| Fedora Linux 40 | WARN |
+-------------------------------+----------------+
| Fedora Linux 41 | WARN |
+-------------------------------+----------------+
| Red Hat Enterprise Linux 9.5 | WARN |
+-------------------------------+----------------+
| Windows Server 2022 | PEND |
+-------------------------------+----------------+
| Fedora Linux 42 | PEND |
+-------------------------------+----------------+
| Red Hat Enterprise Linux 8.10 | PEND |
+-------------------------------+----------------+
| Ubuntu 22.04 | PEND |
+-------------------------------+----------------+
| Ubuntu 24.04 | PEND |
+-------------------------------+----------------+
| Ubuntu 20.04 | PEND |
+-------------------------------+----------------+
==== 20 line log output for Red Hat Enterprise Linux 9.5 (dpdk_unit_test): ====
| ^~~~~~~~~~~~~~~~~~~~~~~~
| process_openssl_mlkem_op_evp
../drivers/crypto/openssl/rte_openssl_pmd.c:4313:26: error: nested extern declaration of 'process_openssl_mlkem_op' [-Werror=nested-externs]
../drivers/crypto/openssl/rte_openssl_pmd.c:4320:26: error: implicit declaration of function 'process_openssl_mldsa_op'; did you mean 'process_openssl_mldsa_op_evp'? [-Werror=implicit-function-declaration]
4320 | retval = process_openssl_mldsa_op(op, sess);
| ^~~~~~~~~~~~~~~~~~~~~~~~
| process_openssl_mldsa_op_evp
../drivers/crypto/openssl/rte_openssl_pmd.c:4320:26: error: nested extern declaration of 'process_openssl_mldsa_op' [-Werror=nested-externs]
At top level:
../drivers/crypto/openssl/rte_openssl_pmd.c:4070:1: error: 'process_openssl_mldsa_op_evp' defined but not used [-Werror=unused-function]
4070 | process_openssl_mldsa_op_evp(struct rte_crypto_op *cop,
| ^~~~~~~~~~~~~~~~~~~~~~~~~~~~
../drivers/crypto/openssl/rte_openssl_pmd.c:3601:1: error: 'process_openssl_mlkem_op_evp' defined but not used [-Werror=unused-function]
3601 | process_openssl_mlkem_op_evp(struct rte_crypto_op *cop,
| ^~~~~~~~~~~~~~~~~~~~~~~~~~~~
cc1: all warnings being treated as errors
[2789/3540] Generating rte_crypto_openssl_map with a custom command
[2790/3540] Generating rte_crypto_cnxk.sym_chk with a custom command (wrapped by meson to capture output)
[2791/3540] Compiling C object drivers/libtmp_rte_crypto_octeontx.a.p/crypto_octeontx_otx_cryptodev_ops.c.o
ninja: build stopped: subcommand failed.
==== End log output ====
CentOS Stream 9
Kernel: 5.15
Compiler: gcc gcc (GCC) 11.5.0 20240719 (Red Hat 11.5.0-11)
Debian GNU/Linux 12
Kernel: 5.15
Compiler: gcc gcc (Debian 12.2.0-14+deb12u1) 12.2.0
CentOS Stream 10
Kernel: 5.15
Compiler: gcc gcc (GCC) 14.2.1 20250110 (Red Hat 14.2.1-8)
Fedora Linux 40
Kernel: 5.15
Compiler: clang gcc (GCC) 14.2.1 20240912 (Red Hat 14.2.1-3)
Fedora Linux 41
Kernel: 5.15
Compiler: gcc gcc (GCC) 14.3.1 20250523 (Red Hat 14.3.1-1)
Red Hat Enterprise Linux 9.5
Kernel: 5.15
Compiler: gcc gcc (GCC) 11.5.0 20240719 (Red Hat 11.5.0-2)
Windows Server 2022
Kernel: 10.0.20348.2031
Compiler: clang 15.0.7, gcc 14.1.0 (MinGW), and MSVC VS 19.39.33521
Fedora Linux 42
Kernel: 5.15
Compiler: gcc gcc (GCC) 15.2.1 20250808 (Red Hat 15.2.1-1)
Red Hat Enterprise Linux 8.10
Kernel: 5.15
Compiler: gcc gcc (GCC) 8.5.0 20210514 (Red Hat 8.5.0-22)
Ubuntu 22.04
Kernel: 5.15
Compiler: gcc gcc (Ubuntu 11.4.0-1ubuntu1~22.04) 11.4.0
Ubuntu 24.04
Kernel: 5.15
Compiler: gcc gcc (Ubuntu 13.3.0-6ubuntu2~24.04) 13.3.0
Ubuntu 20.04
Kernel: 5.15
Compiler: gcc gcc (Ubuntu 9.4.0-1ubuntu1~20.04.2) 9.4.0
To view detailed results, visit:
https://lab.dpdk.org/results/dashboard/patchsets/34185/
UNH-IOL DPDK Community Lab
To manage your email subscriptions, visit:
https://lab.dpdk.org/results/dashboard/preferences/subscriptions/
^ permalink raw reply [flat|nested] 42+ messages in thread
* |FAILURE| pw157144-157146 [PATCH] [v1,3/3] app/test: add ML crypto t
[not found] <20250930180316.1021-4-gmuthukrishn@marvell.com>
` (13 preceding siblings ...)
2025-09-30 18:54 ` dpdklab
@ 2025-09-30 18:56 ` dpdklab
2025-09-30 18:58 ` |SUCCESS| " dpdklab
` (26 subsequent siblings)
41 siblings, 0 replies; 42+ messages in thread
From: dpdklab @ 2025-09-30 18:56 UTC (permalink / raw)
To: Test Report; +Cc: dpdk-test-reports, Gowrishankar Muthukrishnan
Test-Label: iol-unit-amd64-testing
Test-Status: FAILURE
http://dpdk.org/patch/157146
_Testing issues_
Submitter: Gowrishankar Muthukrishnan <gmuthukrishn@marvell.com>
Date: Tuesday, September 30 2025 18:03:13
DPDK git baseline: Repo:dpdk
Branch: master
CommitID:f3878b615e69a12087a6c5d212723478cfc79c31
157144-157146 --> testing issues
Upstream job id: Generic-Unit-Test-DPDK#376775
Test environment and result as below:
+-------------------------------+----------------+
| Environment | dpdk_unit_test |
+===============================+================+
| CentOS Stream 9 | PASS |
+-------------------------------+----------------+
| Debian GNU/Linux 12 | WARN |
+-------------------------------+----------------+
| CentOS Stream 10 | FAIL |
+-------------------------------+----------------+
| Fedora Linux 40 | WARN |
+-------------------------------+----------------+
| Fedora Linux 41 | WARN |
+-------------------------------+----------------+
| Red Hat Enterprise Linux 9.5 | WARN |
+-------------------------------+----------------+
| Windows Server 2022 | PEND |
+-------------------------------+----------------+
| Fedora Linux 42 | PEND |
+-------------------------------+----------------+
| Red Hat Enterprise Linux 8.10 | PEND |
+-------------------------------+----------------+
| Ubuntu 22.04 | WARN |
+-------------------------------+----------------+
| Ubuntu 24.04 | PEND |
+-------------------------------+----------------+
| Ubuntu 20.04 | PEND |
+-------------------------------+----------------+
==== 20 line log output for Ubuntu 22.04 (dpdk_unit_test): ====
| ^~~~~~~~~~~~~~~~~~~~~~~~
| process_openssl_mlkem_op_evp
../drivers/crypto/openssl/rte_openssl_pmd.c:4313:26: error: nested extern declaration of 'process_openssl_mlkem_op' [-Werror=nested-externs]
../drivers/crypto/openssl/rte_openssl_pmd.c:4320:26: error: implicit declaration of function 'process_openssl_mldsa_op'; did you mean 'process_openssl_mldsa_op_evp'? [-Werror=implicit-function-declaration]
4320 | retval = process_openssl_mldsa_op(op, sess);
| ^~~~~~~~~~~~~~~~~~~~~~~~
| process_openssl_mldsa_op_evp
../drivers/crypto/openssl/rte_openssl_pmd.c:4320:26: error: nested extern declaration of 'process_openssl_mldsa_op' [-Werror=nested-externs]
At top level:
../drivers/crypto/openssl/rte_openssl_pmd.c:4070:1: error: 'process_openssl_mldsa_op_evp' defined but not used [-Werror=unused-function]
4070 | process_openssl_mldsa_op_evp(struct rte_crypto_op *cop,
| ^~~~~~~~~~~~~~~~~~~~~~~~~~~~
../drivers/crypto/openssl/rte_openssl_pmd.c:3601:1: error: 'process_openssl_mlkem_op_evp' defined but not used [-Werror=unused-function]
3601 | process_openssl_mlkem_op_evp(struct rte_crypto_op *cop,
| ^~~~~~~~~~~~~~~~~~~~~~~~~~~~
cc1: all warnings being treated as errors
[2788/3535] Compiling C object drivers/libtmp_rte_crypto_scheduler.a.p/crypto_scheduler_rte_cryptodev_scheduler.c.o
[2789/3535] Compiling C object drivers/libtmp_rte_crypto_scheduler.a.p/crypto_scheduler_scheduler_failover.c.o
[2790/3535] Compiling C object drivers/libtmp_rte_crypto_octeontx.a.p/crypto_octeontx_otx_cryptodev_ops.c.o
ninja: build stopped: subcommand failed.
==== End log output ====
CentOS Stream 9
Kernel: 5.15
Compiler: gcc gcc (GCC) 11.5.0 20240719 (Red Hat 11.5.0-11)
Debian GNU/Linux 12
Kernel: 5.15
Compiler: gcc gcc (Debian 12.2.0-14+deb12u1) 12.2.0
CentOS Stream 10
Kernel: 5.15
Compiler: gcc gcc (GCC) 14.2.1 20250110 (Red Hat 14.2.1-8)
Fedora Linux 40
Kernel: 5.15
Compiler: clang gcc (GCC) 14.2.1 20240912 (Red Hat 14.2.1-3)
Fedora Linux 41
Kernel: 5.15
Compiler: gcc gcc (GCC) 14.3.1 20250523 (Red Hat 14.3.1-1)
Red Hat Enterprise Linux 9.5
Kernel: 5.15
Compiler: gcc gcc (GCC) 11.5.0 20240719 (Red Hat 11.5.0-2)
Windows Server 2022
Kernel: 10.0.20348.2031
Compiler: clang 15.0.7, gcc 14.1.0 (MinGW), and MSVC VS 19.39.33521
Fedora Linux 42
Kernel: 5.15
Compiler: gcc gcc (GCC) 15.2.1 20250808 (Red Hat 15.2.1-1)
Red Hat Enterprise Linux 8.10
Kernel: 5.15
Compiler: gcc gcc (GCC) 8.5.0 20210514 (Red Hat 8.5.0-22)
Ubuntu 22.04
Kernel: 5.15
Compiler: gcc gcc (Ubuntu 11.4.0-1ubuntu1~22.04) 11.4.0
Ubuntu 24.04
Kernel: 5.15
Compiler: gcc gcc (Ubuntu 13.3.0-6ubuntu2~24.04) 13.3.0
Ubuntu 20.04
Kernel: 5.15
Compiler: gcc gcc (Ubuntu 9.4.0-1ubuntu1~20.04.2) 9.4.0
To view detailed results, visit:
https://lab.dpdk.org/results/dashboard/patchsets/34185/
UNH-IOL DPDK Community Lab
To manage your email subscriptions, visit:
https://lab.dpdk.org/results/dashboard/preferences/subscriptions/
^ permalink raw reply [flat|nested] 42+ messages in thread
* |SUCCESS| pw157144-157146 [PATCH] [v1,3/3] app/test: add ML crypto t
[not found] <20250930180316.1021-4-gmuthukrishn@marvell.com>
` (14 preceding siblings ...)
2025-09-30 18:56 ` dpdklab
@ 2025-09-30 18:58 ` dpdklab
2025-09-30 19:00 ` |FAILURE| " dpdklab
` (25 subsequent siblings)
41 siblings, 0 replies; 42+ messages in thread
From: dpdklab @ 2025-09-30 18:58 UTC (permalink / raw)
To: Test Report; +Cc: dpdk-test-reports
Test-Label: iol-intel-Functional
Test-Status: SUCCESS
http://dpdk.org/patch/157146
_Functional Testing PASS_
Submitter: Gowrishankar Muthukrishnan <gmuthukrishn@marvell.com>
Date: Tuesday, September 30 2025 18:03:13
DPDK git baseline: Repo:dpdk
Branch: master
CommitID:f3878b615e69a12087a6c5d212723478cfc79c31
157144-157146 --> functional testing pass
Upstream job id: Template-DTS-Pipeline#247223
Test environment and result as below:
Ubuntu 20.04
Kernel: 5.4
Compiler: gcc gcc (Ubuntu 9.4.0-1ubuntu1~20.04.1) 9.4.0
NIC: Intel Corporation Ethernet Converged Network Adapter XL710-QDA2 40000 Mbps
Aggregate Results by Test Suite
+-----------------------------+--------+
| Test Suite | Result |
+=============================+========+
| unit_tests_mbuf | PASS |
+-----------------------------+--------+
| vhost_virtio_user_interrupt | PASS |
+-----------------------------+--------+
| virtio_smoke | PASS |
+-----------------------------+--------+
To view detailed results, visit:
https://lab.dpdk.org/results/dashboard/patchsets/34185/
UNH-IOL DPDK Community Lab
To manage your email subscriptions, visit:
https://lab.dpdk.org/results/dashboard/preferences/subscriptions/
^ permalink raw reply [flat|nested] 42+ messages in thread
* |FAILURE| pw157144-157146 [PATCH] [v1,3/3] app/test: add ML crypto t
[not found] <20250930180316.1021-4-gmuthukrishn@marvell.com>
` (15 preceding siblings ...)
2025-09-30 18:58 ` |SUCCESS| " dpdklab
@ 2025-09-30 19:00 ` dpdklab
2025-09-30 19:00 ` |SUCCESS| " dpdklab
` (24 subsequent siblings)
41 siblings, 0 replies; 42+ messages in thread
From: dpdklab @ 2025-09-30 19:00 UTC (permalink / raw)
To: Test Report; +Cc: dpdk-test-reports, Gowrishankar Muthukrishnan
Test-Label: iol-unit-amd64-testing
Test-Status: FAILURE
http://dpdk.org/patch/157146
_Testing issues_
Submitter: Gowrishankar Muthukrishnan <gmuthukrishn@marvell.com>
Date: Tuesday, September 30 2025 18:03:13
DPDK git baseline: Repo:dpdk
Branch: master
CommitID:f3878b615e69a12087a6c5d212723478cfc79c31
157144-157146 --> testing issues
Upstream job id: Generic-Unit-Test-DPDK#376777
Test environment and result as below:
+-------------------------------+----------------+
| Environment | dpdk_unit_test |
+===============================+================+
| CentOS Stream 9 | PASS |
+-------------------------------+----------------+
| Debian GNU/Linux 12 | WARN |
+-------------------------------+----------------+
| CentOS Stream 10 | FAIL |
+-------------------------------+----------------+
| Fedora Linux 40 | WARN |
+-------------------------------+----------------+
| Fedora Linux 41 | WARN |
+-------------------------------+----------------+
| Red Hat Enterprise Linux 9.5 | WARN |
+-------------------------------+----------------+
| Windows Server 2022 | PEND |
+-------------------------------+----------------+
| Fedora Linux 42 | PEND |
+-------------------------------+----------------+
| Red Hat Enterprise Linux 8.10 | PEND |
+-------------------------------+----------------+
| Ubuntu 22.04 | WARN |
+-------------------------------+----------------+
| Ubuntu 24.04 | WARN |
+-------------------------------+----------------+
| Ubuntu 20.04 | PEND |
+-------------------------------+----------------+
==== 20 line log output for Ubuntu 24.04 (dpdk_unit_test): ====
| ^~~~~~~~~~~~~~~~~~~~~~~~
| process_openssl_mlkem_op_evp
../drivers/crypto/openssl/rte_openssl_pmd.c:4313:26: error: nested extern declaration of 'process_openssl_mlkem_op' [-Werror=nested-externs]
../drivers/crypto/openssl/rte_openssl_pmd.c:4320:26: error: implicit declaration of function 'process_openssl_mldsa_op'; did you mean 'process_openssl_mldsa_op_evp'? [-Werror=implicit-function-declaration]
4320 | retval = process_openssl_mldsa_op(op, sess);
| ^~~~~~~~~~~~~~~~~~~~~~~~
| process_openssl_mldsa_op_evp
../drivers/crypto/openssl/rte_openssl_pmd.c:4320:26: error: nested extern declaration of 'process_openssl_mldsa_op' [-Werror=nested-externs]
../drivers/crypto/openssl/rte_openssl_pmd.c: At top level:
../drivers/crypto/openssl/rte_openssl_pmd.c:4070:1: error: 'process_openssl_mldsa_op_evp' defined but not used [-Werror=unused-function]
4070 | process_openssl_mldsa_op_evp(struct rte_crypto_op *cop,
| ^~~~~~~~~~~~~~~~~~~~~~~~~~~~
../drivers/crypto/openssl/rte_openssl_pmd.c:3601:1: error: 'process_openssl_mlkem_op_evp' defined but not used [-Werror=unused-function]
3601 | process_openssl_mlkem_op_evp(struct rte_crypto_op *cop,
| ^~~~~~~~~~~~~~~~~~~~~~~~~~~~
cc1: all warnings being treated as errors
[2794/3540] Compiling C object drivers/libtmp_rte_crypto_scheduler.a.p/crypto_scheduler_scheduler_failover.c.o
[2795/3540] Compiling C object drivers/libtmp_rte_crypto_scheduler.a.p/crypto_scheduler_scheduler_multicore.c.o
[2796/3540] Compiling C object drivers/libtmp_rte_crypto_octeontx.a.p/crypto_octeontx_otx_cryptodev_ops.c.o
ninja: build stopped: subcommand failed.
==== End log output ====
CentOS Stream 9
Kernel: 5.15
Compiler: gcc gcc (GCC) 11.5.0 20240719 (Red Hat 11.5.0-11)
Debian GNU/Linux 12
Kernel: 5.15
Compiler: gcc gcc (Debian 12.2.0-14+deb12u1) 12.2.0
CentOS Stream 10
Kernel: 5.15
Compiler: gcc gcc (GCC) 14.2.1 20250110 (Red Hat 14.2.1-8)
Fedora Linux 40
Kernel: 5.15
Compiler: clang gcc (GCC) 14.2.1 20240912 (Red Hat 14.2.1-3)
Fedora Linux 41
Kernel: 5.15
Compiler: gcc gcc (GCC) 14.3.1 20250523 (Red Hat 14.3.1-1)
Red Hat Enterprise Linux 9.5
Kernel: 5.15
Compiler: gcc gcc (GCC) 11.5.0 20240719 (Red Hat 11.5.0-2)
Windows Server 2022
Kernel: 10.0.20348.2031
Compiler: clang 15.0.7, gcc 14.1.0 (MinGW), and MSVC VS 19.39.33521
Fedora Linux 42
Kernel: 5.15
Compiler: gcc gcc (GCC) 15.2.1 20250808 (Red Hat 15.2.1-1)
Red Hat Enterprise Linux 8.10
Kernel: 5.15
Compiler: gcc gcc (GCC) 8.5.0 20210514 (Red Hat 8.5.0-22)
Ubuntu 22.04
Kernel: 5.15
Compiler: gcc gcc (Ubuntu 11.4.0-1ubuntu1~22.04) 11.4.0
Ubuntu 24.04
Kernel: 5.15
Compiler: gcc gcc (Ubuntu 13.3.0-6ubuntu2~24.04) 13.3.0
Ubuntu 20.04
Kernel: 5.15
Compiler: gcc gcc (Ubuntu 9.4.0-1ubuntu1~20.04.2) 9.4.0
To view detailed results, visit:
https://lab.dpdk.org/results/dashboard/patchsets/34185/
UNH-IOL DPDK Community Lab
To manage your email subscriptions, visit:
https://lab.dpdk.org/results/dashboard/preferences/subscriptions/
^ permalink raw reply [flat|nested] 42+ messages in thread
* |SUCCESS| pw157144-157146 [PATCH] [v1,3/3] app/test: add ML crypto t
[not found] <20250930180316.1021-4-gmuthukrishn@marvell.com>
` (16 preceding siblings ...)
2025-09-30 19:00 ` |FAILURE| " dpdklab
@ 2025-09-30 19:00 ` dpdklab
2025-09-30 19:01 ` dpdklab
` (23 subsequent siblings)
41 siblings, 0 replies; 42+ messages in thread
From: dpdklab @ 2025-09-30 19:00 UTC (permalink / raw)
To: Test Report; +Cc: dpdk-test-reports
Test-Label: iol-intel-Functional
Test-Status: SUCCESS
http://dpdk.org/patch/157146
_Functional Testing PASS_
Submitter: Gowrishankar Muthukrishnan <gmuthukrishn@marvell.com>
Date: Tuesday, September 30 2025 18:03:13
DPDK git baseline: Repo:dpdk
Branch: master
CommitID:f3878b615e69a12087a6c5d212723478cfc79c31
157144-157146 --> functional testing pass
Upstream job id: Template-DTS-Pipeline#247225
Test environment and result as below:
Ubuntu 20.04
Kernel: 5.4
Compiler: gcc gcc (Ubuntu 9.4.0-1ubuntu1~20.04.1) 9.4.0
NIC: Intel Corporation Ethernet Converged Network Adapter XL710-QDA2 40000 Mbps
Aggregate Results by Test Suite
+-----------------------------+--------+
| Test Suite | Result |
+=============================+========+
| unit_tests_mbuf | PASS |
+-----------------------------+--------+
| vhost_virtio_user_interrupt | PASS |
+-----------------------------+--------+
| virtio_smoke | PASS |
+-----------------------------+--------+
To view detailed results, visit:
https://lab.dpdk.org/results/dashboard/patchsets/34185/
UNH-IOL DPDK Community Lab
To manage your email subscriptions, visit:
https://lab.dpdk.org/results/dashboard/preferences/subscriptions/
^ permalink raw reply [flat|nested] 42+ messages in thread
* |SUCCESS| pw157144-157146 [PATCH] [v1,3/3] app/test: add ML crypto t
[not found] <20250930180316.1021-4-gmuthukrishn@marvell.com>
` (17 preceding siblings ...)
2025-09-30 19:00 ` |SUCCESS| " dpdklab
@ 2025-09-30 19:01 ` dpdklab
2025-09-30 19:03 ` |FAILURE| " dpdklab
` (22 subsequent siblings)
41 siblings, 0 replies; 42+ messages in thread
From: dpdklab @ 2025-09-30 19:01 UTC (permalink / raw)
To: Test Report; +Cc: dpdk-test-reports
Test-Label: iol-sample-apps-testing
Test-Status: SUCCESS
http://dpdk.org/patch/157146
_Testing PASS_
Submitter: Gowrishankar Muthukrishnan <gmuthukrishn@marvell.com>
Date: Tuesday, September 30 2025 18:03:13
DPDK git baseline: Repo:dpdk
Branch: master
CommitID:f3878b615e69a12087a6c5d212723478cfc79c31
157144-157146 --> testing pass
Upstream job id: ACVP-FIPS-testing#11279
Test environment and result as below:
+--------------+----------------------+
| Environment | dpdk_fips_validation |
+==============+======================+
| Ubuntu 20.04 | PASS |
+--------------+----------------------+
Ubuntu 20.04
Kernel: 5.15
Compiler: gcc gcc (Ubuntu 9.4.0-1ubuntu1~20.04.2) 9.4.0
To view detailed results, visit:
https://lab.dpdk.org/results/dashboard/patchsets/34185/
UNH-IOL DPDK Community Lab
To manage your email subscriptions, visit:
https://lab.dpdk.org/results/dashboard/preferences/subscriptions/
^ permalink raw reply [flat|nested] 42+ messages in thread
* |FAILURE| pw157144-157146 [PATCH] [v1,3/3] app/test: add ML crypto t
[not found] <20250930180316.1021-4-gmuthukrishn@marvell.com>
` (18 preceding siblings ...)
2025-09-30 19:01 ` dpdklab
@ 2025-09-30 19:03 ` dpdklab
2025-09-30 19:07 ` dpdklab
` (21 subsequent siblings)
41 siblings, 0 replies; 42+ messages in thread
From: dpdklab @ 2025-09-30 19:03 UTC (permalink / raw)
To: Test Report; +Cc: dpdk-test-reports, Gowrishankar Muthukrishnan
Test-Label: iol-unit-amd64-testing
Test-Status: FAILURE
http://dpdk.org/patch/157146
_Testing issues_
Submitter: Gowrishankar Muthukrishnan <gmuthukrishn@marvell.com>
Date: Tuesday, September 30 2025 18:03:13
DPDK git baseline: Repo:dpdk
Branch: master
CommitID:f3878b615e69a12087a6c5d212723478cfc79c31
157144-157146 --> testing issues
Upstream job id: Generic-Unit-Test-DPDK#376760
Test environment and result as below:
+-------------------------------+----------------+
| Environment | dpdk_unit_test |
+===============================+================+
| CentOS Stream 9 | PASS |
+-------------------------------+----------------+
| Debian GNU/Linux 12 | WARN |
+-------------------------------+----------------+
| CentOS Stream 10 | FAIL |
+-------------------------------+----------------+
| Fedora Linux 40 | WARN |
+-------------------------------+----------------+
| Fedora Linux 41 | WARN |
+-------------------------------+----------------+
| Red Hat Enterprise Linux 9.5 | WARN |
+-------------------------------+----------------+
| Windows Server 2022 | PEND |
+-------------------------------+----------------+
| Fedora Linux 42 | PEND |
+-------------------------------+----------------+
| Red Hat Enterprise Linux 8.10 | PEND |
+-------------------------------+----------------+
| Ubuntu 22.04 | WARN |
+-------------------------------+----------------+
| Ubuntu 24.04 | WARN |
+-------------------------------+----------------+
| Ubuntu 20.04 | PEND |
+-------------------------------+----------------+
==== 20 line log output for Ubuntu 24.04 (dpdk_unit_test): ====
| ^~~~~~~~~~~~~~~~~~~~~~~~
| process_openssl_mlkem_op_evp
../drivers/crypto/openssl/rte_openssl_pmd.c:4313:26: error: nested extern declaration of 'process_openssl_mlkem_op' [-Werror=nested-externs]
../drivers/crypto/openssl/rte_openssl_pmd.c:4320:26: error: implicit declaration of function 'process_openssl_mldsa_op'; did you mean 'process_openssl_mldsa_op_evp'? [-Werror=implicit-function-declaration]
4320 | retval = process_openssl_mldsa_op(op, sess);
| ^~~~~~~~~~~~~~~~~~~~~~~~
| process_openssl_mldsa_op_evp
../drivers/crypto/openssl/rte_openssl_pmd.c:4320:26: error: nested extern declaration of 'process_openssl_mldsa_op' [-Werror=nested-externs]
../drivers/crypto/openssl/rte_openssl_pmd.c: At top level:
../drivers/crypto/openssl/rte_openssl_pmd.c:4070:1: error: 'process_openssl_mldsa_op_evp' defined but not used [-Werror=unused-function]
4070 | process_openssl_mldsa_op_evp(struct rte_crypto_op *cop,
| ^~~~~~~~~~~~~~~~~~~~~~~~~~~~
../drivers/crypto/openssl/rte_openssl_pmd.c:3601:1: error: 'process_openssl_mlkem_op_evp' defined but not used [-Werror=unused-function]
3601 | process_openssl_mlkem_op_evp(struct rte_crypto_op *cop,
| ^~~~~~~~~~~~~~~~~~~~~~~~~~~~
cc1: all warnings being treated as errors
[2794/3540] Compiling C object drivers/libtmp_rte_crypto_scheduler.a.p/crypto_scheduler_scheduler_failover.c.o
[2795/3540] Compiling C object drivers/libtmp_rte_crypto_scheduler.a.p/crypto_scheduler_scheduler_multicore.c.o
[2796/3540] Compiling C object drivers/libtmp_rte_crypto_octeontx.a.p/crypto_octeontx_otx_cryptodev_ops.c.o
ninja: build stopped: subcommand failed.
==== End log output ====
CentOS Stream 9
Kernel: 5.15
Compiler: gcc gcc (GCC) 11.5.0 20240719 (Red Hat 11.5.0-11)
Debian GNU/Linux 12
Kernel: 5.15
Compiler: gcc gcc (Debian 12.2.0-14+deb12u1) 12.2.0
CentOS Stream 10
Kernel: 5.15
Compiler: gcc gcc (GCC) 14.2.1 20250110 (Red Hat 14.2.1-8)
Fedora Linux 40
Kernel: 5.15
Compiler: clang gcc (GCC) 14.2.1 20240912 (Red Hat 14.2.1-3)
Fedora Linux 41
Kernel: 5.15
Compiler: gcc gcc (GCC) 14.3.1 20250523 (Red Hat 14.3.1-1)
Red Hat Enterprise Linux 9.5
Kernel: 5.15
Compiler: gcc gcc (GCC) 11.5.0 20240719 (Red Hat 11.5.0-2)
Windows Server 2022
Kernel: 10.0.20348.2031
Compiler: clang 15.0.7, gcc 14.1.0 (MinGW), and MSVC VS 19.39.33521
Fedora Linux 42
Kernel: 5.15
Compiler: gcc gcc (GCC) 15.2.1 20250808 (Red Hat 15.2.1-1)
Red Hat Enterprise Linux 8.10
Kernel: 5.15
Compiler: gcc gcc (GCC) 8.5.0 20210514 (Red Hat 8.5.0-22)
Ubuntu 22.04
Kernel: 5.15
Compiler: gcc gcc (Ubuntu 11.4.0-1ubuntu1~22.04) 11.4.0
Ubuntu 24.04
Kernel: 5.15
Compiler: gcc gcc (Ubuntu 13.3.0-6ubuntu2~24.04) 13.3.0
Ubuntu 20.04
Kernel: 5.15
Compiler: gcc gcc (Ubuntu 9.4.0-1ubuntu1~20.04.2) 9.4.0
To view detailed results, visit:
https://lab.dpdk.org/results/dashboard/patchsets/34185/
UNH-IOL DPDK Community Lab
To manage your email subscriptions, visit:
https://lab.dpdk.org/results/dashboard/preferences/subscriptions/
^ permalink raw reply [flat|nested] 42+ messages in thread
* |FAILURE| pw157144-157146 [PATCH] [v1,3/3] app/test: add ML crypto t
[not found] <20250930180316.1021-4-gmuthukrishn@marvell.com>
` (19 preceding siblings ...)
2025-09-30 19:03 ` |FAILURE| " dpdklab
@ 2025-09-30 19:07 ` dpdklab
2025-09-30 19:08 ` dpdklab
` (20 subsequent siblings)
41 siblings, 0 replies; 42+ messages in thread
From: dpdklab @ 2025-09-30 19:07 UTC (permalink / raw)
To: Test Report; +Cc: dpdk-test-reports, Gowrishankar Muthukrishnan
Test-Label: iol-unit-amd64-testing
Test-Status: FAILURE
http://dpdk.org/patch/157146
_Testing issues_
Submitter: Gowrishankar Muthukrishnan <gmuthukrishn@marvell.com>
Date: Tuesday, September 30 2025 18:03:13
DPDK git baseline: Repo:dpdk
Branch: master
CommitID:f3878b615e69a12087a6c5d212723478cfc79c31
157144-157146 --> testing issues
Upstream job id: Generic-Unit-Test-DPDK#376770
Test environment and result as below:
+-------------------------------+----------------+
| Environment | dpdk_unit_test |
+===============================+================+
| CentOS Stream 9 | PASS |
+-------------------------------+----------------+
| Debian GNU/Linux 12 | WARN |
+-------------------------------+----------------+
| CentOS Stream 10 | FAIL |
+-------------------------------+----------------+
| Fedora Linux 40 | WARN |
+-------------------------------+----------------+
| Fedora Linux 41 | WARN |
+-------------------------------+----------------+
| Red Hat Enterprise Linux 9.5 | WARN |
+-------------------------------+----------------+
| Windows Server 2022 | PEND |
+-------------------------------+----------------+
| Fedora Linux 42 | PEND |
+-------------------------------+----------------+
| Red Hat Enterprise Linux 8.10 | FAIL |
+-------------------------------+----------------+
| Ubuntu 22.04 | WARN |
+-------------------------------+----------------+
| Ubuntu 24.04 | WARN |
+-------------------------------+----------------+
| Ubuntu 20.04 | PEND |
+-------------------------------+----------------+
==== 20 line log output for Ubuntu 24.04 (dpdk_unit_test): ====
| ^~~~~~~~~~~~~~~~~~~~~~~~
| process_openssl_mlkem_op_evp
../drivers/crypto/openssl/rte_openssl_pmd.c:4313:26: error: nested extern declaration of 'process_openssl_mlkem_op' [-Werror=nested-externs]
../drivers/crypto/openssl/rte_openssl_pmd.c:4320:26: error: implicit declaration of function 'process_openssl_mldsa_op'; did you mean 'process_openssl_mldsa_op_evp'? [-Werror=implicit-function-declaration]
4320 | retval = process_openssl_mldsa_op(op, sess);
| ^~~~~~~~~~~~~~~~~~~~~~~~
| process_openssl_mldsa_op_evp
../drivers/crypto/openssl/rte_openssl_pmd.c:4320:26: error: nested extern declaration of 'process_openssl_mldsa_op' [-Werror=nested-externs]
../drivers/crypto/openssl/rte_openssl_pmd.c: At top level:
../drivers/crypto/openssl/rte_openssl_pmd.c:4070:1: error: 'process_openssl_mldsa_op_evp' defined but not used [-Werror=unused-function]
4070 | process_openssl_mldsa_op_evp(struct rte_crypto_op *cop,
| ^~~~~~~~~~~~~~~~~~~~~~~~~~~~
../drivers/crypto/openssl/rte_openssl_pmd.c:3601:1: error: 'process_openssl_mlkem_op_evp' defined but not used [-Werror=unused-function]
3601 | process_openssl_mlkem_op_evp(struct rte_crypto_op *cop,
| ^~~~~~~~~~~~~~~~~~~~~~~~~~~~
cc1: all warnings being treated as errors
[2794/3540] Compiling C object drivers/libtmp_rte_crypto_scheduler.a.p/crypto_scheduler_scheduler_failover.c.o
[2795/3540] Compiling C object drivers/libtmp_rte_crypto_scheduler.a.p/crypto_scheduler_scheduler_multicore.c.o
[2796/3540] Compiling C object drivers/libtmp_rte_crypto_octeontx.a.p/crypto_octeontx_otx_cryptodev_ops.c.o
ninja: build stopped: subcommand failed.
==== End log output ====
CentOS Stream 9
Kernel: 5.15
Compiler: gcc gcc (GCC) 11.5.0 20240719 (Red Hat 11.5.0-11)
Debian GNU/Linux 12
Kernel: 5.15
Compiler: gcc gcc (Debian 12.2.0-14+deb12u1) 12.2.0
CentOS Stream 10
Kernel: 5.15
Compiler: gcc gcc (GCC) 14.2.1 20250110 (Red Hat 14.2.1-8)
Fedora Linux 40
Kernel: 5.15
Compiler: clang gcc (GCC) 14.2.1 20240912 (Red Hat 14.2.1-3)
Fedora Linux 41
Kernel: 5.15
Compiler: gcc gcc (GCC) 14.3.1 20250523 (Red Hat 14.3.1-1)
Red Hat Enterprise Linux 9.5
Kernel: 5.15
Compiler: gcc gcc (GCC) 11.5.0 20240719 (Red Hat 11.5.0-2)
Windows Server 2022
Kernel: 10.0.20348.2031
Compiler: clang 15.0.7, gcc 14.1.0 (MinGW), and MSVC VS 19.39.33521
Fedora Linux 42
Kernel: 5.15
Compiler: gcc gcc (GCC) 15.2.1 20250808 (Red Hat 15.2.1-1)
Red Hat Enterprise Linux 8.10
Kernel: 5.15
Compiler: gcc gcc (GCC) 8.5.0 20210514 (Red Hat 8.5.0-22)
Ubuntu 22.04
Kernel: 5.15
Compiler: gcc gcc (Ubuntu 11.4.0-1ubuntu1~22.04) 11.4.0
Ubuntu 24.04
Kernel: 5.15
Compiler: gcc gcc (Ubuntu 13.3.0-6ubuntu2~24.04) 13.3.0
Ubuntu 20.04
Kernel: 5.15
Compiler: gcc gcc (Ubuntu 9.4.0-1ubuntu1~20.04.2) 9.4.0
To view detailed results, visit:
https://lab.dpdk.org/results/dashboard/patchsets/34185/
UNH-IOL DPDK Community Lab
To manage your email subscriptions, visit:
https://lab.dpdk.org/results/dashboard/preferences/subscriptions/
^ permalink raw reply [flat|nested] 42+ messages in thread
* |FAILURE| pw157144-157146 [PATCH] [v1,3/3] app/test: add ML crypto t
[not found] <20250930180316.1021-4-gmuthukrishn@marvell.com>
` (20 preceding siblings ...)
2025-09-30 19:07 ` dpdklab
@ 2025-09-30 19:08 ` dpdklab
2025-09-30 19:15 ` dpdklab
` (19 subsequent siblings)
41 siblings, 0 replies; 42+ messages in thread
From: dpdklab @ 2025-09-30 19:08 UTC (permalink / raw)
To: Test Report; +Cc: dpdk-test-reports, Gowrishankar Muthukrishnan
Test-Label: iol-unit-amd64-testing
Test-Status: FAILURE
http://dpdk.org/patch/157146
_Testing issues_
Submitter: Gowrishankar Muthukrishnan <gmuthukrishn@marvell.com>
Date: Tuesday, September 30 2025 18:03:13
DPDK git baseline: Repo:dpdk
Branch: master
CommitID:f3878b615e69a12087a6c5d212723478cfc79c31
157144-157146 --> testing issues
Upstream job id: Generic-Unit-Test-DPDK#376768
Test environment and result as below:
+-------------------------------+----------------+
| Environment | dpdk_unit_test |
+===============================+================+
| CentOS Stream 9 | PASS |
+-------------------------------+----------------+
| Debian GNU/Linux 12 | WARN |
+-------------------------------+----------------+
| CentOS Stream 10 | FAIL |
+-------------------------------+----------------+
| Fedora Linux 40 | WARN |
+-------------------------------+----------------+
| Fedora Linux 41 | WARN |
+-------------------------------+----------------+
| Red Hat Enterprise Linux 9.5 | WARN |
+-------------------------------+----------------+
| Windows Server 2022 | PEND |
+-------------------------------+----------------+
| Fedora Linux 42 | WARN |
+-------------------------------+----------------+
| Red Hat Enterprise Linux 8.10 | FAIL |
+-------------------------------+----------------+
| Ubuntu 22.04 | WARN |
+-------------------------------+----------------+
| Ubuntu 24.04 | WARN |
+-------------------------------+----------------+
| Ubuntu 20.04 | FAIL |
+-------------------------------+----------------+
==== Unit test summary for Ubuntu 20.04 (dpdk_unit_test): ====
ninja: Entering directory `/root/workspace/Generic-Unit-Test-DPDK/dpdk/build'
ninja: no work to do.
1/120 DPDK:fast-tests / acl_autotest OK 4.94s
2/120 DPDK:fast-tests / alarm_autotest OK 1.51s
3/120 DPDK:fast-tests / argparse_autotest OK 0.24s
4/120 DPDK:fast-tests / atomic_autotest OK 0.67s
5/120 DPDK:fast-tests / bitcount_autotest OK 0.38s
6/120 DPDK:fast-tests / bitmap_autotest OK 0.35s
7/120 DPDK:fast-tests / bitops_autotest OK 1.81s
8/120 DPDK:fast-tests / bitratestats_autotest OK 0.33s
9/120 DPDK:fast-tests / bitset_autotest OK 2.59s
10/120 DPDK:fast-tests / bpf_autotest OK 0.28s
11/120 DPDK:fast-tests / bpf_convert_autotest OK 0.51s
12/120 DPDK:fast-tests / byteorder_autotest OK 0.24s
13/120 DPDK:fast-tests / cfgfile_autotest OK 0.27s
14/120 DPDK:fast-tests / cksum_autotest OK 0.33s
15/120 DPDK:fast-tests / cmdline_autotest OK 0.26s
16/120 DPDK:fast-tests / common_autotest OK 0.88s
17/120 DPDK:fast-tests / compressdev_autotest SKIP 0.29s exit status 77
18/120 DPDK:fast-tests / cpuflags_autotest OK 0.32s
19/120 DPDK:fast-tests / crc_autotest OK 0.30s
20/120 DPDK:fast-tests / user_delay_us OK 0.29s
21/120 DPDK:fast-tests / debug_autotest OK 1.07s
22/120 DPDK:fast-tests / devargs_autotest OK 0.27s
23/120 DPDK:fast-tests / dispatcher_autotest SKIP 0.23s exit status 77
24/120 DPDK:fast-tests / distributor_autotest OK 1.62s
25/120 DPDK:fast-tests / eal_flags_c_opt_autotest OK 2.50s
26/120 DPDK:fast-tests / eal_flags_main_opt_autotest OK 0.86s
27/120 DPDK:fast-tests / eal_flags_n_opt_autotest OK 0.87s
28/120 DPDK:fast-tests / eal_flags_hpet_autotest OK 0.55s
29/120 DPDK:fast-tests / eal_flags_no_huge_autotest OK 0.90s
30/120 DPDK:fast-tests / eal_flags_a_opt_autotest OK 1.18s
31/120 DPDK:fast-tests / eal_flags_b_opt_autotest OK 0.81s
32/120 DPDK:fast-tests / eal_flags_vdev_opt_autotest OK 0.97s
33/120 DPDK:fast-tests / eal_flags_r_opt_autotest OK 0.80s
34/120 DPDK:fast-tests / eal_flags_mem_autotest OK 1.59s
35/120 DPDK:fast-tests / eal_flags_file_prefix_autotest OK 8.83s
36/120 DPDK:fast-tests / eal_flags_misc_autotest OK 4.23s
37/120 DPDK:fast-tests / eal_fs_autotest OK 0.38s
38/120 DPDK:fast-tests / errno_autotest OK 0.37s
39/120 DPDK:fast-tests / ethdev_link_status OK 0.24s
40/120 DPDK:fast-tests / event_eth_tx_adapter_autotest OK 1.01s
41/120 DPDK:fast-tests / event_ring_autotest OK 0.27s
42/120 DPDK:fast-tests / eventdev_common_autotest OK 0.42s
43/120 DPDK:fast-tests / eventdev_selftest_sw OK 0.37s
44/120 DPDK:fast-tests / fbarray_autotest OK 0.28s
45/120 DPDK:fast-tests / fib_autotest OK 1.69s
46/120 DPDK:fast-tests / fib6_autotest OK 1.41s
47/120 DPDK:fast-tests / func_reentrancy_autotest OK 1.01s
48/120 DPDK:fast-tests / graph_autotest OK 0.46s
49/120 DPDK:fast-tests / node_list_dump OK 0.32s
50/120 DPDK:fast-tests / graph_feature_arc_autotest OK 0.44s
51/120 DPDK:fast-tests / hash_autotest OK 0.48s
52/120 DPDK:fast-tests / hash_readwrite_func_autotest SKIP 0.35s exit status 77
53/120 DPDK:fast-tests / interrupt_autotest OK 1.80s
54/120 DPDK:fast-tests / ipfrag_autotest OK 0.17s
55/120 DPDK:fast-tests / ipsec_autotest SKIP 0.49s exit status 77
56/120 DPDK:fast-tests / kvargs_autotest OK 0.37s
57/120 DPDK:fast-tests / latencystats_autotest OK 0.33s
58/120 DPDK:fast-tests / lcore_var_autotest OK 0.53s
59/120 DPDK:fast-tests / lcores_autotest OK 26.21s
60/120 DPDK:fast-tests / logs_autotest OK 0.24s
61/120 DPDK:fast-tests / lpm_autotest OK 3.00s
62/120 DPDK:fast-tests / lpm6_autotest OK 5.39s
63/120 DPDK:fast-tests / malloc_autotest OK 0.81s
64/120 DPDK:fast-tests / mbuf_autotest OK 0.26s
65/120 DPDK:fast-tests / mcslock_autotest OK 0.95s
66/120 DPDK:fast-tests / member_autotest OK 1.84s
67/120 DPDK:fast-tests / memcpy_autotest OK 4.18s
68/120 DPDK:fast-tests / memory_autotest OK 0.26s
69/120 DPDK:fast-tests / mempool_autotest OK 0.65s
70/120 DPDK:fast-tests / memzone_autotest OK 0.24s
71/120 DPDK:fast-tests / meter_autotest OK 0.31s
72/120 DPDK:fast-tests / metrics_autotest OK 0.36s
73/120 DPDK:fast-tests / multiprocess_autotest OK 0.59s
74/120 DPDK:fast-tests / net_ether_autotest OK 0.96s
75/120 DPDK:fast-tests / net_ipv6_autotest OK 0.34s
76/120 DPDK:fast-tests / pcapng_autotest OK 11.62s
77/120 DPDK:fast-tests / pdcp_autotest SKIP 0.32s exit status 77
78/120 DPDK:fast-tests / pdump_autotest OK 0.66s
79/120 DPDK:fast-tests / per_lcore_autotest OK 0.45s
80/120 DPDK:fast-tests / pflock_autotest OK 0.35s
81/120 DPDK:fast-tests / pie_autotest OK 0.37s
82/120 DPDK:fast-tests / ring_pmd_autotest OK 0.56s
83/120 DPDK:fast-tests / power_autotest OK 0.27s
84/120 DPDK:fast-tests / power_cpufreq_autotest SKIP 0.34s exit status 77
85/120 DPDK:fast-tests / power_intel_uncore_autotest SKIP 0.30s exit status 77
86/120 DPDK:fast-tests / power_kvm_vm_autotest SKIP 0.30s exit status 77
87/120 DPDK:fast-tests / prefetch_autotest OK 0.38s
88/120 DPDK:fast-tests / ptr_compress_autotest OK 0.22s
89/120 DPDK:fast-tests / rawdev_autotest OK 0.29s
90/120 DPDK:fast-tests / rcu_qsbr_autotest OK 0.39s
91/120 DPDK:fast-tests / reorder_autotest OK 0.78s
92/120 DPDK:fast-tests / rib_autotest OK 7.32s
93/120 DPDK:fast-tests / rib6_autotest OK 6.92s
94/120 DPDK:fast-tests / ring_autotest OK 0.34s
95/120 DPDK:fast-tests / rwlock_test1_autotest OK 0.49s
96/120 DPDK:fast-tests / rwlock_rda_autotest OK 5.33s
97/120 DPDK:fast-tests / rwlock_rds_wrm_autotest OK 5.54s
98/120 DPDK:fast-tests / rwlock_rde_wro_autotest OK 5.39s
99/120 DPDK:fast-tests / sched_autotest OK 0.47s
100/120 DPDK:fast-tests / security_autotest OK 0.24s
101/120 DPDK:fast-tests / seqlock_autotest SKIP 0.38s exit status 77
102/120 DPDK:fast-tests / service_autotest OK 0.52s
103/120 DPDK:fast-tests / soring_autotest OK 0.24s
104/120 DPDK:fast-tests / spinlock_autotest OK 0.39s
105/120 DPDK:fast-tests / stack_autotest OK 0.20s
106/120 DPDK:fast-tests / stack_lf_autotest OK 0.35s
107/120 DPDK:fast-tests / string_autotest OK 0.32s
108/120 DPDK:fast-tests / table_autotest OK 9.63s
109/120 DPDK:fast-tests / tailq_autotest OK 0.32s
110/120 DPDK:fast-tests / telemetry_data_autotest OK 0.28s
111/120 DPDK:fast-tests / telemetry_json_autotest OK 0.31s
112/120 DPDK:fast-tests / thash_autotest OK 0.34s
113/120 DPDK:fast-tests / threads_autotest OK 0.98s
114/120 DPDK:fast-tests / ticketlock_autotest OK 0.76s
115/120 DPDK:fast-tests / timer_autotest OK 3.03s
116/120 DPDK:fast-tests / trace_autotest OK 0.44s
117/120 DPDK:fast-tests / trace_autotest_with_traces OK 0.49s
118/120 DPDK:fast-tests / vdev_autotest OK 0.36s
119/120 DPDK:fast-tests / version_autotest OK 0.34s
120/120 DPDK:fast-tests / telemetry_all OK 24.28s
Ok: 111
Expected Fail: 0
Fail: 0
Unexpected Pass: 0
Skipped: 9
Timeout: 0
Full log written to /root/workspace/Generic-Unit-Test-DPDK/dpdk/build/meson-logs/testlog.txt
ninja: Entering directory `/root/workspace/Generic-Unit-Test-DPDK/dpdk/build'
ninja: no work to do.
1/2 DPDK:driver-tests / cryptodev_openssl_autotest OK 1.45s
2/2 DPDK:driver-tests / cryptodev_openssl_asym_autotest FAIL 0.39s (exit status 255 or signal 127 SIGinvalid)
>>> MALLOC_PERTURB_=156 DPDK_TEST=cryptodev_openssl_asym_autotest /root/workspace/Generic-Unit-Test-DPDK/dpdk/build/app/dpdk-test --vdev crypto_openssl
Ok: 1
Expected Fail: 0
Fail: 1
Unexpected Pass: 0
Skipped: 0
Timeout: 0
Full log written to /root/workspace/Generic-Unit-Test-DPDK/dpdk/build/meson-logs/testlog.txt
Test log output from the failed test cryptodev_openssl_asym_autotest:
Sorry, we were not able to find the logs for this test.
Download the log output from the CI site for this test run.
==== End log output ====
CentOS Stream 9
Kernel: 5.15
Compiler: gcc gcc (GCC) 11.5.0 20240719 (Red Hat 11.5.0-11)
Debian GNU/Linux 12
Kernel: 5.15
Compiler: gcc gcc (Debian 12.2.0-14+deb12u1) 12.2.0
CentOS Stream 10
Kernel: 5.15
Compiler: gcc gcc (GCC) 14.2.1 20250110 (Red Hat 14.2.1-8)
Fedora Linux 40
Kernel: 5.15
Compiler: clang gcc (GCC) 14.2.1 20240912 (Red Hat 14.2.1-3)
Fedora Linux 41
Kernel: 5.15
Compiler: gcc gcc (GCC) 14.3.1 20250523 (Red Hat 14.3.1-1)
Red Hat Enterprise Linux 9.5
Kernel: 5.15
Compiler: gcc gcc (GCC) 11.5.0 20240719 (Red Hat 11.5.0-2)
Windows Server 2022
Kernel: 10.0.20348.2031
Compiler: clang 15.0.7, gcc 14.1.0 (MinGW), and MSVC VS 19.39.33521
Fedora Linux 42
Kernel: 5.15
Compiler: gcc gcc (GCC) 15.2.1 20250808 (Red Hat 15.2.1-1)
Red Hat Enterprise Linux 8.10
Kernel: 5.15
Compiler: gcc gcc (GCC) 8.5.0 20210514 (Red Hat 8.5.0-22)
Ubuntu 22.04
Kernel: 5.15
Compiler: gcc gcc (Ubuntu 11.4.0-1ubuntu1~22.04) 11.4.0
Ubuntu 24.04
Kernel: 5.15
Compiler: gcc gcc (Ubuntu 13.3.0-6ubuntu2~24.04) 13.3.0
Ubuntu 20.04
Kernel: 5.15
Compiler: gcc gcc (Ubuntu 9.4.0-1ubuntu1~20.04.2) 9.4.0
To view detailed results, visit:
https://lab.dpdk.org/results/dashboard/patchsets/34185/
UNH-IOL DPDK Community Lab
To manage your email subscriptions, visit:
https://lab.dpdk.org/results/dashboard/preferences/subscriptions/
^ permalink raw reply [flat|nested] 42+ messages in thread
* |FAILURE| pw157144-157146 [PATCH] [v1,3/3] app/test: add ML crypto t
[not found] <20250930180316.1021-4-gmuthukrishn@marvell.com>
` (21 preceding siblings ...)
2025-09-30 19:08 ` dpdklab
@ 2025-09-30 19:15 ` dpdklab
2025-09-30 19:18 ` dpdklab
` (18 subsequent siblings)
41 siblings, 0 replies; 42+ messages in thread
From: dpdklab @ 2025-09-30 19:15 UTC (permalink / raw)
To: Test Report; +Cc: dpdk-test-reports, Gowrishankar Muthukrishnan
Test-Label: iol-unit-amd64-testing
Test-Status: FAILURE
http://dpdk.org/patch/157146
_Testing issues_
Submitter: Gowrishankar Muthukrishnan <gmuthukrishn@marvell.com>
Date: Tuesday, September 30 2025 18:03:13
DPDK git baseline: Repo:dpdk
Branch: master
CommitID:f3878b615e69a12087a6c5d212723478cfc79c31
157144-157146 --> testing issues
Upstream job id: Generic-VM-Unit-Test-DPDK#31500
Test environment and result as below:
+-------------------------------+----------------+
| Environment | dpdk_unit_test |
+===============================+================+
| CentOS Stream 9 | PASS |
+-------------------------------+----------------+
| Debian GNU/Linux 12 | WARN |
+-------------------------------+----------------+
| CentOS Stream 10 | FAIL |
+-------------------------------+----------------+
| Fedora Linux 40 | WARN |
+-------------------------------+----------------+
| Fedora Linux 41 | WARN |
+-------------------------------+----------------+
| Red Hat Enterprise Linux 9.5 | WARN |
+-------------------------------+----------------+
| Windows Server 2022 | PASS |
+-------------------------------+----------------+
| Fedora Linux 42 | WARN |
+-------------------------------+----------------+
| Red Hat Enterprise Linux 8.10 | FAIL |
+-------------------------------+----------------+
| Ubuntu 22.04 | WARN |
+-------------------------------+----------------+
| Ubuntu 24.04 | WARN |
+-------------------------------+----------------+
| Ubuntu 20.04 | FAIL |
+-------------------------------+----------------+
==== Unit test summary for Ubuntu 20.04 (dpdk_unit_test): ====
ninja: Entering directory `/root/workspace/Generic-Unit-Test-DPDK/dpdk/build'
ninja: no work to do.
1/120 DPDK:fast-tests / acl_autotest OK 4.94s
2/120 DPDK:fast-tests / alarm_autotest OK 1.51s
3/120 DPDK:fast-tests / argparse_autotest OK 0.24s
4/120 DPDK:fast-tests / atomic_autotest OK 0.67s
5/120 DPDK:fast-tests / bitcount_autotest OK 0.38s
6/120 DPDK:fast-tests / bitmap_autotest OK 0.35s
7/120 DPDK:fast-tests / bitops_autotest OK 1.81s
8/120 DPDK:fast-tests / bitratestats_autotest OK 0.33s
9/120 DPDK:fast-tests / bitset_autotest OK 2.59s
10/120 DPDK:fast-tests / bpf_autotest OK 0.28s
11/120 DPDK:fast-tests / bpf_convert_autotest OK 0.51s
12/120 DPDK:fast-tests / byteorder_autotest OK 0.24s
13/120 DPDK:fast-tests / cfgfile_autotest OK 0.27s
14/120 DPDK:fast-tests / cksum_autotest OK 0.33s
15/120 DPDK:fast-tests / cmdline_autotest OK 0.26s
16/120 DPDK:fast-tests / common_autotest OK 0.88s
17/120 DPDK:fast-tests / compressdev_autotest SKIP 0.29s exit status 77
18/120 DPDK:fast-tests / cpuflags_autotest OK 0.32s
19/120 DPDK:fast-tests / crc_autotest OK 0.30s
20/120 DPDK:fast-tests / user_delay_us OK 0.29s
21/120 DPDK:fast-tests / debug_autotest OK 1.07s
22/120 DPDK:fast-tests / devargs_autotest OK 0.27s
23/120 DPDK:fast-tests / dispatcher_autotest SKIP 0.23s exit status 77
24/120 DPDK:fast-tests / distributor_autotest OK 1.62s
25/120 DPDK:fast-tests / eal_flags_c_opt_autotest OK 2.50s
26/120 DPDK:fast-tests / eal_flags_main_opt_autotest OK 0.86s
27/120 DPDK:fast-tests / eal_flags_n_opt_autotest OK 0.87s
28/120 DPDK:fast-tests / eal_flags_hpet_autotest OK 0.55s
29/120 DPDK:fast-tests / eal_flags_no_huge_autotest OK 0.90s
30/120 DPDK:fast-tests / eal_flags_a_opt_autotest OK 1.18s
31/120 DPDK:fast-tests / eal_flags_b_opt_autotest OK 0.81s
32/120 DPDK:fast-tests / eal_flags_vdev_opt_autotest OK 0.97s
33/120 DPDK:fast-tests / eal_flags_r_opt_autotest OK 0.80s
34/120 DPDK:fast-tests / eal_flags_mem_autotest OK 1.59s
35/120 DPDK:fast-tests / eal_flags_file_prefix_autotest OK 8.83s
36/120 DPDK:fast-tests / eal_flags_misc_autotest OK 4.23s
37/120 DPDK:fast-tests / eal_fs_autotest OK 0.38s
38/120 DPDK:fast-tests / errno_autotest OK 0.37s
39/120 DPDK:fast-tests / ethdev_link_status OK 0.24s
40/120 DPDK:fast-tests / event_eth_tx_adapter_autotest OK 1.01s
41/120 DPDK:fast-tests / event_ring_autotest OK 0.27s
42/120 DPDK:fast-tests / eventdev_common_autotest OK 0.42s
43/120 DPDK:fast-tests / eventdev_selftest_sw OK 0.37s
44/120 DPDK:fast-tests / fbarray_autotest OK 0.28s
45/120 DPDK:fast-tests / fib_autotest OK 1.69s
46/120 DPDK:fast-tests / fib6_autotest OK 1.41s
47/120 DPDK:fast-tests / func_reentrancy_autotest OK 1.01s
48/120 DPDK:fast-tests / graph_autotest OK 0.46s
49/120 DPDK:fast-tests / node_list_dump OK 0.32s
50/120 DPDK:fast-tests / graph_feature_arc_autotest OK 0.44s
51/120 DPDK:fast-tests / hash_autotest OK 0.48s
52/120 DPDK:fast-tests / hash_readwrite_func_autotest SKIP 0.35s exit status 77
53/120 DPDK:fast-tests / interrupt_autotest OK 1.80s
54/120 DPDK:fast-tests / ipfrag_autotest OK 0.17s
55/120 DPDK:fast-tests / ipsec_autotest SKIP 0.49s exit status 77
56/120 DPDK:fast-tests / kvargs_autotest OK 0.37s
57/120 DPDK:fast-tests / latencystats_autotest OK 0.33s
58/120 DPDK:fast-tests / lcore_var_autotest OK 0.53s
59/120 DPDK:fast-tests / lcores_autotest OK 26.21s
60/120 DPDK:fast-tests / logs_autotest OK 0.24s
61/120 DPDK:fast-tests / lpm_autotest OK 3.00s
62/120 DPDK:fast-tests / lpm6_autotest OK 5.39s
63/120 DPDK:fast-tests / malloc_autotest OK 0.81s
64/120 DPDK:fast-tests / mbuf_autotest OK 0.26s
65/120 DPDK:fast-tests / mcslock_autotest OK 0.95s
66/120 DPDK:fast-tests / member_autotest OK 1.84s
67/120 DPDK:fast-tests / memcpy_autotest OK 4.18s
68/120 DPDK:fast-tests / memory_autotest OK 0.26s
69/120 DPDK:fast-tests / mempool_autotest OK 0.65s
70/120 DPDK:fast-tests / memzone_autotest OK 0.24s
71/120 DPDK:fast-tests / meter_autotest OK 0.31s
72/120 DPDK:fast-tests / metrics_autotest OK 0.36s
73/120 DPDK:fast-tests / multiprocess_autotest OK 0.59s
74/120 DPDK:fast-tests / net_ether_autotest OK 0.96s
75/120 DPDK:fast-tests / net_ipv6_autotest OK 0.34s
76/120 DPDK:fast-tests / pcapng_autotest OK 11.62s
77/120 DPDK:fast-tests / pdcp_autotest SKIP 0.32s exit status 77
78/120 DPDK:fast-tests / pdump_autotest OK 0.66s
79/120 DPDK:fast-tests / per_lcore_autotest OK 0.45s
80/120 DPDK:fast-tests / pflock_autotest OK 0.35s
81/120 DPDK:fast-tests / pie_autotest OK 0.37s
82/120 DPDK:fast-tests / ring_pmd_autotest OK 0.56s
83/120 DPDK:fast-tests / power_autotest OK 0.27s
84/120 DPDK:fast-tests / power_cpufreq_autotest SKIP 0.34s exit status 77
85/120 DPDK:fast-tests / power_intel_uncore_autotest SKIP 0.30s exit status 77
86/120 DPDK:fast-tests / power_kvm_vm_autotest SKIP 0.30s exit status 77
87/120 DPDK:fast-tests / prefetch_autotest OK 0.38s
88/120 DPDK:fast-tests / ptr_compress_autotest OK 0.22s
89/120 DPDK:fast-tests / rawdev_autotest OK 0.29s
90/120 DPDK:fast-tests / rcu_qsbr_autotest OK 0.39s
91/120 DPDK:fast-tests / reorder_autotest OK 0.78s
92/120 DPDK:fast-tests / rib_autotest OK 7.32s
93/120 DPDK:fast-tests / rib6_autotest OK 6.92s
94/120 DPDK:fast-tests / ring_autotest OK 0.34s
95/120 DPDK:fast-tests / rwlock_test1_autotest OK 0.49s
96/120 DPDK:fast-tests / rwlock_rda_autotest OK 5.33s
97/120 DPDK:fast-tests / rwlock_rds_wrm_autotest OK 5.54s
98/120 DPDK:fast-tests / rwlock_rde_wro_autotest OK 5.39s
99/120 DPDK:fast-tests / sched_autotest OK 0.47s
100/120 DPDK:fast-tests / security_autotest OK 0.24s
101/120 DPDK:fast-tests / seqlock_autotest SKIP 0.38s exit status 77
102/120 DPDK:fast-tests / service_autotest OK 0.52s
103/120 DPDK:fast-tests / soring_autotest OK 0.24s
104/120 DPDK:fast-tests / spinlock_autotest OK 0.39s
105/120 DPDK:fast-tests / stack_autotest OK 0.20s
106/120 DPDK:fast-tests / stack_lf_autotest OK 0.35s
107/120 DPDK:fast-tests / string_autotest OK 0.32s
108/120 DPDK:fast-tests / table_autotest OK 9.63s
109/120 DPDK:fast-tests / tailq_autotest OK 0.32s
110/120 DPDK:fast-tests / telemetry_data_autotest OK 0.28s
111/120 DPDK:fast-tests / telemetry_json_autotest OK 0.31s
112/120 DPDK:fast-tests / thash_autotest OK 0.34s
113/120 DPDK:fast-tests / threads_autotest OK 0.98s
114/120 DPDK:fast-tests / ticketlock_autotest OK 0.76s
115/120 DPDK:fast-tests / timer_autotest OK 3.03s
116/120 DPDK:fast-tests / trace_autotest OK 0.44s
117/120 DPDK:fast-tests / trace_autotest_with_traces OK 0.49s
118/120 DPDK:fast-tests / vdev_autotest OK 0.36s
119/120 DPDK:fast-tests / version_autotest OK 0.34s
120/120 DPDK:fast-tests / telemetry_all OK 24.28s
Ok: 111
Expected Fail: 0
Fail: 0
Unexpected Pass: 0
Skipped: 9
Timeout: 0
Full log written to /root/workspace/Generic-Unit-Test-DPDK/dpdk/build/meson-logs/testlog.txt
ninja: Entering directory `/root/workspace/Generic-Unit-Test-DPDK/dpdk/build'
ninja: no work to do.
1/2 DPDK:driver-tests / cryptodev_openssl_autotest OK 1.45s
2/2 DPDK:driver-tests / cryptodev_openssl_asym_autotest FAIL 0.39s (exit status 255 or signal 127 SIGinvalid)
>>> MALLOC_PERTURB_=156 DPDK_TEST=cryptodev_openssl_asym_autotest /root/workspace/Generic-Unit-Test-DPDK/dpdk/build/app/dpdk-test --vdev crypto_openssl
Ok: 1
Expected Fail: 0
Fail: 1
Unexpected Pass: 0
Skipped: 0
Timeout: 0
Full log written to /root/workspace/Generic-Unit-Test-DPDK/dpdk/build/meson-logs/testlog.txt
Test log output from the failed test cryptodev_openssl_asym_autotest:
Sorry, we were not able to find the logs for this test.
Download the log output from the CI site for this test run.
==== End log output ====
CentOS Stream 9
Kernel: 5.15
Compiler: gcc gcc (GCC) 11.5.0 20240719 (Red Hat 11.5.0-11)
Debian GNU/Linux 12
Kernel: 5.15
Compiler: gcc gcc (Debian 12.2.0-14+deb12u1) 12.2.0
CentOS Stream 10
Kernel: 5.15
Compiler: gcc gcc (GCC) 14.2.1 20250110 (Red Hat 14.2.1-8)
Fedora Linux 40
Kernel: 5.15
Compiler: clang gcc (GCC) 14.2.1 20240912 (Red Hat 14.2.1-3)
Fedora Linux 41
Kernel: 5.15
Compiler: gcc gcc (GCC) 14.3.1 20250523 (Red Hat 14.3.1-1)
Red Hat Enterprise Linux 9.5
Kernel: 5.15
Compiler: gcc gcc (GCC) 11.5.0 20240719 (Red Hat 11.5.0-2)
Windows Server 2022
Kernel: 10.0.20348.2031
Compiler: clang 15.0.7, gcc 14.1.0 (MinGW), and MSVC VS 19.39.33521
Fedora Linux 42
Kernel: 5.15
Compiler: gcc gcc (GCC) 15.2.1 20250808 (Red Hat 15.2.1-1)
Red Hat Enterprise Linux 8.10
Kernel: 5.15
Compiler: gcc gcc (GCC) 8.5.0 20210514 (Red Hat 8.5.0-22)
Ubuntu 22.04
Kernel: 5.15
Compiler: gcc gcc (Ubuntu 11.4.0-1ubuntu1~22.04) 11.4.0
Ubuntu 24.04
Kernel: 5.15
Compiler: gcc gcc (Ubuntu 13.3.0-6ubuntu2~24.04) 13.3.0
Ubuntu 20.04
Kernel: 5.15
Compiler: gcc gcc (Ubuntu 9.4.0-1ubuntu1~20.04.2) 9.4.0
To view detailed results, visit:
https://lab.dpdk.org/results/dashboard/patchsets/34185/
UNH-IOL DPDK Community Lab
To manage your email subscriptions, visit:
https://lab.dpdk.org/results/dashboard/preferences/subscriptions/
^ permalink raw reply [flat|nested] 42+ messages in thread
* |FAILURE| pw157144-157146 [PATCH] [v1,3/3] app/test: add ML crypto t
[not found] <20250930180316.1021-4-gmuthukrishn@marvell.com>
` (22 preceding siblings ...)
2025-09-30 19:15 ` dpdklab
@ 2025-09-30 19:18 ` dpdklab
2025-09-30 19:28 ` dpdklab
` (17 subsequent siblings)
41 siblings, 0 replies; 42+ messages in thread
From: dpdklab @ 2025-09-30 19:18 UTC (permalink / raw)
To: Test Report; +Cc: dpdk-test-reports, Gowrishankar Muthukrishnan
Test-Label: iol-compile-amd64-testing
Test-Status: FAILURE
http://dpdk.org/patch/157146
_Testing issues_
Submitter: Gowrishankar Muthukrishnan <gmuthukrishn@marvell.com>
Date: Tuesday, September 30 2025 18:03:13
DPDK git baseline: Repo:dpdk
Branch: master
CommitID:f3878b615e69a12087a6c5d212723478cfc79c31
157144-157146 --> testing issues
Upstream job id: Windows-Compile-DPDK-Native#31332
Test environment and result as below:
+---------------------+-------------------------+--------------------+-------------------+----------------------+
| Environment | dpdk_llvm_clang_compile | dpdk_meson_compile | dpdk_msvc_compile | dpdk_mingw64_compile |
+=====================+=========================+====================+===================+======================+
| Windows Server 2022 | PASS | SKIPPED | PASS | PASS |
+---------------------+-------------------------+--------------------+-------------------+----------------------+
| Ubuntu 20.04 | SKIPPED | PASS | SKIPPED | SKIPPED |
+---------------------+-------------------------+--------------------+-------------------+----------------------+
| FreeBSD 14.2 | SKIPPED | FAIL | SKIPPED | SKIPPED |
+---------------------+-------------------------+--------------------+-------------------+----------------------+
==== 20 line log output for FreeBSD 14.2 (dpdk_meson_compile): ====
/usr/local/include/openssl/evp.h:1902:5: note: 'EVP_PKEY_verify_recover_init' declared here
1902 | int EVP_PKEY_verify_recover_init(EVP_PKEY_CTX *ctx);
| ^
../drivers/crypto/openssl/rte_openssl_pmd.c:4028:19: error: use of undeclared identifier 'OSSL_SIGNATURE_PARAM_MU'
4028 | OSSL_PARAM_int(OSSL_SIGNATURE_PARAM_MU, &has_mu),
| ^
../drivers/crypto/openssl/rte_openssl_pmd.c:4042:28: error: use of undeclared identifier 'OSSL_SIGNATURE_PARAM_CONTEXT_STRING'
4042 | OSSL_PARAM_octet_string(OSSL_SIGNATURE_PARAM_CONTEXT_STRING,
| ^
../drivers/crypto/openssl/rte_openssl_pmd.c:4313:12: error: call to undeclared function 'process_openssl_mlkem_op'; ISO C99 and later do not support implicit function declarations [-Werror,-Wimplicit-function-declaration]
4313 | retval = process_openssl_mlkem_op(op, sess);
| ^
fatal error: too many errors emitted, stopping now [-ferror-limit=]
20 errors generated.
[1676/2137] Linking target drivers/librte_crypto_ionic.so.26.0
[1677/2137] Compiling C object drivers/libtmp_rte_crypto_scheduler.a.p/crypto_scheduler_rte_cryptodev_scheduler.c.o
[1678/2137] Generating rte_crypto_null.sym_chk with a custom command (wrapped by meson to capture output)
[1679/2137] Compiling C object drivers/libtmp_rte_crypto_scheduler.a.p/crypto_scheduler_scheduler_failover.c.o
[1680/2137] Compiling C object drivers/libtmp_rte_crypto_scheduler.a.p/crypto_scheduler_scheduler_multicore.c.o
ninja: build stopped: subcommand failed.
==== End log output ====
Windows Server 2022
Kernel: 10.0.20348.2031
Compiler: clang 15.0.7, gcc 14.1.0 (MinGW), and MSVC VS 19.39.33521
Ubuntu 20.04
Kernel: 4.19
Compiler: gcc gcc (Ubuntu 9.4.0-1ubuntu1~20.04.2) 9.4.0
FreeBSD 14.2
Kernel: 14.2-RELEASE
Compiler: clang 18.1.6
To view detailed results, visit:
https://lab.dpdk.org/results/dashboard/patchsets/34185/
UNH-IOL DPDK Community Lab
To manage your email subscriptions, visit:
https://lab.dpdk.org/results/dashboard/preferences/subscriptions/
^ permalink raw reply [flat|nested] 42+ messages in thread
* |FAILURE| pw157144-157146 [PATCH] [v1,3/3] app/test: add ML crypto t
[not found] <20250930180316.1021-4-gmuthukrishn@marvell.com>
` (23 preceding siblings ...)
2025-09-30 19:18 ` dpdklab
@ 2025-09-30 19:28 ` dpdklab
2025-09-30 20:39 ` |FAILURE| pw157146 [PATCH v1 3/3] app/test: add ML crypto test vectors 0-day Robot
` (16 subsequent siblings)
41 siblings, 0 replies; 42+ messages in thread
From: dpdklab @ 2025-09-30 19:28 UTC (permalink / raw)
To: Test Report; +Cc: dpdk-test-reports, Gowrishankar Muthukrishnan
Test-Label: iol-unit-amd64-testing
Test-Status: FAILURE
http://dpdk.org/patch/157146
_Testing issues_
Submitter: Gowrishankar Muthukrishnan <gmuthukrishn@marvell.com>
Date: Tuesday, September 30 2025 18:03:13
DPDK git baseline: Repo:dpdk
Branch: master
CommitID:f3878b615e69a12087a6c5d212723478cfc79c31
157144-157146 --> testing issues
Upstream job id: Generic-VM-Unit-Test-DPDK#31501
Test environment and result as below:
+-------------------------------+----------------+
| Environment | dpdk_unit_test |
+===============================+================+
| CentOS Stream 9 | PASS |
+-------------------------------+----------------+
| Debian GNU/Linux 12 | WARN |
+-------------------------------+----------------+
| CentOS Stream 10 | FAIL |
+-------------------------------+----------------+
| Fedora Linux 40 | WARN |
+-------------------------------+----------------+
| Fedora Linux 41 | WARN |
+-------------------------------+----------------+
| Red Hat Enterprise Linux 9.5 | WARN |
+-------------------------------+----------------+
| Windows Server 2022 | PASS |
+-------------------------------+----------------+
| Fedora Linux 42 | WARN |
+-------------------------------+----------------+
| Red Hat Enterprise Linux 8.10 | FAIL |
+-------------------------------+----------------+
| Ubuntu 22.04 | WARN |
+-------------------------------+----------------+
| Ubuntu 24.04 | WARN |
+-------------------------------+----------------+
| Ubuntu 20.04 | PASS |
+-------------------------------+----------------+
==== 20 line log output for Ubuntu 24.04 (dpdk_unit_test): ====
| ^~~~~~~~~~~~~~~~~~~~~~~~
| process_openssl_mlkem_op_evp
../drivers/crypto/openssl/rte_openssl_pmd.c:4313:26: error: nested extern declaration of 'process_openssl_mlkem_op' [-Werror=nested-externs]
../drivers/crypto/openssl/rte_openssl_pmd.c:4320:26: error: implicit declaration of function 'process_openssl_mldsa_op'; did you mean 'process_openssl_mldsa_op_evp'? [-Werror=implicit-function-declaration]
4320 | retval = process_openssl_mldsa_op(op, sess);
| ^~~~~~~~~~~~~~~~~~~~~~~~
| process_openssl_mldsa_op_evp
../drivers/crypto/openssl/rte_openssl_pmd.c:4320:26: error: nested extern declaration of 'process_openssl_mldsa_op' [-Werror=nested-externs]
../drivers/crypto/openssl/rte_openssl_pmd.c: At top level:
../drivers/crypto/openssl/rte_openssl_pmd.c:4070:1: error: 'process_openssl_mldsa_op_evp' defined but not used [-Werror=unused-function]
4070 | process_openssl_mldsa_op_evp(struct rte_crypto_op *cop,
| ^~~~~~~~~~~~~~~~~~~~~~~~~~~~
../drivers/crypto/openssl/rte_openssl_pmd.c:3601:1: error: 'process_openssl_mlkem_op_evp' defined but not used [-Werror=unused-function]
3601 | process_openssl_mlkem_op_evp(struct rte_crypto_op *cop,
| ^~~~~~~~~~~~~~~~~~~~~~~~~~~~
cc1: all warnings being treated as errors
[2794/3540] Compiling C object drivers/libtmp_rte_crypto_scheduler.a.p/crypto_scheduler_scheduler_failover.c.o
[2795/3540] Compiling C object drivers/libtmp_rte_crypto_scheduler.a.p/crypto_scheduler_scheduler_multicore.c.o
[2796/3540] Compiling C object drivers/libtmp_rte_crypto_octeontx.a.p/crypto_octeontx_otx_cryptodev_ops.c.o
ninja: build stopped: subcommand failed.
==== End log output ====
CentOS Stream 9
Kernel: 5.15
Compiler: gcc gcc (GCC) 11.5.0 20240719 (Red Hat 11.5.0-11)
Debian GNU/Linux 12
Kernel: 5.15
Compiler: gcc gcc (Debian 12.2.0-14+deb12u1) 12.2.0
CentOS Stream 10
Kernel: 5.15
Compiler: gcc gcc (GCC) 14.2.1 20250110 (Red Hat 14.2.1-8)
Fedora Linux 40
Kernel: 5.15
Compiler: clang gcc (GCC) 14.2.1 20240912 (Red Hat 14.2.1-3)
Fedora Linux 41
Kernel: 5.15
Compiler: gcc gcc (GCC) 14.3.1 20250523 (Red Hat 14.3.1-1)
Red Hat Enterprise Linux 9.5
Kernel: 5.15
Compiler: gcc gcc (GCC) 11.5.0 20240719 (Red Hat 11.5.0-2)
Windows Server 2022
Kernel: 10.0.20348.2031
Compiler: clang 15.0.7, gcc 14.1.0 (MinGW), and MSVC VS 19.39.33521
Fedora Linux 42
Kernel: 5.15
Compiler: gcc gcc (GCC) 15.2.1 20250808 (Red Hat 15.2.1-1)
Red Hat Enterprise Linux 8.10
Kernel: 5.15
Compiler: gcc gcc (GCC) 8.5.0 20210514 (Red Hat 8.5.0-22)
Ubuntu 22.04
Kernel: 5.15
Compiler: gcc gcc (Ubuntu 11.4.0-1ubuntu1~22.04) 11.4.0
Ubuntu 24.04
Kernel: 5.15
Compiler: gcc gcc (Ubuntu 13.3.0-6ubuntu2~24.04) 13.3.0
Ubuntu 20.04
Kernel: 5.15
Compiler: gcc gcc (Ubuntu 9.4.0-1ubuntu1~20.04.2) 9.4.0
To view detailed results, visit:
https://lab.dpdk.org/results/dashboard/patchsets/34185/
UNH-IOL DPDK Community Lab
To manage your email subscriptions, visit:
https://lab.dpdk.org/results/dashboard/preferences/subscriptions/
^ permalink raw reply [flat|nested] 42+ messages in thread
* |FAILURE| pw157146 [PATCH v1 3/3] app/test: add ML crypto test vectors
[not found] <20250930180316.1021-4-gmuthukrishn@marvell.com>
` (24 preceding siblings ...)
2025-09-30 19:28 ` dpdklab
@ 2025-09-30 20:39 ` 0-day Robot
2025-09-30 21:59 ` |SUCCESS| pw157144-157146 [PATCH] [v1,3/3] app/test: add ML crypto t dpdklab
` (15 subsequent siblings)
41 siblings, 0 replies; 42+ messages in thread
From: 0-day Robot @ 2025-09-30 20:39 UTC (permalink / raw)
To: test-report; +Cc: gmuthukrishn, robot
From: robot@bytheb.org
Test-Label: github-robot: build
Test-Status: FAILURE
http://patchwork.dpdk.org/patch/157146/
_github build: failed_
Build URL: https://github.com/ovsrobot/dpdk/actions/runs/18139315959
^ permalink raw reply [flat|nested] 42+ messages in thread
* |SUCCESS| pw157144-157146 [PATCH] [v1,3/3] app/test: add ML crypto t
[not found] <20250930180316.1021-4-gmuthukrishn@marvell.com>
` (25 preceding siblings ...)
2025-09-30 20:39 ` |FAILURE| pw157146 [PATCH v1 3/3] app/test: add ML crypto test vectors 0-day Robot
@ 2025-09-30 21:59 ` dpdklab
2025-09-30 22:00 ` dpdklab
` (14 subsequent siblings)
41 siblings, 0 replies; 42+ messages in thread
From: dpdklab @ 2025-09-30 21:59 UTC (permalink / raw)
To: Test Report; +Cc: dpdk-test-reports
Test-Label: iol-intel-Functional
Test-Status: SUCCESS
http://dpdk.org/patch/157146
_Functional Testing PASS_
Submitter: Gowrishankar Muthukrishnan <gmuthukrishn@marvell.com>
Date: Tuesday, September 30 2025 18:03:13
DPDK git baseline: Repo:dpdk
Branch: master
CommitID:f3878b615e69a12087a6c5d212723478cfc79c31
157144-157146 --> functional testing pass
Upstream job id: Template-DTS-Pipeline#247229
Test environment and result as below:
Ubuntu 20.04
Kernel: 5.4
Compiler: gcc gcc (Ubuntu 9.4.0-1ubuntu1~20.04.1) 9.4.0
NIC: Intel Corporation Ethernet Converged Network Adapter XL710-QDA2 40000 Mbps
Aggregate Results by Test Suite
+-----------------------------+--------+
| Test Suite | Result |
+=============================+========+
| unit_tests_mbuf | PASS |
+-----------------------------+--------+
| vhost_virtio_user_interrupt | PASS |
+-----------------------------+--------+
| virtio_smoke | PASS |
+-----------------------------+--------+
To view detailed results, visit:
https://lab.dpdk.org/results/dashboard/patchsets/34185/
UNH-IOL DPDK Community Lab
To manage your email subscriptions, visit:
https://lab.dpdk.org/results/dashboard/preferences/subscriptions/
^ permalink raw reply [flat|nested] 42+ messages in thread
* |SUCCESS| pw157144-157146 [PATCH] [v1,3/3] app/test: add ML crypto t
[not found] <20250930180316.1021-4-gmuthukrishn@marvell.com>
` (26 preceding siblings ...)
2025-09-30 21:59 ` |SUCCESS| pw157144-157146 [PATCH] [v1,3/3] app/test: add ML crypto t dpdklab
@ 2025-09-30 22:00 ` dpdklab
2025-10-01 1:56 ` |FAILURE| " dpdklab
` (13 subsequent siblings)
41 siblings, 0 replies; 42+ messages in thread
From: dpdklab @ 2025-09-30 22:00 UTC (permalink / raw)
To: Test Report; +Cc: dpdk-test-reports
Test-Label: iol-intel-Functional
Test-Status: SUCCESS
http://dpdk.org/patch/157146
_Functional Testing PASS_
Submitter: Gowrishankar Muthukrishnan <gmuthukrishn@marvell.com>
Date: Tuesday, September 30 2025 18:03:13
DPDK git baseline: Repo:dpdk
Branch: master
CommitID:f3878b615e69a12087a6c5d212723478cfc79c31
157144-157146 --> functional testing pass
Upstream job id: Template-DPDK-DTS-Pipeline#2261
Test environment and result as below:
Ubuntu 20.04
Kernel: 5.4
Compiler: gcc gcc (Ubuntu 9.4.0-1ubuntu1~20.04.1) 9.4.0
NIC: Intel Corporation Ethernet Converged Network Adapter XL710-QDA2 40000 Mbps
Aggregate Results by Test Suite
+-----------------------------+--------+
| Test Suite | Result |
+=============================+========+
| unit_tests_mbuf | PASS |
+-----------------------------+--------+
| vhost_virtio_user_interrupt | PASS |
+-----------------------------+--------+
| virtio_smoke | PASS |
+-----------------------------+--------+
To view detailed results, visit:
https://lab.dpdk.org/results/dashboard/patchsets/34185/
UNH-IOL DPDK Community Lab
To manage your email subscriptions, visit:
https://lab.dpdk.org/results/dashboard/preferences/subscriptions/
^ permalink raw reply [flat|nested] 42+ messages in thread
* |FAILURE| pw157144-157146 [PATCH] [v1,3/3] app/test: add ML crypto t
[not found] <20250930180316.1021-4-gmuthukrishn@marvell.com>
` (27 preceding siblings ...)
2025-09-30 22:00 ` dpdklab
@ 2025-10-01 1:56 ` dpdklab
2025-10-01 2:06 ` dpdklab
` (12 subsequent siblings)
41 siblings, 0 replies; 42+ messages in thread
From: dpdklab @ 2025-10-01 1:56 UTC (permalink / raw)
To: Test Report; +Cc: dpdk-test-reports, Gowrishankar Muthukrishnan
Test-Label: iol-compile-amd64-testing
Test-Status: FAILURE
http://dpdk.org/patch/157146
_Testing issues_
Submitter: Gowrishankar Muthukrishnan <gmuthukrishn@marvell.com>
Date: Tuesday, September 30 2025 18:03:13
DPDK git baseline: Repo:dpdk
Branch: master
CommitID:f3878b615e69a12087a6c5d212723478cfc79c31
157144-157146 --> testing issues
Upstream job id: Generic-DPDK-Compile-Meson#430196
Test environment and result as below:
+---------------------+-------------------------+--------------------+-------------------+----------------------+-------------------+
| Environment | dpdk_llvm_clang_compile | dpdk_meson_compile | dpdk_msvc_compile | dpdk_mingw64_compile | dpdk_compile_spdk |
+=====================+=========================+====================+===================+======================+===================+
| Windows Server 2022 | PASS | SKIPPED | PASS | PASS | SKIPPED |
+---------------------+-------------------------+--------------------+-------------------+----------------------+-------------------+
| Ubuntu 20.04 | SKIPPED | PASS | SKIPPED | SKIPPED | SKIPPED |
+---------------------+-------------------------+--------------------+-------------------+----------------------+-------------------+
| FreeBSD 14.2 | SKIPPED | FAIL | SKIPPED | SKIPPED | SKIPPED |
+---------------------+-------------------------+--------------------+-------------------+----------------------+-------------------+
| CentOS Stream 9 | SKIPPED | PASS | SKIPPED | SKIPPED | PASS |
+---------------------+-------------------------+--------------------+-------------------+----------------------+-------------------+
==== 20 line log output for FreeBSD 14.2 (dpdk_meson_compile): ====
/usr/local/include/openssl/evp.h:1902:5: note: 'EVP_PKEY_verify_recover_init' declared here
1902 | int EVP_PKEY_verify_recover_init(EVP_PKEY_CTX *ctx);
| ^
../drivers/crypto/openssl/rte_openssl_pmd.c:4028:19: error: use of undeclared identifier 'OSSL_SIGNATURE_PARAM_MU'
4028 | OSSL_PARAM_int(OSSL_SIGNATURE_PARAM_MU, &has_mu),
| ^
../drivers/crypto/openssl/rte_openssl_pmd.c:4042:28: error: use of undeclared identifier 'OSSL_SIGNATURE_PARAM_CONTEXT_STRING'
4042 | OSSL_PARAM_octet_string(OSSL_SIGNATURE_PARAM_CONTEXT_STRING,
| ^
../drivers/crypto/openssl/rte_openssl_pmd.c:4313:12: error: call to undeclared function 'process_openssl_mlkem_op'; ISO C99 and later do not support implicit function declarations [-Werror,-Wimplicit-function-declaration]
4313 | retval = process_openssl_mlkem_op(op, sess);
| ^
fatal error: too many errors emitted, stopping now [-ferror-limit=]
20 errors generated.
[1676/2137] Linking target drivers/librte_crypto_ionic.so.26.0
[1677/2137] Compiling C object drivers/libtmp_rte_crypto_scheduler.a.p/crypto_scheduler_rte_cryptodev_scheduler.c.o
[1678/2137] Generating rte_crypto_null.sym_chk with a custom command (wrapped by meson to capture output)
[1679/2137] Compiling C object drivers/libtmp_rte_crypto_scheduler.a.p/crypto_scheduler_scheduler_failover.c.o
[1680/2137] Compiling C object drivers/libtmp_rte_crypto_scheduler.a.p/crypto_scheduler_scheduler_multicore.c.o
ninja: build stopped: subcommand failed.
==== End log output ====
Windows Server 2022
Kernel: 10.0.20348.2031
Compiler: clang 15.0.7, gcc 14.1.0 (MinGW), and MSVC VS 19.39.33521
Ubuntu 20.04
Kernel: 4.19
Compiler: gcc gcc (Ubuntu 9.4.0-1ubuntu1~20.04.2) 9.4.0
FreeBSD 14.2
Kernel: 14.2-RELEASE
Compiler: clang 18.1.6
CentOS Stream 9
Kernel: 5.15
Compiler: gcc gcc (GCC) 11.5.0 20240719 (Red Hat 11.5.0-11)
To view detailed results, visit:
https://lab.dpdk.org/results/dashboard/patchsets/34185/
UNH-IOL DPDK Community Lab
To manage your email subscriptions, visit:
https://lab.dpdk.org/results/dashboard/preferences/subscriptions/
^ permalink raw reply [flat|nested] 42+ messages in thread
* |FAILURE| pw157144-157146 [PATCH] [v1,3/3] app/test: add ML crypto t
[not found] <20250930180316.1021-4-gmuthukrishn@marvell.com>
` (28 preceding siblings ...)
2025-10-01 1:56 ` |FAILURE| " dpdklab
@ 2025-10-01 2:06 ` dpdklab
2025-10-01 2:20 ` |PENDING| " dpdklab
` (11 subsequent siblings)
41 siblings, 0 replies; 42+ messages in thread
From: dpdklab @ 2025-10-01 2:06 UTC (permalink / raw)
To: Test Report; +Cc: dpdk-test-reports, Gowrishankar Muthukrishnan
Test-Label: iol-compile-amd64-testing
Test-Status: FAILURE
http://dpdk.org/patch/157146
_Testing issues_
Submitter: Gowrishankar Muthukrishnan <gmuthukrishn@marvell.com>
Date: Tuesday, September 30 2025 18:03:13
DPDK git baseline: Repo:dpdk
Branch: master
CommitID:f3878b615e69a12087a6c5d212723478cfc79c31
157144-157146 --> testing issues
Upstream job id: Generic-DPDK-Compile-Meson#430201
Test environment and result as below:
+---------------------+-------------------------+--------------------+-------------------+----------------------+-------------------+
| Environment | dpdk_llvm_clang_compile | dpdk_meson_compile | dpdk_msvc_compile | dpdk_mingw64_compile | dpdk_compile_spdk |
+=====================+=========================+====================+===================+======================+===================+
| Windows Server 2022 | PASS | SKIPPED | PASS | PASS | SKIPPED |
+---------------------+-------------------------+--------------------+-------------------+----------------------+-------------------+
| Ubuntu 20.04 | SKIPPED | PASS | SKIPPED | SKIPPED | SKIPPED |
+---------------------+-------------------------+--------------------+-------------------+----------------------+-------------------+
| FreeBSD 14.2 | SKIPPED | FAIL | SKIPPED | SKIPPED | SKIPPED |
+---------------------+-------------------------+--------------------+-------------------+----------------------+-------------------+
| CentOS Stream 9 | SKIPPED | PASS | SKIPPED | SKIPPED | PASS |
+---------------------+-------------------------+--------------------+-------------------+----------------------+-------------------+
| CentOS Stream 10 | SKIPPED | PASS | SKIPPED | SKIPPED | SKIPPED |
+---------------------+-------------------------+--------------------+-------------------+----------------------+-------------------+
| Debian GNU/Linux 12 | SKIPPED | FAIL | SKIPPED | SKIPPED | WARN |
+---------------------+-------------------------+--------------------+-------------------+----------------------+-------------------+
==== 20 line log output for Debian GNU/Linux 12 (dpdk_compile_spdk): ====
--- Failed to get log output ---
==== End log output ====
Windows Server 2022
Kernel: 10.0.20348.2031
Compiler: clang 15.0.7, gcc 14.1.0 (MinGW), and MSVC VS 19.39.33521
Ubuntu 20.04
Kernel: 4.19
Compiler: gcc gcc (Ubuntu 9.4.0-1ubuntu1~20.04.2) 9.4.0
FreeBSD 14.2
Kernel: 14.2-RELEASE
Compiler: clang 18.1.6
CentOS Stream 9
Kernel: 5.15
Compiler: gcc gcc (GCC) 11.5.0 20240719 (Red Hat 11.5.0-11)
CentOS Stream 10
Kernel: 5.15
Compiler: gcc gcc (GCC) 14.2.1 20250110 (Red Hat 14.2.1-8)
Debian GNU/Linux 12
Kernel: 5.15
Compiler: gcc gcc (Debian 12.2.0-14+deb12u1) 12.2.0
To view detailed results, visit:
https://lab.dpdk.org/results/dashboard/patchsets/34185/
UNH-IOL DPDK Community Lab
To manage your email subscriptions, visit:
https://lab.dpdk.org/results/dashboard/preferences/subscriptions/
^ permalink raw reply [flat|nested] 42+ messages in thread
* |PENDING| pw157144-157146 [PATCH] [v1,3/3] app/test: add ML crypto t
[not found] <20250930180316.1021-4-gmuthukrishn@marvell.com>
` (29 preceding siblings ...)
2025-10-01 2:06 ` dpdklab
@ 2025-10-01 2:20 ` dpdklab
2025-10-01 2:36 ` |FAILURE| " dpdklab
` (10 subsequent siblings)
41 siblings, 0 replies; 42+ messages in thread
From: dpdklab @ 2025-10-01 2:20 UTC (permalink / raw)
To: Test Report; +Cc: dpdk-test-reports
Test-Label: iol-compile-arm64-testing
Test-Status: PENDING
http://dpdk.org/patch/157146
_Testing pending_
Submitter: Gowrishankar Muthukrishnan <gmuthukrishn@marvell.com>
Date: Tuesday, September 30 2025 18:03:13
DPDK git baseline: Repo:dpdk
Branch: master
CommitID:f3878b615e69a12087a6c5d212723478cfc79c31
157144-157146 --> testing pending
Upstream job id: Generic-DPDK-Compile-Meson#430189
Test environment and result as below:
+------------------------------+--------------------+
| Environment | dpdk_meson_compile |
+==============================+====================+
| Red Hat Enterprise Linux 9.5 | PEND |
+------------------------------+--------------------+
| Ubuntu 20.04 | PEND |
+------------------------------+--------------------+
| Debian GNU/Linux 12 | PEND |
+------------------------------+--------------------+
| Fedora Linux 42 | PEND |
+------------------------------+--------------------+
| Ubuntu 22.04 | PEND |
+------------------------------+--------------------+
| Ubuntu 24.04 | PEND |
+------------------------------+--------------------+
Red Hat Enterprise Linux 9.5
Kernel: 5.4
Compiler: gcc gcc (GCC) 11.5.0 20240719 (Red Hat 11.5.0-2)
Ubuntu 20.04
Kernel: 5.4
Compiler: gcc gcc (Ubuntu 9.4.0-1ubuntu1~20.04.2) 9.4.0
Debian GNU/Linux 12
Kernel: 5.4
Compiler: gcc gcc (Debian 12.2.0-14+deb12u1) 12.2.0
Fedora Linux 42
Kernel: 5.4
Compiler: clang gcc (GCC) 15.2.1 20250808 (Red Hat 15.2.1-1)
Ubuntu 22.04
Kernel: 5.4
Compiler: gcc gcc (Ubuntu 11.4.0-1ubuntu1~22.04) 11.4.0
Ubuntu 24.04
Kernel: 5.4
Compiler: gcc gcc (Ubuntu 13.3.0-6ubuntu2~24.04) 13.3.0
To view detailed results, visit:
https://lab.dpdk.org/results/dashboard/patchsets/34185/
UNH-IOL DPDK Community Lab
To manage your email subscriptions, visit:
https://lab.dpdk.org/results/dashboard/preferences/subscriptions/
^ permalink raw reply [flat|nested] 42+ messages in thread
* |FAILURE| pw157144-157146 [PATCH] [v1,3/3] app/test: add ML crypto t
[not found] <20250930180316.1021-4-gmuthukrishn@marvell.com>
` (30 preceding siblings ...)
2025-10-01 2:20 ` |PENDING| " dpdklab
@ 2025-10-01 2:36 ` dpdklab
2025-10-01 2:50 ` dpdklab
` (9 subsequent siblings)
41 siblings, 0 replies; 42+ messages in thread
From: dpdklab @ 2025-10-01 2:36 UTC (permalink / raw)
To: Test Report; +Cc: dpdk-test-reports, Gowrishankar Muthukrishnan
Test-Label: iol-compile-amd64-testing
Test-Status: FAILURE
http://dpdk.org/patch/157146
_Testing issues_
Submitter: Gowrishankar Muthukrishnan <gmuthukrishn@marvell.com>
Date: Tuesday, September 30 2025 18:03:13
DPDK git baseline: Repo:dpdk
Branch: master
CommitID:f3878b615e69a12087a6c5d212723478cfc79c31
157144-157146 --> testing issues
Upstream job id: Generic-DPDK-Compile-Meson#430204
Test environment and result as below:
+---------------------+-------------------------+--------------------+-------------------+----------------------+-------------------+------------------+
| Environment | dpdk_llvm_clang_compile | dpdk_meson_compile | dpdk_msvc_compile | dpdk_mingw64_compile | dpdk_compile_spdk | dpdk_compile_ovs |
+=====================+=========================+====================+===================+======================+===================+==================+
| Windows Server 2022 | PASS | SKIPPED | PASS | PASS | SKIPPED | SKIPPED |
+---------------------+-------------------------+--------------------+-------------------+----------------------+-------------------+------------------+
| Ubuntu 20.04 | SKIPPED | PASS | SKIPPED | SKIPPED | SKIPPED | SKIPPED |
+---------------------+-------------------------+--------------------+-------------------+----------------------+-------------------+------------------+
| FreeBSD 14.2 | SKIPPED | FAIL | SKIPPED | SKIPPED | SKIPPED | SKIPPED |
+---------------------+-------------------------+--------------------+-------------------+----------------------+-------------------+------------------+
| CentOS Stream 9 | SKIPPED | PASS | SKIPPED | SKIPPED | PASS | SKIPPED |
+---------------------+-------------------------+--------------------+-------------------+----------------------+-------------------+------------------+
| CentOS Stream 10 | SKIPPED | PASS | SKIPPED | SKIPPED | SKIPPED | SKIPPED |
+---------------------+-------------------------+--------------------+-------------------+----------------------+-------------------+------------------+
| Debian GNU/Linux 12 | SKIPPED | FAIL | SKIPPED | SKIPPED | WARN | SKIPPED |
+---------------------+-------------------------+--------------------+-------------------+----------------------+-------------------+------------------+
| Fedora Linux 42 | SKIPPED | FAIL | SKIPPED | SKIPPED | WARN | WARN |
+---------------------+-------------------------+--------------------+-------------------+----------------------+-------------------+------------------+
==== 20 line log output for Fedora Linux 42 (dpdk_compile_ovs): ====
--- Failed to get log output ---
==== End log output ====
Windows Server 2022
Kernel: 10.0.20348.2031
Compiler: clang 15.0.7, gcc 14.1.0 (MinGW), and MSVC VS 19.39.33521
Ubuntu 20.04
Kernel: 4.19
Compiler: gcc gcc (Ubuntu 9.4.0-1ubuntu1~20.04.2) 9.4.0
FreeBSD 14.2
Kernel: 14.2-RELEASE
Compiler: clang 18.1.6
CentOS Stream 9
Kernel: 5.15
Compiler: gcc gcc (GCC) 11.5.0 20240719 (Red Hat 11.5.0-11)
CentOS Stream 10
Kernel: 5.15
Compiler: gcc gcc (GCC) 14.2.1 20250110 (Red Hat 14.2.1-8)
Debian GNU/Linux 12
Kernel: 5.15
Compiler: gcc gcc (Debian 12.2.0-14+deb12u1) 12.2.0
Fedora Linux 42
Kernel: 5.15
Compiler: clang gcc (GCC) 15.2.1 20250808 (Red Hat 15.2.1-1)
To view detailed results, visit:
https://lab.dpdk.org/results/dashboard/patchsets/34185/
UNH-IOL DPDK Community Lab
To manage your email subscriptions, visit:
https://lab.dpdk.org/results/dashboard/preferences/subscriptions/
^ permalink raw reply [flat|nested] 42+ messages in thread
* |FAILURE| pw157144-157146 [PATCH] [v1,3/3] app/test: add ML crypto t
[not found] <20250930180316.1021-4-gmuthukrishn@marvell.com>
` (31 preceding siblings ...)
2025-10-01 2:36 ` |FAILURE| " dpdklab
@ 2025-10-01 2:50 ` dpdklab
2025-10-01 3:44 ` dpdklab
` (8 subsequent siblings)
41 siblings, 0 replies; 42+ messages in thread
From: dpdklab @ 2025-10-01 2:50 UTC (permalink / raw)
To: Test Report; +Cc: dpdk-test-reports, Gowrishankar Muthukrishnan
Test-Label: iol-compile-amd64-testing
Test-Status: FAILURE
http://dpdk.org/patch/157146
_Testing issues_
Submitter: Gowrishankar Muthukrishnan <gmuthukrishn@marvell.com>
Date: Tuesday, September 30 2025 18:03:13
DPDK git baseline: Repo:dpdk
Branch: master
CommitID:f3878b615e69a12087a6c5d212723478cfc79c31
157144-157146 --> testing issues
Upstream job id: Generic-DPDK-Compile-Meson#430207
Test environment and result as below:
+---------------------+-------------------------+--------------------+-------------------+----------------------+-------------------+------------------+
| Environment | dpdk_llvm_clang_compile | dpdk_meson_compile | dpdk_msvc_compile | dpdk_mingw64_compile | dpdk_compile_spdk | dpdk_compile_ovs |
+=====================+=========================+====================+===================+======================+===================+==================+
| Windows Server 2022 | PASS | SKIPPED | PASS | PASS | SKIPPED | SKIPPED |
+---------------------+-------------------------+--------------------+-------------------+----------------------+-------------------+------------------+
| Ubuntu 20.04 | SKIPPED | PASS | SKIPPED | SKIPPED | SKIPPED | SKIPPED |
+---------------------+-------------------------+--------------------+-------------------+----------------------+-------------------+------------------+
| FreeBSD 14.2 | SKIPPED | FAIL | SKIPPED | SKIPPED | SKIPPED | SKIPPED |
+---------------------+-------------------------+--------------------+-------------------+----------------------+-------------------+------------------+
| CentOS Stream 9 | SKIPPED | PASS | SKIPPED | SKIPPED | PASS | SKIPPED |
+---------------------+-------------------------+--------------------+-------------------+----------------------+-------------------+------------------+
| CentOS Stream 10 | SKIPPED | PASS | SKIPPED | SKIPPED | SKIPPED | SKIPPED |
+---------------------+-------------------------+--------------------+-------------------+----------------------+-------------------+------------------+
| Debian GNU/Linux 12 | SKIPPED | FAIL | SKIPPED | SKIPPED | WARN | SKIPPED |
+---------------------+-------------------------+--------------------+-------------------+----------------------+-------------------+------------------+
| Fedora Linux 42 | SKIPPED | FAIL | SKIPPED | SKIPPED | WARN | WARN |
+---------------------+-------------------------+--------------------+-------------------+----------------------+-------------------+------------------+
==== 20 line log output for Fedora Linux 42 (dpdk_compile_ovs): ====
--- Failed to get log output ---
==== End log output ====
Windows Server 2022
Kernel: 10.0.20348.2031
Compiler: clang 15.0.7, gcc 14.1.0 (MinGW), and MSVC VS 19.39.33521
Ubuntu 20.04
Kernel: 4.19
Compiler: gcc gcc (Ubuntu 9.4.0-1ubuntu1~20.04.2) 9.4.0
FreeBSD 14.2
Kernel: 14.2-RELEASE
Compiler: clang 18.1.6
CentOS Stream 9
Kernel: 5.15
Compiler: gcc gcc (GCC) 11.5.0 20240719 (Red Hat 11.5.0-11)
CentOS Stream 10
Kernel: 5.15
Compiler: gcc gcc (GCC) 14.2.1 20250110 (Red Hat 14.2.1-8)
Debian GNU/Linux 12
Kernel: 5.15
Compiler: gcc gcc (Debian 12.2.0-14+deb12u1) 12.2.0
Fedora Linux 42
Kernel: 5.15
Compiler: clang gcc (GCC) 15.2.1 20250808 (Red Hat 15.2.1-1)
To view detailed results, visit:
https://lab.dpdk.org/results/dashboard/patchsets/34185/
UNH-IOL DPDK Community Lab
To manage your email subscriptions, visit:
https://lab.dpdk.org/results/dashboard/preferences/subscriptions/
^ permalink raw reply [flat|nested] 42+ messages in thread
* |FAILURE| pw157144-157146 [PATCH] [v1,3/3] app/test: add ML crypto t
[not found] <20250930180316.1021-4-gmuthukrishn@marvell.com>
` (32 preceding siblings ...)
2025-10-01 2:50 ` dpdklab
@ 2025-10-01 3:44 ` dpdklab
2025-10-01 4:02 ` dpdklab
` (7 subsequent siblings)
41 siblings, 0 replies; 42+ messages in thread
From: dpdklab @ 2025-10-01 3:44 UTC (permalink / raw)
To: Test Report; +Cc: dpdk-test-reports, Gowrishankar Muthukrishnan
Test-Label: iol-compile-amd64-testing
Test-Status: FAILURE
http://dpdk.org/patch/157146
_Testing issues_
Submitter: Gowrishankar Muthukrishnan <gmuthukrishn@marvell.com>
Date: Tuesday, September 30 2025 18:03:13
DPDK git baseline: Repo:dpdk
Branch: master
CommitID:f3878b615e69a12087a6c5d212723478cfc79c31
157144-157146 --> testing issues
Upstream job id: Generic-DPDK-Compile-Meson#430210
Test environment and result as below:
+---------------------+-------------------------+--------------------+-------------------+----------------------+-------------------+------------------+
| Environment | dpdk_llvm_clang_compile | dpdk_meson_compile | dpdk_msvc_compile | dpdk_mingw64_compile | dpdk_compile_spdk | dpdk_compile_ovs |
+=====================+=========================+====================+===================+======================+===================+==================+
| Windows Server 2022 | PASS | SKIPPED | PASS | PASS | SKIPPED | SKIPPED |
+---------------------+-------------------------+--------------------+-------------------+----------------------+-------------------+------------------+
| Ubuntu 20.04 | SKIPPED | PASS | SKIPPED | SKIPPED | SKIPPED | SKIPPED |
+---------------------+-------------------------+--------------------+-------------------+----------------------+-------------------+------------------+
| FreeBSD 14.2 | SKIPPED | FAIL | SKIPPED | SKIPPED | SKIPPED | SKIPPED |
+---------------------+-------------------------+--------------------+-------------------+----------------------+-------------------+------------------+
| CentOS Stream 9 | SKIPPED | PASS | SKIPPED | SKIPPED | PASS | SKIPPED |
+---------------------+-------------------------+--------------------+-------------------+----------------------+-------------------+------------------+
| CentOS Stream 10 | SKIPPED | PASS | SKIPPED | SKIPPED | SKIPPED | SKIPPED |
+---------------------+-------------------------+--------------------+-------------------+----------------------+-------------------+------------------+
| Debian GNU/Linux 12 | SKIPPED | FAIL | SKIPPED | SKIPPED | WARN | SKIPPED |
+---------------------+-------------------------+--------------------+-------------------+----------------------+-------------------+------------------+
| Fedora Linux 42 | SKIPPED | FAIL | SKIPPED | SKIPPED | WARN | WARN |
+---------------------+-------------------------+--------------------+-------------------+----------------------+-------------------+------------------+
| openSUSE Leap 15.6 | SKIPPED | FAIL | SKIPPED | SKIPPED | SKIPPED | SKIPPED |
+---------------------+-------------------------+--------------------+-------------------+----------------------+-------------------+------------------+
==== 20 line log output for openSUSE Leap 15.6 (dpdk_meson_compile): ====
../drivers/crypto/openssl/rte_openssl_pmd.c: In function 'process_asym_op':
../drivers/crypto/openssl/rte_openssl_pmd.c:4313:26: error: implicit declaration of function 'process_openssl_mlkem_op'; did you mean 'process_openssl_mlkem_op_evp'? [-Wimplicit-function-declaration]
4313 | retval = process_openssl_mlkem_op(op, sess);
| ^~~~~~~~~~~~~~~~~~~~~~~~
| process_openssl_mlkem_op_evp
../drivers/crypto/openssl/rte_openssl_pmd.c:4313:26: error: nested extern declaration of 'process_openssl_mlkem_op' [-Werror=nested-externs]
../drivers/crypto/openssl/rte_openssl_pmd.c:4320:26: error: implicit declaration of function 'process_openssl_mldsa_op'; did you mean 'process_openssl_mldsa_op_evp'? [-Wimplicit-function-declaration]
4320 | retval = process_openssl_mldsa_op(op, sess);
| ^~~~~~~~~~~~~~~~~~~~~~~~
| process_openssl_mldsa_op_evp
../drivers/crypto/openssl/rte_openssl_pmd.c:4320:26: error: nested extern declaration of 'process_openssl_mldsa_op' [-Werror=nested-externs]
../drivers/crypto/openssl/rte_openssl_pmd.c: At top level:
../drivers/crypto/openssl/rte_openssl_pmd.c:4070:1: error: 'process_openssl_mldsa_op_evp' defined but not used [-Werror=unused-function]
4070 | process_openssl_mldsa_op_evp(struct rte_crypto_op *cop,
| ^~~~~~~~~~~~~~~~~~~~~~~~~~~~
../drivers/crypto/openssl/rte_openssl_pmd.c:3601:1: error: 'process_openssl_mlkem_op_evp' defined but not used [-Werror=unused-function]
3601 | process_openssl_mlkem_op_evp(struct rte_crypto_op *cop,
| ^~~~~~~~~~~~~~~~~~~~~~~~~~~~
cc1: all warnings being treated as errors
ninja: build stopped: subcommand failed.
==== End log output ====
Windows Server 2022
Kernel: 10.0.20348.2031
Compiler: clang 15.0.7, gcc 14.1.0 (MinGW), and MSVC VS 19.39.33521
Ubuntu 20.04
Kernel: 4.19
Compiler: gcc gcc (Ubuntu 9.4.0-1ubuntu1~20.04.2) 9.4.0
FreeBSD 14.2
Kernel: 14.2-RELEASE
Compiler: clang 18.1.6
CentOS Stream 9
Kernel: 5.15
Compiler: gcc gcc (GCC) 11.5.0 20240719 (Red Hat 11.5.0-11)
CentOS Stream 10
Kernel: 5.15
Compiler: gcc gcc (GCC) 14.2.1 20250110 (Red Hat 14.2.1-8)
Debian GNU/Linux 12
Kernel: 5.15
Compiler: gcc gcc (Debian 12.2.0-14+deb12u1) 12.2.0
Fedora Linux 42
Kernel: 5.15
Compiler: clang gcc (GCC) 15.2.1 20250808 (Red Hat 15.2.1-1)
openSUSE Leap 15.6
Kernel: 5.15
Compiler: gcc gcc (SUSE Linux) 7.5.0
To view detailed results, visit:
https://lab.dpdk.org/results/dashboard/patchsets/34185/
UNH-IOL DPDK Community Lab
To manage your email subscriptions, visit:
https://lab.dpdk.org/results/dashboard/preferences/subscriptions/
^ permalink raw reply [flat|nested] 42+ messages in thread
* |FAILURE| pw157144-157146 [PATCH] [v1,3/3] app/test: add ML crypto t
[not found] <20250930180316.1021-4-gmuthukrishn@marvell.com>
` (33 preceding siblings ...)
2025-10-01 3:44 ` dpdklab
@ 2025-10-01 4:02 ` dpdklab
2025-10-01 4:18 ` dpdklab
` (6 subsequent siblings)
41 siblings, 0 replies; 42+ messages in thread
From: dpdklab @ 2025-10-01 4:02 UTC (permalink / raw)
To: Test Report; +Cc: dpdk-test-reports, Gowrishankar Muthukrishnan
Test-Label: iol-compile-amd64-testing
Test-Status: FAILURE
http://dpdk.org/patch/157146
_Testing issues_
Submitter: Gowrishankar Muthukrishnan <gmuthukrishn@marvell.com>
Date: Tuesday, September 30 2025 18:03:13
DPDK git baseline: Repo:dpdk
Branch: master
CommitID:f3878b615e69a12087a6c5d212723478cfc79c31
157144-157146 --> testing issues
Upstream job id: Generic-DPDK-Compile-Meson#430212
Test environment and result as below:
+-------------------------------+-------------------------+--------------------+-------------------+----------------------+-------------------+------------------+
| Environment | dpdk_llvm_clang_compile | dpdk_meson_compile | dpdk_msvc_compile | dpdk_mingw64_compile | dpdk_compile_spdk | dpdk_compile_ovs |
+===============================+=========================+====================+===================+======================+===================+==================+
| Windows Server 2022 | PASS | SKIPPED | PASS | PASS | SKIPPED | SKIPPED |
+-------------------------------+-------------------------+--------------------+-------------------+----------------------+-------------------+------------------+
| Ubuntu 20.04 | SKIPPED | PASS | SKIPPED | SKIPPED | SKIPPED | SKIPPED |
+-------------------------------+-------------------------+--------------------+-------------------+----------------------+-------------------+------------------+
| FreeBSD 14.2 | SKIPPED | FAIL | SKIPPED | SKIPPED | SKIPPED | SKIPPED |
+-------------------------------+-------------------------+--------------------+-------------------+----------------------+-------------------+------------------+
| CentOS Stream 9 | SKIPPED | PASS | SKIPPED | SKIPPED | PASS | SKIPPED |
+-------------------------------+-------------------------+--------------------+-------------------+----------------------+-------------------+------------------+
| CentOS Stream 10 | SKIPPED | PASS | SKIPPED | SKIPPED | SKIPPED | SKIPPED |
+-------------------------------+-------------------------+--------------------+-------------------+----------------------+-------------------+------------------+
| Debian GNU/Linux 12 | SKIPPED | FAIL | SKIPPED | SKIPPED | WARN | SKIPPED |
+-------------------------------+-------------------------+--------------------+-------------------+----------------------+-------------------+------------------+
| Fedora Linux 42 | SKIPPED | FAIL | SKIPPED | SKIPPED | WARN | WARN |
+-------------------------------+-------------------------+--------------------+-------------------+----------------------+-------------------+------------------+
| openSUSE Leap 15.6 | SKIPPED | FAIL | SKIPPED | SKIPPED | SKIPPED | SKIPPED |
+-------------------------------+-------------------------+--------------------+-------------------+----------------------+-------------------+------------------+
| Red Hat Enterprise Linux 8.10 | SKIPPED | PASS | SKIPPED | SKIPPED | SKIPPED | SKIPPED |
+-------------------------------+-------------------------+--------------------+-------------------+----------------------+-------------------+------------------+
==== 20 line log output for openSUSE Leap 15.6 (dpdk_meson_compile): ====
../drivers/crypto/openssl/rte_openssl_pmd.c: In function 'process_asym_op':
../drivers/crypto/openssl/rte_openssl_pmd.c:4313:26: error: implicit declaration of function 'process_openssl_mlkem_op'; did you mean 'process_openssl_mlkem_op_evp'? [-Wimplicit-function-declaration]
4313 | retval = process_openssl_mlkem_op(op, sess);
| ^~~~~~~~~~~~~~~~~~~~~~~~
| process_openssl_mlkem_op_evp
../drivers/crypto/openssl/rte_openssl_pmd.c:4313:26: error: nested extern declaration of 'process_openssl_mlkem_op' [-Werror=nested-externs]
../drivers/crypto/openssl/rte_openssl_pmd.c:4320:26: error: implicit declaration of function 'process_openssl_mldsa_op'; did you mean 'process_openssl_mldsa_op_evp'? [-Wimplicit-function-declaration]
4320 | retval = process_openssl_mldsa_op(op, sess);
| ^~~~~~~~~~~~~~~~~~~~~~~~
| process_openssl_mldsa_op_evp
../drivers/crypto/openssl/rte_openssl_pmd.c:4320:26: error: nested extern declaration of 'process_openssl_mldsa_op' [-Werror=nested-externs]
../drivers/crypto/openssl/rte_openssl_pmd.c: At top level:
../drivers/crypto/openssl/rte_openssl_pmd.c:4070:1: error: 'process_openssl_mldsa_op_evp' defined but not used [-Werror=unused-function]
4070 | process_openssl_mldsa_op_evp(struct rte_crypto_op *cop,
| ^~~~~~~~~~~~~~~~~~~~~~~~~~~~
../drivers/crypto/openssl/rte_openssl_pmd.c:3601:1: error: 'process_openssl_mlkem_op_evp' defined but not used [-Werror=unused-function]
3601 | process_openssl_mlkem_op_evp(struct rte_crypto_op *cop,
| ^~~~~~~~~~~~~~~~~~~~~~~~~~~~
cc1: all warnings being treated as errors
ninja: build stopped: subcommand failed.
==== End log output ====
Windows Server 2022
Kernel: 10.0.20348.2031
Compiler: clang 15.0.7, gcc 14.1.0 (MinGW), and MSVC VS 19.39.33521
Ubuntu 20.04
Kernel: 4.19
Compiler: gcc gcc (Ubuntu 9.4.0-1ubuntu1~20.04.2) 9.4.0
FreeBSD 14.2
Kernel: 14.2-RELEASE
Compiler: clang 18.1.6
CentOS Stream 9
Kernel: 5.15
Compiler: gcc gcc (GCC) 11.5.0 20240719 (Red Hat 11.5.0-11)
CentOS Stream 10
Kernel: 5.15
Compiler: gcc gcc (GCC) 14.2.1 20250110 (Red Hat 14.2.1-8)
Debian GNU/Linux 12
Kernel: 5.15
Compiler: gcc gcc (Debian 12.2.0-14+deb12u1) 12.2.0
Fedora Linux 42
Kernel: 5.15
Compiler: clang gcc (GCC) 15.2.1 20250808 (Red Hat 15.2.1-1)
openSUSE Leap 15.6
Kernel: 5.15
Compiler: gcc gcc (SUSE Linux) 7.5.0
Red Hat Enterprise Linux 8.10
Kernel: 5.15
Compiler: gcc gcc (GCC) 8.5.0 20210514 (Red Hat 8.5.0-22)
To view detailed results, visit:
https://lab.dpdk.org/results/dashboard/patchsets/34185/
UNH-IOL DPDK Community Lab
To manage your email subscriptions, visit:
https://lab.dpdk.org/results/dashboard/preferences/subscriptions/
^ permalink raw reply [flat|nested] 42+ messages in thread
* |FAILURE| pw157144-157146 [PATCH] [v1,3/3] app/test: add ML crypto t
[not found] <20250930180316.1021-4-gmuthukrishn@marvell.com>
` (34 preceding siblings ...)
2025-10-01 4:02 ` dpdklab
@ 2025-10-01 4:18 ` dpdklab
2025-10-01 4:45 ` dpdklab
` (5 subsequent siblings)
41 siblings, 0 replies; 42+ messages in thread
From: dpdklab @ 2025-10-01 4:18 UTC (permalink / raw)
To: Test Report; +Cc: dpdk-test-reports, Gowrishankar Muthukrishnan
Test-Label: iol-compile-amd64-testing
Test-Status: FAILURE
http://dpdk.org/patch/157146
_Testing issues_
Submitter: Gowrishankar Muthukrishnan <gmuthukrishn@marvell.com>
Date: Tuesday, September 30 2025 18:03:13
DPDK git baseline: Repo:dpdk
Branch: master
CommitID:f3878b615e69a12087a6c5d212723478cfc79c31
157144-157146 --> testing issues
Upstream job id: Generic-DPDK-Compile-Meson#430215
Test environment and result as below:
+-------------------------------+-------------------------+--------------------+-------------------+----------------------+-------------------+------------------+
| Environment | dpdk_llvm_clang_compile | dpdk_meson_compile | dpdk_msvc_compile | dpdk_mingw64_compile | dpdk_compile_spdk | dpdk_compile_ovs |
+===============================+=========================+====================+===================+======================+===================+==================+
| Windows Server 2022 | PASS | SKIPPED | PASS | PASS | SKIPPED | SKIPPED |
+-------------------------------+-------------------------+--------------------+-------------------+----------------------+-------------------+------------------+
| Ubuntu 20.04 | SKIPPED | PASS | SKIPPED | SKIPPED | SKIPPED | SKIPPED |
+-------------------------------+-------------------------+--------------------+-------------------+----------------------+-------------------+------------------+
| FreeBSD 14.2 | SKIPPED | FAIL | SKIPPED | SKIPPED | SKIPPED | SKIPPED |
+-------------------------------+-------------------------+--------------------+-------------------+----------------------+-------------------+------------------+
| CentOS Stream 9 | SKIPPED | PASS | SKIPPED | SKIPPED | PASS | SKIPPED |
+-------------------------------+-------------------------+--------------------+-------------------+----------------------+-------------------+------------------+
| CentOS Stream 10 | SKIPPED | PASS | SKIPPED | SKIPPED | SKIPPED | SKIPPED |
+-------------------------------+-------------------------+--------------------+-------------------+----------------------+-------------------+------------------+
| Debian GNU/Linux 12 | SKIPPED | FAIL | SKIPPED | SKIPPED | WARN | SKIPPED |
+-------------------------------+-------------------------+--------------------+-------------------+----------------------+-------------------+------------------+
| Fedora Linux 42 | SKIPPED | FAIL | SKIPPED | SKIPPED | WARN | WARN |
+-------------------------------+-------------------------+--------------------+-------------------+----------------------+-------------------+------------------+
| openSUSE Leap 15.6 | SKIPPED | FAIL | SKIPPED | SKIPPED | SKIPPED | SKIPPED |
+-------------------------------+-------------------------+--------------------+-------------------+----------------------+-------------------+------------------+
| Red Hat Enterprise Linux 8.10 | SKIPPED | PASS | SKIPPED | SKIPPED | SKIPPED | SKIPPED |
+-------------------------------+-------------------------+--------------------+-------------------+----------------------+-------------------+------------------+
| Red Hat Enterprise Linux 9.5 | SKIPPED | FAIL | SKIPPED | SKIPPED | SKIPPED | SKIPPED |
+-------------------------------+-------------------------+--------------------+-------------------+----------------------+-------------------+------------------+
==== 20 line log output for Red Hat Enterprise Linux 9.5 (dpdk_meson_compile): ====
../drivers/crypto/openssl/rte_openssl_pmd.c: In function 'process_asym_op':
../drivers/crypto/openssl/rte_openssl_pmd.c:4313:26: error: implicit declaration of function 'process_openssl_mlkem_op'; did you mean 'process_openssl_mlkem_op_evp'? [-Werror=implicit-function-declaration]
4313 | retval = process_openssl_mlkem_op(op, sess);
| ^~~~~~~~~~~~~~~~~~~~~~~~
| process_openssl_mlkem_op_evp
../drivers/crypto/openssl/rte_openssl_pmd.c:4313:26: error: nested extern declaration of 'process_openssl_mlkem_op' [-Werror=nested-externs]
../drivers/crypto/openssl/rte_openssl_pmd.c:4320:26: error: implicit declaration of function 'process_openssl_mldsa_op'; did you mean 'process_openssl_mldsa_op_evp'? [-Werror=implicit-function-declaration]
4320 | retval = process_openssl_mldsa_op(op, sess);
| ^~~~~~~~~~~~~~~~~~~~~~~~
| process_openssl_mldsa_op_evp
../drivers/crypto/openssl/rte_openssl_pmd.c:4320:26: error: nested extern declaration of 'process_openssl_mldsa_op' [-Werror=nested-externs]
At top level:
../drivers/crypto/openssl/rte_openssl_pmd.c:4070:1: error: 'process_openssl_mldsa_op_evp' defined but not used [-Werror=unused-function]
4070 | process_openssl_mldsa_op_evp(struct rte_crypto_op *cop,
| ^~~~~~~~~~~~~~~~~~~~~~~~~~~~
../drivers/crypto/openssl/rte_openssl_pmd.c:3601:1: error: 'process_openssl_mlkem_op_evp' defined but not used [-Werror=unused-function]
3601 | process_openssl_mlkem_op_evp(struct rte_crypto_op *cop,
| ^~~~~~~~~~~~~~~~~~~~~~~~~~~~
cc1: all warnings being treated as errors
ninja: build stopped: subcommand failed.
==== End log output ====
Windows Server 2022
Kernel: 10.0.20348.2031
Compiler: clang 15.0.7, gcc 14.1.0 (MinGW), and MSVC VS 19.39.33521
Ubuntu 20.04
Kernel: 4.19
Compiler: gcc gcc (Ubuntu 9.4.0-1ubuntu1~20.04.2) 9.4.0
FreeBSD 14.2
Kernel: 14.2-RELEASE
Compiler: clang 18.1.6
CentOS Stream 9
Kernel: 5.15
Compiler: gcc gcc (GCC) 11.5.0 20240719 (Red Hat 11.5.0-11)
CentOS Stream 10
Kernel: 5.15
Compiler: gcc gcc (GCC) 14.2.1 20250110 (Red Hat 14.2.1-8)
Debian GNU/Linux 12
Kernel: 5.15
Compiler: gcc gcc (Debian 12.2.0-14+deb12u1) 12.2.0
Fedora Linux 42
Kernel: 5.15
Compiler: clang gcc (GCC) 15.2.1 20250808 (Red Hat 15.2.1-1)
openSUSE Leap 15.6
Kernel: 5.15
Compiler: gcc gcc (SUSE Linux) 7.5.0
Red Hat Enterprise Linux 8.10
Kernel: 5.15
Compiler: gcc gcc (GCC) 8.5.0 20210514 (Red Hat 8.5.0-22)
Red Hat Enterprise Linux 9.5
Kernel: 5.15
Compiler: gcc gcc (GCC) 11.5.0 20240719 (Red Hat 11.5.0-2)
To view detailed results, visit:
https://lab.dpdk.org/results/dashboard/patchsets/34185/
UNH-IOL DPDK Community Lab
To manage your email subscriptions, visit:
https://lab.dpdk.org/results/dashboard/preferences/subscriptions/
^ permalink raw reply [flat|nested] 42+ messages in thread
* |FAILURE| pw157144-157146 [PATCH] [v1,3/3] app/test: add ML crypto t
[not found] <20250930180316.1021-4-gmuthukrishn@marvell.com>
` (35 preceding siblings ...)
2025-10-01 4:18 ` dpdklab
@ 2025-10-01 4:45 ` dpdklab
2025-10-01 5:35 ` dpdklab
` (4 subsequent siblings)
41 siblings, 0 replies; 42+ messages in thread
From: dpdklab @ 2025-10-01 4:45 UTC (permalink / raw)
To: Test Report; +Cc: dpdk-test-reports, Gowrishankar Muthukrishnan
Test-Label: iol-compile-amd64-testing
Test-Status: FAILURE
http://dpdk.org/patch/157146
_Testing issues_
Submitter: Gowrishankar Muthukrishnan <gmuthukrishn@marvell.com>
Date: Tuesday, September 30 2025 18:03:13
DPDK git baseline: Repo:dpdk
Branch: master
CommitID:f3878b615e69a12087a6c5d212723478cfc79c31
157144-157146 --> testing issues
Upstream job id: Generic-DPDK-Compile-Meson#430218
Test environment and result as below:
+-------------------------------+-------------------------+--------------------+-------------------+----------------------+-------------------+------------------+
| Environment | dpdk_llvm_clang_compile | dpdk_meson_compile | dpdk_msvc_compile | dpdk_mingw64_compile | dpdk_compile_spdk | dpdk_compile_ovs |
+===============================+=========================+====================+===================+======================+===================+==================+
| Windows Server 2022 | PASS | SKIPPED | PASS | PASS | SKIPPED | SKIPPED |
+-------------------------------+-------------------------+--------------------+-------------------+----------------------+-------------------+------------------+
| Ubuntu 20.04 | SKIPPED | PASS | SKIPPED | SKIPPED | SKIPPED | SKIPPED |
+-------------------------------+-------------------------+--------------------+-------------------+----------------------+-------------------+------------------+
| FreeBSD 14.2 | SKIPPED | FAIL | SKIPPED | SKIPPED | SKIPPED | SKIPPED |
+-------------------------------+-------------------------+--------------------+-------------------+----------------------+-------------------+------------------+
| CentOS Stream 9 | SKIPPED | PASS | SKIPPED | SKIPPED | PASS | SKIPPED |
+-------------------------------+-------------------------+--------------------+-------------------+----------------------+-------------------+------------------+
| CentOS Stream 10 | SKIPPED | PASS | SKIPPED | SKIPPED | SKIPPED | SKIPPED |
+-------------------------------+-------------------------+--------------------+-------------------+----------------------+-------------------+------------------+
| Debian GNU/Linux 12 | SKIPPED | FAIL | SKIPPED | SKIPPED | WARN | SKIPPED |
+-------------------------------+-------------------------+--------------------+-------------------+----------------------+-------------------+------------------+
| Fedora Linux 42 | SKIPPED | FAIL | SKIPPED | SKIPPED | WARN | WARN |
+-------------------------------+-------------------------+--------------------+-------------------+----------------------+-------------------+------------------+
| openSUSE Leap 15.6 | SKIPPED | FAIL | SKIPPED | SKIPPED | SKIPPED | SKIPPED |
+-------------------------------+-------------------------+--------------------+-------------------+----------------------+-------------------+------------------+
| Red Hat Enterprise Linux 8.10 | SKIPPED | PASS | SKIPPED | SKIPPED | SKIPPED | SKIPPED |
+-------------------------------+-------------------------+--------------------+-------------------+----------------------+-------------------+------------------+
| Red Hat Enterprise Linux 9.5 | SKIPPED | FAIL | SKIPPED | SKIPPED | SKIPPED | SKIPPED |
+-------------------------------+-------------------------+--------------------+-------------------+----------------------+-------------------+------------------+
==== 20 line log output for Red Hat Enterprise Linux 9.5 (dpdk_meson_compile): ====
../drivers/crypto/openssl/rte_openssl_pmd.c: In function 'process_asym_op':
../drivers/crypto/openssl/rte_openssl_pmd.c:4313:26: error: implicit declaration of function 'process_openssl_mlkem_op'; did you mean 'process_openssl_mlkem_op_evp'? [-Werror=implicit-function-declaration]
4313 | retval = process_openssl_mlkem_op(op, sess);
| ^~~~~~~~~~~~~~~~~~~~~~~~
| process_openssl_mlkem_op_evp
../drivers/crypto/openssl/rte_openssl_pmd.c:4313:26: error: nested extern declaration of 'process_openssl_mlkem_op' [-Werror=nested-externs]
../drivers/crypto/openssl/rte_openssl_pmd.c:4320:26: error: implicit declaration of function 'process_openssl_mldsa_op'; did you mean 'process_openssl_mldsa_op_evp'? [-Werror=implicit-function-declaration]
4320 | retval = process_openssl_mldsa_op(op, sess);
| ^~~~~~~~~~~~~~~~~~~~~~~~
| process_openssl_mldsa_op_evp
../drivers/crypto/openssl/rte_openssl_pmd.c:4320:26: error: nested extern declaration of 'process_openssl_mldsa_op' [-Werror=nested-externs]
At top level:
../drivers/crypto/openssl/rte_openssl_pmd.c:4070:1: error: 'process_openssl_mldsa_op_evp' defined but not used [-Werror=unused-function]
4070 | process_openssl_mldsa_op_evp(struct rte_crypto_op *cop,
| ^~~~~~~~~~~~~~~~~~~~~~~~~~~~
../drivers/crypto/openssl/rte_openssl_pmd.c:3601:1: error: 'process_openssl_mlkem_op_evp' defined but not used [-Werror=unused-function]
3601 | process_openssl_mlkem_op_evp(struct rte_crypto_op *cop,
| ^~~~~~~~~~~~~~~~~~~~~~~~~~~~
cc1: all warnings being treated as errors
ninja: build stopped: subcommand failed.
==== End log output ====
Windows Server 2022
Kernel: 10.0.20348.2031
Compiler: clang 15.0.7, gcc 14.1.0 (MinGW), and MSVC VS 19.39.33521
Ubuntu 20.04
Kernel: 4.19
Compiler: gcc gcc (Ubuntu 9.4.0-1ubuntu1~20.04.2) 9.4.0
FreeBSD 14.2
Kernel: 14.2-RELEASE
Compiler: clang 18.1.6
CentOS Stream 9
Kernel: 5.15
Compiler: gcc gcc (GCC) 11.5.0 20240719 (Red Hat 11.5.0-11)
CentOS Stream 10
Kernel: 5.15
Compiler: gcc gcc (GCC) 14.2.1 20250110 (Red Hat 14.2.1-8)
Debian GNU/Linux 12
Kernel: 5.15
Compiler: gcc gcc (Debian 12.2.0-14+deb12u1) 12.2.0
Fedora Linux 42
Kernel: 5.15
Compiler: clang gcc (GCC) 15.2.1 20250808 (Red Hat 15.2.1-1)
openSUSE Leap 15.6
Kernel: 5.15
Compiler: gcc gcc (SUSE Linux) 7.5.0
Red Hat Enterprise Linux 8.10
Kernel: 5.15
Compiler: gcc gcc (GCC) 8.5.0 20210514 (Red Hat 8.5.0-22)
Red Hat Enterprise Linux 9.5
Kernel: 5.15
Compiler: gcc gcc (GCC) 11.5.0 20240719 (Red Hat 11.5.0-2)
To view detailed results, visit:
https://lab.dpdk.org/results/dashboard/patchsets/34185/
UNH-IOL DPDK Community Lab
To manage your email subscriptions, visit:
https://lab.dpdk.org/results/dashboard/preferences/subscriptions/
^ permalink raw reply [flat|nested] 42+ messages in thread
* |FAILURE| pw157144-157146 [PATCH] [v1,3/3] app/test: add ML crypto t
[not found] <20250930180316.1021-4-gmuthukrishn@marvell.com>
` (36 preceding siblings ...)
2025-10-01 4:45 ` dpdklab
@ 2025-10-01 5:35 ` dpdklab
2025-10-01 9:06 ` dpdklab
` (3 subsequent siblings)
41 siblings, 0 replies; 42+ messages in thread
From: dpdklab @ 2025-10-01 5:35 UTC (permalink / raw)
To: Test Report; +Cc: dpdk-test-reports, Gowrishankar Muthukrishnan
Test-Label: iol-compile-amd64-testing
Test-Status: FAILURE
http://dpdk.org/patch/157146
_Testing issues_
Submitter: Gowrishankar Muthukrishnan <gmuthukrishn@marvell.com>
Date: Tuesday, September 30 2025 18:03:13
DPDK git baseline: Repo:dpdk
Branch: master
CommitID:f3878b615e69a12087a6c5d212723478cfc79c31
157144-157146 --> testing issues
Upstream job id: Generic-DPDK-Compile-Meson#430225
Test environment and result as below:
+-------------------------------+-------------------------+--------------------+-------------------+----------------------+-------------------+------------------+
| Environment | dpdk_llvm_clang_compile | dpdk_meson_compile | dpdk_msvc_compile | dpdk_mingw64_compile | dpdk_compile_spdk | dpdk_compile_ovs |
+===============================+=========================+====================+===================+======================+===================+==================+
| Windows Server 2022 | PASS | SKIPPED | PASS | PASS | SKIPPED | SKIPPED |
+-------------------------------+-------------------------+--------------------+-------------------+----------------------+-------------------+------------------+
| Ubuntu 20.04 | SKIPPED | PASS | SKIPPED | SKIPPED | SKIPPED | SKIPPED |
+-------------------------------+-------------------------+--------------------+-------------------+----------------------+-------------------+------------------+
| FreeBSD 14.2 | SKIPPED | FAIL | SKIPPED | SKIPPED | SKIPPED | SKIPPED |
+-------------------------------+-------------------------+--------------------+-------------------+----------------------+-------------------+------------------+
| CentOS Stream 9 | SKIPPED | PASS | SKIPPED | SKIPPED | PASS | SKIPPED |
+-------------------------------+-------------------------+--------------------+-------------------+----------------------+-------------------+------------------+
| CentOS Stream 10 | SKIPPED | PASS | SKIPPED | SKIPPED | SKIPPED | SKIPPED |
+-------------------------------+-------------------------+--------------------+-------------------+----------------------+-------------------+------------------+
| Debian GNU/Linux 12 | SKIPPED | FAIL | SKIPPED | SKIPPED | WARN | SKIPPED |
+-------------------------------+-------------------------+--------------------+-------------------+----------------------+-------------------+------------------+
| Fedora Linux 42 | SKIPPED | FAIL | SKIPPED | SKIPPED | WARN | WARN |
+-------------------------------+-------------------------+--------------------+-------------------+----------------------+-------------------+------------------+
| openSUSE Leap 15.6 | SKIPPED | FAIL | SKIPPED | SKIPPED | SKIPPED | SKIPPED |
+-------------------------------+-------------------------+--------------------+-------------------+----------------------+-------------------+------------------+
| Red Hat Enterprise Linux 8.10 | SKIPPED | PASS | SKIPPED | SKIPPED | SKIPPED | SKIPPED |
+-------------------------------+-------------------------+--------------------+-------------------+----------------------+-------------------+------------------+
| Red Hat Enterprise Linux 9.5 | SKIPPED | FAIL | SKIPPED | SKIPPED | SKIPPED | SKIPPED |
+-------------------------------+-------------------------+--------------------+-------------------+----------------------+-------------------+------------------+
| Ubuntu 24.04 | SKIPPED | PASS | SKIPPED | SKIPPED | WARN | WARN |
+-------------------------------+-------------------------+--------------------+-------------------+----------------------+-------------------+------------------+
| Ubuntu 22.04 | SKIPPED | FAIL | SKIPPED | SKIPPED | WARN | SKIPPED |
+-------------------------------+-------------------------+--------------------+-------------------+----------------------+-------------------+------------------+
| Alpine Linux 3.22.0 | SKIPPED | PASS | SKIPPED | SKIPPED | SKIPPED | SKIPPED |
+-------------------------------+-------------------------+--------------------+-------------------+----------------------+-------------------+------------------+
==== 20 line log output for Ubuntu 22.04 (dpdk_compile_spdk): ====
--- Failed to get log output ---
==== End log output ====
Windows Server 2022
Kernel: 10.0.20348.2031
Compiler: clang 15.0.7, gcc 14.1.0 (MinGW), and MSVC VS 19.39.33521
Ubuntu 20.04
Kernel: 4.19
Compiler: gcc gcc (Ubuntu 9.4.0-1ubuntu1~20.04.2) 9.4.0
FreeBSD 14.2
Kernel: 14.2-RELEASE
Compiler: clang 18.1.6
CentOS Stream 9
Kernel: 5.15
Compiler: gcc gcc (GCC) 11.5.0 20240719 (Red Hat 11.5.0-11)
CentOS Stream 10
Kernel: 5.15
Compiler: gcc gcc (GCC) 14.2.1 20250110 (Red Hat 14.2.1-8)
Debian GNU/Linux 12
Kernel: 5.15
Compiler: gcc gcc (Debian 12.2.0-14+deb12u1) 12.2.0
Fedora Linux 42
Kernel: 5.15
Compiler: clang gcc (GCC) 15.2.1 20250808 (Red Hat 15.2.1-1)
openSUSE Leap 15.6
Kernel: 5.15
Compiler: gcc gcc (SUSE Linux) 7.5.0
Red Hat Enterprise Linux 8.10
Kernel: 5.15
Compiler: gcc gcc (GCC) 8.5.0 20210514 (Red Hat 8.5.0-22)
Red Hat Enterprise Linux 9.5
Kernel: 5.15
Compiler: gcc gcc (GCC) 11.5.0 20240719 (Red Hat 11.5.0-2)
Ubuntu 24.04
Kernel: 5.15
Compiler: gcc gcc (Ubuntu 13.3.0-6ubuntu2~24.04) 13.3.0
Ubuntu 22.04
Kernel: 5.15
Compiler: gcc gcc (Ubuntu 11.4.0-1ubuntu1~22.04) 11.4.0
Alpine Linux 3.22.0
Kernel: 5.15
Compiler: gcc gcc (Alpine 14.2.0) 14.2.0
To view detailed results, visit:
https://lab.dpdk.org/results/dashboard/patchsets/34185/
UNH-IOL DPDK Community Lab
To manage your email subscriptions, visit:
https://lab.dpdk.org/results/dashboard/preferences/subscriptions/
^ permalink raw reply [flat|nested] 42+ messages in thread
* |FAILURE| pw157144-157146 [PATCH] [v1,3/3] app/test: add ML crypto t
[not found] <20250930180316.1021-4-gmuthukrishn@marvell.com>
` (37 preceding siblings ...)
2025-10-01 5:35 ` dpdklab
@ 2025-10-01 9:06 ` dpdklab
2025-10-01 14:11 ` dpdklab
` (2 subsequent siblings)
41 siblings, 0 replies; 42+ messages in thread
From: dpdklab @ 2025-10-01 9:06 UTC (permalink / raw)
To: Test Report; +Cc: dpdk-test-reports, Gowrishankar Muthukrishnan
Test-Label: iol-compile-arm64-testing
Test-Status: FAILURE
http://dpdk.org/patch/157146
_Testing issues_
Submitter: Gowrishankar Muthukrishnan <gmuthukrishn@marvell.com>
Date: Tuesday, September 30 2025 18:03:13
DPDK git baseline: Repo:dpdk
Branch: master
CommitID:f3878b615e69a12087a6c5d212723478cfc79c31
157144-157146 --> testing issues
Upstream job id: Generic-DPDK-Compile-Meson#430188
Test environment and result as below:
+------------------------------+--------------------+
| Environment | dpdk_meson_compile |
+==============================+====================+
| Red Hat Enterprise Linux 9.5 | FAIL |
+------------------------------+--------------------+
| Ubuntu 20.04 | PASS |
+------------------------------+--------------------+
| Debian GNU/Linux 12 | PEND |
+------------------------------+--------------------+
| Fedora Linux 42 | PEND |
+------------------------------+--------------------+
| Ubuntu 22.04 | PEND |
+------------------------------+--------------------+
| Ubuntu 24.04 | PEND |
+------------------------------+--------------------+
| CentOS Stream 9 | PEND |
+------------------------------+--------------------+
| CentOS Stream 10 | PEND |
+------------------------------+--------------------+
==== 20 line log output for Red Hat Enterprise Linux 9.5 (dpdk_meson_compile): ====
../drivers/crypto/openssl/rte_openssl_pmd.c: In function 'process_asym_op':
../drivers/crypto/openssl/rte_openssl_pmd.c:4313:26: error: implicit declaration of function 'process_openssl_mlkem_op'; did you mean 'process_openssl_mlkem_op_evp'? [-Werror=implicit-function-declaration]
4313 | retval = process_openssl_mlkem_op(op, sess);
| ^~~~~~~~~~~~~~~~~~~~~~~~
| process_openssl_mlkem_op_evp
../drivers/crypto/openssl/rte_openssl_pmd.c:4313:26: error: nested extern declaration of 'process_openssl_mlkem_op' [-Werror=nested-externs]
../drivers/crypto/openssl/rte_openssl_pmd.c:4320:26: error: implicit declaration of function 'process_openssl_mldsa_op'; did you mean 'process_openssl_mldsa_op_evp'? [-Werror=implicit-function-declaration]
4320 | retval = process_openssl_mldsa_op(op, sess);
| ^~~~~~~~~~~~~~~~~~~~~~~~
| process_openssl_mldsa_op_evp
../drivers/crypto/openssl/rte_openssl_pmd.c:4320:26: error: nested extern declaration of 'process_openssl_mldsa_op' [-Werror=nested-externs]
At top level:
../drivers/crypto/openssl/rte_openssl_pmd.c:4070:1: error: 'process_openssl_mldsa_op_evp' defined but not used [-Werror=unused-function]
4070 | process_openssl_mldsa_op_evp(struct rte_crypto_op *cop,
| ^~~~~~~~~~~~~~~~~~~~~~~~~~~~
../drivers/crypto/openssl/rte_openssl_pmd.c:3601:1: error: 'process_openssl_mlkem_op_evp' defined but not used [-Werror=unused-function]
3601 | process_openssl_mlkem_op_evp(struct rte_crypto_op *cop,
| ^~~~~~~~~~~~~~~~~~~~~~~~~~~~
cc1: all warnings being treated as errors
ninja: build stopped: subcommand failed.
==== End log output ====
Red Hat Enterprise Linux 9.5
Kernel: 5.4
Compiler: gcc gcc (GCC) 11.5.0 20240719 (Red Hat 11.5.0-2)
Ubuntu 20.04
Kernel: 5.4
Compiler: gcc gcc (Ubuntu 9.4.0-1ubuntu1~20.04.2) 9.4.0
Debian GNU/Linux 12
Kernel: 5.4
Compiler: gcc gcc (Debian 12.2.0-14+deb12u1) 12.2.0
Fedora Linux 42
Kernel: 5.4
Compiler: clang gcc (GCC) 15.2.1 20250808 (Red Hat 15.2.1-1)
Ubuntu 22.04
Kernel: 5.4
Compiler: gcc gcc (Ubuntu 11.4.0-1ubuntu1~22.04) 11.4.0
Ubuntu 24.04
Kernel: 5.4
Compiler: gcc gcc (Ubuntu 13.3.0-6ubuntu2~24.04) 13.3.0
CentOS Stream 9
Kernel: 5.4
Compiler: gcc gcc (GCC) 11.5.0 20240719 (Red Hat 11.5.0-11)
CentOS Stream 10
Kernel: 5.4
Compiler: gcc gcc (GCC) 14.2.1 20250110 (Red Hat 14.2.1-8)
To view detailed results, visit:
https://lab.dpdk.org/results/dashboard/patchsets/34185/
UNH-IOL DPDK Community Lab
To manage your email subscriptions, visit:
https://lab.dpdk.org/results/dashboard/preferences/subscriptions/
^ permalink raw reply [flat|nested] 42+ messages in thread
* |FAILURE| pw157144-157146 [PATCH] [v1,3/3] app/test: add ML crypto t
[not found] <20250930180316.1021-4-gmuthukrishn@marvell.com>
` (38 preceding siblings ...)
2025-10-01 9:06 ` dpdklab
@ 2025-10-01 14:11 ` dpdklab
2025-10-01 14:12 ` dpdklab
2025-10-01 15:46 ` dpdklab
41 siblings, 0 replies; 42+ messages in thread
From: dpdklab @ 2025-10-01 14:11 UTC (permalink / raw)
To: Test Report; +Cc: dpdk-test-reports, Gowrishankar Muthukrishnan
Test-Label: iol-compile-arm64-testing
Test-Status: FAILURE
http://dpdk.org/patch/157146
_Testing issues_
Submitter: Gowrishankar Muthukrishnan <gmuthukrishn@marvell.com>
Date: Tuesday, September 30 2025 18:03:13
DPDK git baseline: Repo:dpdk
Branch: master
CommitID:f3878b615e69a12087a6c5d212723478cfc79c31
157144-157146 --> testing issues
Upstream job id: Generic-DPDK-Compile-Meson#430206
Test environment and result as below:
+------------------------------+--------------------+
| Environment | dpdk_meson_compile |
+==============================+====================+
| Red Hat Enterprise Linux 9.5 | FAIL |
+------------------------------+--------------------+
| Ubuntu 20.04 | PASS |
+------------------------------+--------------------+
| Debian GNU/Linux 12 | FAIL |
+------------------------------+--------------------+
| Fedora Linux 42 | FAIL |
+------------------------------+--------------------+
| Ubuntu 22.04 | FAIL |
+------------------------------+--------------------+
| Ubuntu 24.04 | FAIL |
+------------------------------+--------------------+
| CentOS Stream 9 | PASS |
+------------------------------+--------------------+
| CentOS Stream 10 | PASS |
+------------------------------+--------------------+
==== 20 line log output for Ubuntu 24.04 (dpdk_meson_compile): ====
../drivers/crypto/openssl/rte_openssl_pmd.c: In function 'process_asym_op':
../drivers/crypto/openssl/rte_openssl_pmd.c:4313:26: error: implicit declaration of function 'process_openssl_mlkem_op'; did you mean 'process_openssl_mlkem_op_evp'? [-Werror=implicit-function-declaration]
4313 | retval = process_openssl_mlkem_op(op, sess);
| ^~~~~~~~~~~~~~~~~~~~~~~~
| process_openssl_mlkem_op_evp
../drivers/crypto/openssl/rte_openssl_pmd.c:4313:26: error: nested extern declaration of 'process_openssl_mlkem_op' [-Werror=nested-externs]
../drivers/crypto/openssl/rte_openssl_pmd.c:4320:26: error: implicit declaration of function 'process_openssl_mldsa_op'; did you mean 'process_openssl_mldsa_op_evp'? [-Werror=implicit-function-declaration]
4320 | retval = process_openssl_mldsa_op(op, sess);
| ^~~~~~~~~~~~~~~~~~~~~~~~
| process_openssl_mldsa_op_evp
../drivers/crypto/openssl/rte_openssl_pmd.c:4320:26: error: nested extern declaration of 'process_openssl_mldsa_op' [-Werror=nested-externs]
../drivers/crypto/openssl/rte_openssl_pmd.c: At top level:
../drivers/crypto/openssl/rte_openssl_pmd.c:4070:1: error: 'process_openssl_mldsa_op_evp' defined but not used [-Werror=unused-function]
4070 | process_openssl_mldsa_op_evp(struct rte_crypto_op *cop,
| ^~~~~~~~~~~~~~~~~~~~~~~~~~~~
../drivers/crypto/openssl/rte_openssl_pmd.c:3601:1: error: 'process_openssl_mlkem_op_evp' defined but not used [-Werror=unused-function]
3601 | process_openssl_mlkem_op_evp(struct rte_crypto_op *cop,
| ^~~~~~~~~~~~~~~~~~~~~~~~~~~~
cc1: all warnings being treated as errors
ninja: build stopped: subcommand failed.
==== End log output ====
Red Hat Enterprise Linux 9.5
Kernel: 5.4
Compiler: gcc gcc (GCC) 11.5.0 20240719 (Red Hat 11.5.0-2)
Ubuntu 20.04
Kernel: 5.4
Compiler: gcc gcc (Ubuntu 9.4.0-1ubuntu1~20.04.2) 9.4.0
Debian GNU/Linux 12
Kernel: 5.4
Compiler: gcc gcc (Debian 12.2.0-14+deb12u1) 12.2.0
Fedora Linux 42
Kernel: 5.4
Compiler: clang gcc (GCC) 15.2.1 20250808 (Red Hat 15.2.1-1)
Ubuntu 22.04
Kernel: 5.4
Compiler: gcc gcc (Ubuntu 11.4.0-1ubuntu1~22.04) 11.4.0
Ubuntu 24.04
Kernel: 5.4
Compiler: gcc gcc (Ubuntu 13.3.0-6ubuntu2~24.04) 13.3.0
CentOS Stream 9
Kernel: 5.4
Compiler: gcc gcc (GCC) 11.5.0 20240719 (Red Hat 11.5.0-11)
CentOS Stream 10
Kernel: 5.4
Compiler: gcc gcc (GCC) 14.2.1 20250110 (Red Hat 14.2.1-8)
To view detailed results, visit:
https://lab.dpdk.org/results/dashboard/patchsets/34185/
UNH-IOL DPDK Community Lab
To manage your email subscriptions, visit:
https://lab.dpdk.org/results/dashboard/preferences/subscriptions/
^ permalink raw reply [flat|nested] 42+ messages in thread
* |FAILURE| pw157144-157146 [PATCH] [v1,3/3] app/test: add ML crypto t
[not found] <20250930180316.1021-4-gmuthukrishn@marvell.com>
` (39 preceding siblings ...)
2025-10-01 14:11 ` dpdklab
@ 2025-10-01 14:12 ` dpdklab
2025-10-01 15:46 ` dpdklab
41 siblings, 0 replies; 42+ messages in thread
From: dpdklab @ 2025-10-01 14:12 UTC (permalink / raw)
To: Test Report; +Cc: dpdk-test-reports, Gowrishankar Muthukrishnan
Test-Label: iol-compile-arm64-testing
Test-Status: FAILURE
http://dpdk.org/patch/157146
_Testing issues_
Submitter: Gowrishankar Muthukrishnan <gmuthukrishn@marvell.com>
Date: Tuesday, September 30 2025 18:03:13
DPDK git baseline: Repo:dpdk
Branch: master
CommitID:f3878b615e69a12087a6c5d212723478cfc79c31
157144-157146 --> testing issues
Upstream job id: Generic-DPDK-Compile-Meson#430208
Test environment and result as below:
+------------------------------+--------------------+
| Environment | dpdk_meson_compile |
+==============================+====================+
| Red Hat Enterprise Linux 9.5 | FAIL |
+------------------------------+--------------------+
| Ubuntu 20.04 | PASS |
+------------------------------+--------------------+
| Debian GNU/Linux 12 | FAIL |
+------------------------------+--------------------+
| Fedora Linux 42 | FAIL |
+------------------------------+--------------------+
| Ubuntu 22.04 | FAIL |
+------------------------------+--------------------+
| Ubuntu 24.04 | FAIL |
+------------------------------+--------------------+
| CentOS Stream 9 | PASS |
+------------------------------+--------------------+
| CentOS Stream 10 | PASS |
+------------------------------+--------------------+
==== 20 line log output for Ubuntu 24.04 (dpdk_meson_compile): ====
../drivers/crypto/openssl/rte_openssl_pmd.c: In function 'process_asym_op':
../drivers/crypto/openssl/rte_openssl_pmd.c:4313:26: error: implicit declaration of function 'process_openssl_mlkem_op'; did you mean 'process_openssl_mlkem_op_evp'? [-Werror=implicit-function-declaration]
4313 | retval = process_openssl_mlkem_op(op, sess);
| ^~~~~~~~~~~~~~~~~~~~~~~~
| process_openssl_mlkem_op_evp
../drivers/crypto/openssl/rte_openssl_pmd.c:4313:26: error: nested extern declaration of 'process_openssl_mlkem_op' [-Werror=nested-externs]
../drivers/crypto/openssl/rte_openssl_pmd.c:4320:26: error: implicit declaration of function 'process_openssl_mldsa_op'; did you mean 'process_openssl_mldsa_op_evp'? [-Werror=implicit-function-declaration]
4320 | retval = process_openssl_mldsa_op(op, sess);
| ^~~~~~~~~~~~~~~~~~~~~~~~
| process_openssl_mldsa_op_evp
../drivers/crypto/openssl/rte_openssl_pmd.c:4320:26: error: nested extern declaration of 'process_openssl_mldsa_op' [-Werror=nested-externs]
../drivers/crypto/openssl/rte_openssl_pmd.c: At top level:
../drivers/crypto/openssl/rte_openssl_pmd.c:4070:1: error: 'process_openssl_mldsa_op_evp' defined but not used [-Werror=unused-function]
4070 | process_openssl_mldsa_op_evp(struct rte_crypto_op *cop,
| ^~~~~~~~~~~~~~~~~~~~~~~~~~~~
../drivers/crypto/openssl/rte_openssl_pmd.c:3601:1: error: 'process_openssl_mlkem_op_evp' defined but not used [-Werror=unused-function]
3601 | process_openssl_mlkem_op_evp(struct rte_crypto_op *cop,
| ^~~~~~~~~~~~~~~~~~~~~~~~~~~~
cc1: all warnings being treated as errors
ninja: build stopped: subcommand failed.
==== End log output ====
Red Hat Enterprise Linux 9.5
Kernel: 5.4
Compiler: gcc gcc (GCC) 11.5.0 20240719 (Red Hat 11.5.0-2)
Ubuntu 20.04
Kernel: 5.4
Compiler: gcc gcc (Ubuntu 9.4.0-1ubuntu1~20.04.2) 9.4.0
Debian GNU/Linux 12
Kernel: 5.4
Compiler: gcc gcc (Debian 12.2.0-14+deb12u1) 12.2.0
Fedora Linux 42
Kernel: 5.4
Compiler: clang gcc (GCC) 15.2.1 20250808 (Red Hat 15.2.1-1)
Ubuntu 22.04
Kernel: 5.4
Compiler: gcc gcc (Ubuntu 11.4.0-1ubuntu1~22.04) 11.4.0
Ubuntu 24.04
Kernel: 5.4
Compiler: gcc gcc (Ubuntu 13.3.0-6ubuntu2~24.04) 13.3.0
CentOS Stream 9
Kernel: 5.4
Compiler: gcc gcc (GCC) 11.5.0 20240719 (Red Hat 11.5.0-11)
CentOS Stream 10
Kernel: 5.4
Compiler: gcc gcc (GCC) 14.2.1 20250110 (Red Hat 14.2.1-8)
To view detailed results, visit:
https://lab.dpdk.org/results/dashboard/patchsets/34185/
UNH-IOL DPDK Community Lab
To manage your email subscriptions, visit:
https://lab.dpdk.org/results/dashboard/preferences/subscriptions/
^ permalink raw reply [flat|nested] 42+ messages in thread
* |FAILURE| pw157144-157146 [PATCH] [v1,3/3] app/test: add ML crypto t
[not found] <20250930180316.1021-4-gmuthukrishn@marvell.com>
` (40 preceding siblings ...)
2025-10-01 14:12 ` dpdklab
@ 2025-10-01 15:46 ` dpdklab
41 siblings, 0 replies; 42+ messages in thread
From: dpdklab @ 2025-10-01 15:46 UTC (permalink / raw)
To: Test Report; +Cc: dpdk-test-reports, Gowrishankar Muthukrishnan
Test-Label: iol-unit-arm64-testing
Test-Status: FAILURE
http://dpdk.org/patch/157146
_Testing issues_
Submitter: Gowrishankar Muthukrishnan <gmuthukrishn@marvell.com>
Date: Tuesday, September 30 2025 18:03:13
DPDK git baseline: Repo:dpdk
Branch: master
CommitID:f3878b615e69a12087a6c5d212723478cfc79c31
157144-157146 --> testing issues
Upstream job id: Generic-Unit-Test-DPDK#376755
Test environment and result as below:
+------------------------------+----------------+---------------------------+--------------+------------------------------+
| Environment | dpdk_unit_test | cryptodev_sw_zuc_autotest | lpm_autotest | cryptodev_sw_snow3g_autotest |
+==============================+================+===========================+==============+==============================+
| CentOS Stream 9 | PASS | SKIPPED | SKIPPED | SKIPPED |
+------------------------------+----------------+---------------------------+--------------+------------------------------+
| CentOS Stream 10 | PEND | SKIPPED | SKIPPED | SKIPPED |
+------------------------------+----------------+---------------------------+--------------+------------------------------+
| Debian GNU/Linux 12 | PEND | SKIPPED | SKIPPED | SKIPPED |
+------------------------------+----------------+---------------------------+--------------+------------------------------+
| Ubuntu 22.04 | PEND | SKIPPED | SKIPPED | SKIPPED |
+------------------------------+----------------+---------------------------+--------------+------------------------------+
| Fedora Linux 40 | PEND | SKIPPED | SKIPPED | SKIPPED |
+------------------------------+----------------+---------------------------+--------------+------------------------------+
| Fedora Linux 41 | PEND | SKIPPED | SKIPPED | SKIPPED |
+------------------------------+----------------+---------------------------+--------------+------------------------------+
| Fedora Linux 42 | PEND | SKIPPED | SKIPPED | SKIPPED |
+------------------------------+----------------+---------------------------+--------------+------------------------------+
| Red Hat Enterprise Linux 9.5 | PEND | SKIPPED | SKIPPED | SKIPPED |
+------------------------------+----------------+---------------------------+--------------+------------------------------+
| Ubuntu 20.04 | PEND | SKIPPED | PASS | SKIPPED |
+------------------------------+----------------+---------------------------+--------------+------------------------------+
| Ubuntu 24.04 | PEND | SKIPPED | SKIPPED | SKIPPED |
+------------------------------+----------------+---------------------------+--------------+------------------------------+
| Debian 12 (arm) | SKIPPED | WARN | SKIPPED | PEND |
+------------------------------+----------------+---------------------------+--------------+------------------------------+
==== 20 line log output for Debian 12 (arm) (cryptodev_sw_zuc_autotest): ====
| ^~~~~~~~~~~~~~~~~~~~~~~~
| process_openssl_mlkem_op_evp
../drivers/crypto/openssl/rte_openssl_pmd.c:4313:26: error: nested extern declaration of 'process_openssl_mlkem_op' [-Werror=nested-externs]
../drivers/crypto/openssl/rte_openssl_pmd.c:4320:26: error: implicit declaration of function 'process_openssl_mldsa_op'; did you mean 'process_openssl_mldsa_op_evp'? [-Werror=implicit-function-declaration]
4320 | retval = process_openssl_mldsa_op(op, sess);
| ^~~~~~~~~~~~~~~~~~~~~~~~
| process_openssl_mldsa_op_evp
../drivers/crypto/openssl/rte_openssl_pmd.c:4320:26: error: nested extern declaration of 'process_openssl_mldsa_op' [-Werror=nested-externs]
../drivers/crypto/openssl/rte_openssl_pmd.c: At top level:
../drivers/crypto/openssl/rte_openssl_pmd.c:4070:1: error: 'process_openssl_mldsa_op_evp' defined but not used [-Werror=unused-function]
4070 | process_openssl_mldsa_op_evp(struct rte_crypto_op *cop,
| ^~~~~~~~~~~~~~~~~~~~~~~~~~~~
../drivers/crypto/openssl/rte_openssl_pmd.c:3601:1: error: 'process_openssl_mlkem_op_evp' defined but not used [-Werror=unused-function]
3601 | process_openssl_mlkem_op_evp(struct rte_crypto_op *cop,
| ^~~~~~~~~~~~~~~~~~~~~~~~~~~~
cc1: all warnings being treated as errors
[2844/3763] Compiling C object drivers/libtmp_rte_crypto_scheduler.a.p/crypto_scheduler_rte_cryptodev_scheduler.c.o
[2845/3763] Compiling C object drivers/libtmp_rte_crypto_scheduler.a.p/crypto_scheduler_scheduler_failover.c.o
[2846/3763] Compiling C object drivers/libtmp_rte_crypto_octeontx.a.p/crypto_octeontx_otx_cryptodev_ops.c.o
ninja: build stopped: subcommand failed.
==== End log output ====
CentOS Stream 9
Kernel: 5.4
Compiler: gcc gcc (GCC) 11.5.0 20240719 (Red Hat 11.5.0-11)
CentOS Stream 10
Kernel: 5.4
Compiler: gcc gcc (GCC) 14.2.1 20250110 (Red Hat 14.2.1-8)
Debian GNU/Linux 12
Kernel: 5.4
Compiler: gcc gcc (Debian 12.2.0-14+deb12u1) 12.2.0
Ubuntu 22.04
Kernel: 5.15
Compiler: gcc gcc (Ubuntu 11.4.0-1ubuntu1~22.04.2) 11.4.0
Fedora Linux 40
Kernel: 5.4
Compiler: gcc gcc (GCC) 14.2.1 20240912 (Red Hat 14.2.1-3)
Fedora Linux 41
Kernel: 5.4
Compiler: gcc gcc (GCC) 14.3.1 20250523 (Red Hat 14.3.1-1)
Fedora Linux 42
Kernel: 5.4
Compiler: clang gcc (GCC) 15.2.1 20250808 (Red Hat 15.2.1-1)
Red Hat Enterprise Linux 9.5
Kernel: 5.4
Compiler: gcc gcc (GCC) 11.5.0 20240719 (Red Hat 11.5.0-2)
Ubuntu 20.04
Kernel: 5.4
Compiler: gcc gcc (Ubuntu 9.4.0-1ubuntu1~20.04.2) 9.4.0
Ubuntu 24.04
Kernel: 5.4
Compiler: gcc gcc (Ubuntu 13.3.0-6ubuntu2~24.04) 13.3.0
Debian 12 (arm)
Kernel: Depends on container host
Compiler: gcc (Debian 12.2.0-14) 12.2.0
To view detailed results, visit:
https://lab.dpdk.org/results/dashboard/patchsets/34185/
UNH-IOL DPDK Community Lab
To manage your email subscriptions, visit:
https://lab.dpdk.org/results/dashboard/preferences/subscriptions/
^ permalink raw reply [flat|nested] 42+ messages in thread
end of thread, other threads:[~2025-10-01 15:46 UTC | newest]
Thread overview: 42+ messages (download: mbox.gz / follow: Atom feed)
-- links below jump to the message on this page --
[not found] <20250930180316.1021-4-gmuthukrishn@marvell.com>
2025-09-30 17:29 ` |SUCCESS| pw157144-157146 [PATCH v1 3/3] app/test: add ML crypto test vectors qemudev
2025-09-30 17:34 ` qemudev
2025-09-30 18:05 ` |WARNING| pw157146 " checkpatch
2025-09-30 18:34 ` |PENDING| pw157144-157146 [PATCH] [v1,3/3] app/test: add ML crypto t dpdklab
2025-09-30 18:37 ` |SUCCESS| " dpdklab
2025-09-30 18:37 ` |PENDING| " dpdklab
2025-09-30 18:37 ` |FAILURE| " dpdklab
2025-09-30 18:38 ` dpdklab
2025-09-30 18:38 ` dpdklab
2025-09-30 18:48 ` dpdklab
2025-09-30 18:49 ` |PENDING| " dpdklab
2025-09-30 18:52 ` |FAILURE| " dpdklab
2025-09-30 18:54 ` dpdklab
2025-09-30 18:54 ` dpdklab
2025-09-30 18:56 ` dpdklab
2025-09-30 18:58 ` |SUCCESS| " dpdklab
2025-09-30 19:00 ` |FAILURE| " dpdklab
2025-09-30 19:00 ` |SUCCESS| " dpdklab
2025-09-30 19:01 ` dpdklab
2025-09-30 19:03 ` |FAILURE| " dpdklab
2025-09-30 19:07 ` dpdklab
2025-09-30 19:08 ` dpdklab
2025-09-30 19:15 ` dpdklab
2025-09-30 19:18 ` dpdklab
2025-09-30 19:28 ` dpdklab
2025-09-30 20:39 ` |FAILURE| pw157146 [PATCH v1 3/3] app/test: add ML crypto test vectors 0-day Robot
2025-09-30 21:59 ` |SUCCESS| pw157144-157146 [PATCH] [v1,3/3] app/test: add ML crypto t dpdklab
2025-09-30 22:00 ` dpdklab
2025-10-01 1:56 ` |FAILURE| " dpdklab
2025-10-01 2:06 ` dpdklab
2025-10-01 2:20 ` |PENDING| " dpdklab
2025-10-01 2:36 ` |FAILURE| " dpdklab
2025-10-01 2:50 ` dpdklab
2025-10-01 3:44 ` dpdklab
2025-10-01 4:02 ` dpdklab
2025-10-01 4:18 ` dpdklab
2025-10-01 4:45 ` dpdklab
2025-10-01 5:35 ` dpdklab
2025-10-01 9:06 ` dpdklab
2025-10-01 14:11 ` dpdklab
2025-10-01 14:12 ` dpdklab
2025-10-01 15:46 ` dpdklab
This is a public inbox, see mirroring instructions
for how to clone and mirror all data and code used for this inbox;
as well as URLs for NNTP newsgroup(s).