From: dpdklab@iol.unh.edu
To: Test Report <test-report@dpdk.org>
Cc: dpdk-test-reports@iol.unh.edu
Subject: |PENDING| pw157199-157201 [PATCH] [v3,3/3] app/test: add ML crypto t
Date: Wed, 01 Oct 2025 11:51:26 -0700 (PDT) [thread overview]
Message-ID: <68dd782e.050a0220.33ad1.14c4SMTPIN_ADDED_MISSING@mx.google.com> (raw)
In-Reply-To: <20251001175658.2303-4-gmuthukrishn@marvell.com>
Test-Label: iol-sample-apps-testing
Test-Status: PENDING
http://dpdk.org/patch/157201
_Testing pending_
Submitter: Gowrishankar Muthukrishnan <gmuthukrishn@marvell.com>
Date: Wednesday, October 01 2025 17:56:53
DPDK git baseline: Repo:dpdk
Branch: master
CommitID:2ffda8c2e357662354ee6ddcca769258c33642a9
157199-157201 --> testing pending
Upstream job id: Template-DTS-Pipeline#247438
Test environment and result as below:
+--------------+----------------------+----------------------+
| Environment | dpdk_fips_validation | compressdev_zlib_pmd |
+==============+======================+======================+
| Ubuntu 20.04 | PEND | SKIPPED |
+--------------+----------------------+----------------------+
| Ubuntu 22.04 | SKIPPED | PASS |
+--------------+----------------------+----------------------+
Ubuntu 20.04
Kernel: 5.15
Compiler: gcc gcc (Ubuntu 9.4.0-1ubuntu1~20.04.2) 9.4.0
Ubuntu 22.04
Kernel: 5.15
Compiler: gcc gcc (Ubuntu 11.4.0-1ubuntu1~22.04.2) 11.4.0
To view detailed results, visit:
https://lab.dpdk.org/results/dashboard/patchsets/34196/
UNH-IOL DPDK Community Lab
To manage your email subscriptions, visit:
https://lab.dpdk.org/results/dashboard/preferences/subscriptions/
next prev parent reply other threads:[~2025-10-01 18:51 UTC|newest]
Thread overview: 19+ messages / expand[flat|nested] mbox.gz Atom feed top
[not found] <20251001175658.2303-4-gmuthukrishn@marvell.com>
2025-10-01 17:31 ` |SUCCESS| pw157199-157201 [PATCH v3 3/3] app/test: add ML crypto test vectors qemudev
2025-10-01 17:36 ` qemudev
2025-10-01 17:59 ` |WARNING| pw157201 " checkpatch
2025-10-01 18:36 ` |SUCCESS| pw157199-157201 [PATCH] [v3,3/3] app/test: add ML crypto t dpdklab
2025-10-01 18:39 ` |PENDING| " dpdklab
2025-10-01 18:43 ` dpdklab
2025-10-01 18:44 ` |SUCCESS| " dpdklab
2025-10-01 18:50 ` |FAILURE| pw157201 [PATCH v3 3/3] app/test: add ML crypto test vectors 0-day Robot
2025-10-01 18:51 ` dpdklab [this message]
2025-10-01 18:53 ` |SUCCESS| pw157199-157201 [PATCH] [v3,3/3] app/test: add ML crypto t dpdklab
2025-10-01 18:58 ` dpdklab
2025-10-01 19:00 ` dpdklab
2025-10-01 19:12 ` dpdklab
2025-10-01 19:15 ` dpdklab
2025-10-01 19:20 ` dpdklab
2025-10-01 19:23 ` dpdklab
2025-10-01 19:26 ` dpdklab
2025-10-01 19:33 ` dpdklab
2025-10-01 20:30 ` dpdklab
Reply instructions:
You may reply publicly to this message via plain-text email
using any one of the following methods:
* Save the following mbox file, import it into your mail client,
and reply-to-all from there: mbox
Avoid top-posting and favor interleaved quoting:
https://en.wikipedia.org/wiki/Posting_style#Interleaved_style
* Reply using the --to, --cc, and --in-reply-to
switches of git-send-email(1):
git send-email \
--in-reply-to=68dd782e.050a0220.33ad1.14c4SMTPIN_ADDED_MISSING@mx.google.com \
--to=dpdklab@iol.unh.edu \
--cc=dpdk-test-reports@iol.unh.edu \
--cc=test-report@dpdk.org \
/path/to/YOUR_REPLY
https://kernel.org/pub/software/scm/git/docs/git-send-email.html
* If your mail client supports setting the In-Reply-To header
via mailto: links, try the mailto: link
Be sure your reply has a Subject: header at the top and a blank line
before the message body.
This is a public inbox, see mirroring instructions
for how to clone and mirror all data and code used for this inbox;
as well as URLs for NNTP newsgroup(s).