automatic DPDK test reports
 help / color / mirror / Atom feed
From: dpdklab@iol.unh.edu
To: Test Report <test-report@dpdk.org>
Cc: dpdk-test-reports@iol.unh.edu
Subject: |SUCCESS| pw157199-157201 [PATCH] [v3,3/3] app/test: add ML crypto t
Date: Wed, 01 Oct 2025 13:30:59 -0700 (PDT)	[thread overview]
Message-ID: <68dd8f83.170a0220.389ad4.2ceaSMTPIN_ADDED_MISSING@mx.google.com> (raw)
In-Reply-To: <20251001175658.2303-4-gmuthukrishn@marvell.com>

Test-Label: iol-compile-amd64-testing
Test-Status: SUCCESS
http://dpdk.org/patch/157201

_Testing PASS_

Submitter: Gowrishankar Muthukrishnan <gmuthukrishn@marvell.com>
Date: Wednesday, October 01 2025 17:56:53 
DPDK git baseline: Repo:dpdk
  Branch: master
  CommitID:2ffda8c2e357662354ee6ddcca769258c33642a9

157199-157201 --> testing pass

Upstream job id: Generic-DPDK-Compile-Meson#430344

Test environment and result as below:

+---------------------+--------------------+-------------------------+-------------------+----------------------+
|     Environment     | dpdk_meson_compile | dpdk_llvm_clang_compile | dpdk_msvc_compile | dpdk_mingw64_compile |
+=====================+====================+=========================+===================+======================+
| Ubuntu 20.04        | PASS               | SKIPPED                 | SKIPPED           | SKIPPED              |
+---------------------+--------------------+-------------------------+-------------------+----------------------+
| FreeBSD 14.2        | PASS               | SKIPPED                 | SKIPPED           | SKIPPED              |
+---------------------+--------------------+-------------------------+-------------------+----------------------+
| Windows Server 2022 | SKIPPED            | PASS                    | PASS              | PASS                 |
+---------------------+--------------------+-------------------------+-------------------+----------------------+


Ubuntu 20.04
	Kernel: 4.19
	Compiler: gcc gcc (Ubuntu 9.4.0-1ubuntu1~20.04.2) 9.4.0

FreeBSD 14.2
	Kernel: 14.2-RELEASE
	Compiler: clang 18.1.6

Windows Server 2022
	Kernel: 10.0.20348.2031
	Compiler: clang 15.0.7, gcc 14.1.0 (MinGW), and MSVC VS 19.39.33521

To view detailed results, visit:
https://lab.dpdk.org/results/dashboard/patchsets/34196/

UNH-IOL DPDK Community Lab

To manage your email subscriptions, visit: 
https://lab.dpdk.org/results/dashboard/preferences/subscriptions/

      parent reply	other threads:[~2025-10-01 20:31 UTC|newest]

Thread overview: 19+ messages / expand[flat|nested]  mbox.gz  Atom feed  top
     [not found] <20251001175658.2303-4-gmuthukrishn@marvell.com>
2025-10-01 17:31 ` |SUCCESS| pw157199-157201 [PATCH v3 3/3] app/test: add ML crypto test vectors qemudev
2025-10-01 17:36 ` qemudev
2025-10-01 17:59 ` |WARNING| pw157201 " checkpatch
2025-10-01 18:36 ` |SUCCESS| pw157199-157201 [PATCH] [v3,3/3] app/test: add ML crypto t dpdklab
2025-10-01 18:39 ` |PENDING| " dpdklab
2025-10-01 18:43 ` dpdklab
2025-10-01 18:44 ` |SUCCESS| " dpdklab
2025-10-01 18:50 ` |FAILURE| pw157201 [PATCH v3 3/3] app/test: add ML crypto test vectors 0-day Robot
2025-10-01 18:51 ` |PENDING| pw157199-157201 [PATCH] [v3,3/3] app/test: add ML crypto t dpdklab
2025-10-01 18:53 ` |SUCCESS| " dpdklab
2025-10-01 18:58 ` dpdklab
2025-10-01 19:00 ` dpdklab
2025-10-01 19:12 ` dpdklab
2025-10-01 19:15 ` dpdklab
2025-10-01 19:20 ` dpdklab
2025-10-01 19:23 ` dpdklab
2025-10-01 19:26 ` dpdklab
2025-10-01 19:33 ` dpdklab
2025-10-01 20:30 ` dpdklab [this message]

Reply instructions:

You may reply publicly to this message via plain-text email
using any one of the following methods:

* Save the following mbox file, import it into your mail client,
  and reply-to-all from there: mbox

  Avoid top-posting and favor interleaved quoting:
  https://en.wikipedia.org/wiki/Posting_style#Interleaved_style

* Reply using the --to, --cc, and --in-reply-to
  switches of git-send-email(1):

  git send-email \
    --in-reply-to=68dd8f83.170a0220.389ad4.2ceaSMTPIN_ADDED_MISSING@mx.google.com \
    --to=dpdklab@iol.unh.edu \
    --cc=dpdk-test-reports@iol.unh.edu \
    --cc=test-report@dpdk.org \
    /path/to/YOUR_REPLY

  https://kernel.org/pub/software/scm/git/docs/git-send-email.html

* If your mail client supports setting the In-Reply-To header
  via mailto: links, try the mailto: link
Be sure your reply has a Subject: header at the top and a blank line before the message body.
This is a public inbox, see mirroring instructions
for how to clone and mirror all data and code used for this inbox;
as well as URLs for NNTP newsgroup(s).