From: dpdklab@iol.unh.edu
To: Test Report <test-report@dpdk.org>
Cc: dpdk-test-reports@iol.unh.edu, Patrick Robb <probb@iol.unh.edu>
Subject: |FAILURE| pw157202-157204 [PATCH] [v4,3/3] dts: add performance test
Date: Wed, 01 Oct 2025 16:37:58 -0700 (PDT) [thread overview]
Message-ID: <68ddbb56.050a0220.176382.3845SMTPIN_ADDED_MISSING@mx.google.com> (raw)
In-Reply-To: <20251001231659.2297751-4-probb@iol.unh.edu>
Test-Label: iol-dts-check-format-testing
Test-Status: FAILURE
http://dpdk.org/patch/157204
_Testing issues_
Submitter: Patrick Robb <probb@iol.unh.edu>
Date: Wednesday, October 01 2025 23:16:59
DPDK git baseline: Repo:dpdk-next-dts
Branch: master
CommitID:b71d7bdf2b663f9fedc1d344b81a8cf65518026c
157202-157204 --> testing issues
Upstream job id: DTS-Check-Format-Pipeline#106
Test environment and result as below:
+--------------+------------------+
| Environment | dts-check-format |
+==============+==================+
| Ubuntu 24.04 | FAIL |
+--------------+------------------+
==== 20 line log output for Ubuntu 24.04 (dts-check-format): ====
tests/TestSuite_single_core_forward_perf.py:126: error: Argument 4 to "TestPmd" has incompatible type "**dict[str, int]"; expected "list[PortNUMAConfig] | None" [arg-type]
tests/TestSuite_single_core_forward_perf.py:126: error: Argument 4 to "TestPmd" has incompatible type "**dict[str, int]"; expected "list[RingNUMAConfig] | None" [arg-type]
tests/TestSuite_single_core_forward_perf.py:126: error: Argument 4 to "TestPmd" has incompatible type "**dict[str, int]"; expected "list[int] | None" [arg-type]
tests/TestSuite_single_core_forward_perf.py:126: error: Argument 4 to "TestPmd" has incompatible type "**dict[str, int]"; expected "PurePath | None" [arg-type]
tests/TestSuite_single_core_forward_perf.py:126: error: Argument 4 to "TestPmd" has incompatible type "**dict[str, int]"; expected "list[EthPeer] | None" [arg-type]
tests/TestSuite_single_core_forward_perf.py:126: error: Argument 4 to "TestPmd" has incompatible type "**dict[str, int]"; expected "TxIPAddrPair | None" [arg-type]
tests/TestSuite_single_core_forward_perf.py:126: error: Argument 4 to "TestPmd" has incompatible type "**dict[str, int]"; expected "TxUDPPortPair | None" [arg-type]
tests/TestSuite_single_core_forward_perf.py:126: error: Argument 4 to "TestPmd" has incompatible type "**dict[str, int]"; expected "RSSSetting | None" [arg-type]
tests/TestSuite_single_core_forward_perf.py:126: error: Argument 4 to "TestPmd" has incompatible type "**dict[str, int]"; expected "SimpleForwardingModes | FlowGenForwardingMode | TXOnlyForwardingMode | NoisyForwardingMode | None" [arg-type]
tests/TestSuite_single_core_forward_perf.py:126: error: Argument 4 to "TestPmd" has incompatible type "**dict[str, int]"; expected "HairpinMode | None" [arg-type]
tests/TestSuite_single_core_forward_perf.py:126: error: Argument 4 to "TestPmd" has incompatible type "**dict[str, int]"; expected "RXMultiQueueMode | None" [arg-type]
tests/TestSuite_single_core_forward_perf.py:126: error: Argument 4 to "TestPmd" has incompatible type "**dict[str, int]"; expected "list[Event] | None" [arg-type]
tests/TestSuite_single_core_forward_perf.py:126: error: Argument 4 to "TestPmd" has incompatible type "**dict[str, int]"; expected "SimpleMempoolAllocationMode | AnonMempoolAllocationMode | None" [arg-type]
framework/test_run.py:204: error: Argument 1 to "create_traffic_generator" has incompatible type "ScapyTrafficGeneratorConfig | None"; expected "TrafficGeneratorConfig" [arg-type]
framework/test_run.py:209: error: Argument 1 to "create_traffic_generator" has incompatible type "TrexTrafficGeneratorConfig | None"; expected "TrafficGeneratorConfig" [arg-type]
Found 26 errors in 2 files (checked 72 source files)
Summary for ./
--------------
Found 1 errors
==== End log output ====
Ubuntu 24.04
Kernel: 5.15
Compiler: gcc gcc (Ubuntu 13.3.0-6ubuntu2~24.04) 13.3.0
To view detailed results, visit:
https://lab.dpdk.org/results/dashboard/patchsets/34197/
UNH-IOL DPDK Community Lab
To manage your email subscriptions, visit:
https://lab.dpdk.org/results/dashboard/preferences/subscriptions/
next prev parent reply other threads:[~2025-10-01 23:38 UTC|newest]
Thread overview: 16+ messages / expand[flat|nested] mbox.gz Atom feed top
[not found] <20251001231659.2297751-4-probb@iol.unh.edu>
2025-10-01 23:21 ` |SUCCESS| pw157204 [PATCH v4 3/3] dts: add performance test functions to test suite API checkpatch
2025-10-01 23:37 ` dpdklab [this message]
2025-10-01 23:39 ` |PENDING| pw157202-157204 [PATCH] [v4,3/3] dts: add performance test dpdklab
2025-10-01 23:52 ` dpdklab
2025-10-01 23:53 ` dpdklab
2025-10-01 23:53 ` |SUCCESS| " dpdklab
2025-10-01 23:54 ` dpdklab
2025-10-01 23:59 ` |PENDING| " dpdklab
2025-10-02 0:06 ` |SUCCESS| " dpdklab
2025-10-02 0:11 ` |FAILURE| " dpdklab
2025-10-02 0:12 ` dpdklab
2025-10-02 0:12 ` |SUCCESS| " dpdklab
2025-10-02 0:24 ` |FAILURE| " dpdklab
2025-10-02 0:42 ` |SUCCESS| " dpdklab
2025-10-02 0:48 ` dpdklab
2025-10-02 3:14 ` |WARNING| " dpdklab
Reply instructions:
You may reply publicly to this message via plain-text email
using any one of the following methods:
* Save the following mbox file, import it into your mail client,
and reply-to-all from there: mbox
Avoid top-posting and favor interleaved quoting:
https://en.wikipedia.org/wiki/Posting_style#Interleaved_style
* Reply using the --to, --cc, and --in-reply-to
switches of git-send-email(1):
git send-email \
--in-reply-to=68ddbb56.050a0220.176382.3845SMTPIN_ADDED_MISSING@mx.google.com \
--to=dpdklab@iol.unh.edu \
--cc=dpdk-test-reports@iol.unh.edu \
--cc=probb@iol.unh.edu \
--cc=test-report@dpdk.org \
/path/to/YOUR_REPLY
https://kernel.org/pub/software/scm/git/docs/git-send-email.html
* If your mail client supports setting the In-Reply-To header
via mailto: links, try the mailto: link
Be sure your reply has a Subject: header at the top and a blank line
before the message body.
This is a public inbox, see mirroring instructions
for how to clone and mirror all data and code used for this inbox;
as well as URLs for NNTP newsgroup(s).