From: dpdklab@iol.unh.edu
To: Test Report <test-report@dpdk.org>
Cc: dpdk-test-reports@iol.unh.edu
Subject: |PENDING| pw157202-157204 [PATCH] [v4,3/3] dts: add performance test
Date: Wed, 01 Oct 2025 16:39:49 -0700 (PDT) [thread overview]
Message-ID: <68ddbbc5.050a0220.249d3.4562SMTPIN_ADDED_MISSING@mx.google.com> (raw)
In-Reply-To: <20251001231659.2297751-4-probb@iol.unh.edu>
Test-Label: iol-compile-amd64-testing
Test-Status: PENDING
http://dpdk.org/patch/157204
_Testing pending_
Submitter: Patrick Robb <probb@iol.unh.edu>
Date: Wednesday, October 01 2025 23:16:59
DPDK git baseline: Repo:dpdk-next-dts
Branch: master
CommitID:b71d7bdf2b663f9fedc1d344b81a8cf65518026c
157202-157204 --> testing pending
Upstream job id: Generic-VM-DPDK-Compile-Meson#38730
Test environment and result as below:
+---------------------+--------------------+-------------------------+-------------------+
| Environment | dpdk_meson_compile | dpdk_llvm_clang_compile | dpdk_msvc_compile |
+=====================+====================+=========================+===================+
| Ubuntu 20.04 | PASS | SKIPPED | SKIPPED |
+---------------------+--------------------+-------------------------+-------------------+
| FreeBSD 14.2 | PEND | SKIPPED | SKIPPED |
+---------------------+--------------------+-------------------------+-------------------+
| Windows Server 2022 | SKIPPED | PEND | PEND |
+---------------------+--------------------+-------------------------+-------------------+
Ubuntu 20.04
Kernel: 4.19
Compiler: gcc gcc (Ubuntu 9.4.0-1ubuntu1~20.04.2) 9.4.0
FreeBSD 14.2
Kernel: 14.2-RELEASE
Compiler: clang 18.1.6
Windows Server 2022
Kernel: 10.0.20348.2031
Compiler: clang 15.0.7, gcc 14.1.0 (MinGW), and MSVC VS 19.39.33521
To view detailed results, visit:
https://lab.dpdk.org/results/dashboard/patchsets/34197/
UNH-IOL DPDK Community Lab
To manage your email subscriptions, visit:
https://lab.dpdk.org/results/dashboard/preferences/subscriptions/
next prev parent reply other threads:[~2025-10-01 23:39 UTC|newest]
Thread overview: 16+ messages / expand[flat|nested] mbox.gz Atom feed top
[not found] <20251001231659.2297751-4-probb@iol.unh.edu>
2025-10-01 23:21 ` |SUCCESS| pw157204 [PATCH v4 3/3] dts: add performance test functions to test suite API checkpatch
2025-10-01 23:37 ` |FAILURE| pw157202-157204 [PATCH] [v4,3/3] dts: add performance test dpdklab
2025-10-01 23:39 ` dpdklab [this message]
2025-10-01 23:52 ` |PENDING| " dpdklab
2025-10-01 23:53 ` dpdklab
2025-10-01 23:53 ` |SUCCESS| " dpdklab
2025-10-01 23:54 ` dpdklab
2025-10-01 23:59 ` |PENDING| " dpdklab
2025-10-02 0:06 ` |SUCCESS| " dpdklab
2025-10-02 0:11 ` |FAILURE| " dpdklab
2025-10-02 0:12 ` dpdklab
2025-10-02 0:12 ` |SUCCESS| " dpdklab
2025-10-02 0:24 ` |FAILURE| " dpdklab
2025-10-02 0:42 ` |SUCCESS| " dpdklab
2025-10-02 0:48 ` dpdklab
2025-10-02 3:14 ` |WARNING| " dpdklab
Reply instructions:
You may reply publicly to this message via plain-text email
using any one of the following methods:
* Save the following mbox file, import it into your mail client,
and reply-to-all from there: mbox
Avoid top-posting and favor interleaved quoting:
https://en.wikipedia.org/wiki/Posting_style#Interleaved_style
* Reply using the --to, --cc, and --in-reply-to
switches of git-send-email(1):
git send-email \
--in-reply-to=68ddbbc5.050a0220.249d3.4562SMTPIN_ADDED_MISSING@mx.google.com \
--to=dpdklab@iol.unh.edu \
--cc=dpdk-test-reports@iol.unh.edu \
--cc=test-report@dpdk.org \
/path/to/YOUR_REPLY
https://kernel.org/pub/software/scm/git/docs/git-send-email.html
* If your mail client supports setting the In-Reply-To header
via mailto: links, try the mailto: link
Be sure your reply has a Subject: header at the top and a blank line
before the message body.
This is a public inbox, see mirroring instructions
for how to clone and mirror all data and code used for this inbox;
as well as URLs for NNTP newsgroup(s).