From mboxrd@z Thu Jan 1 00:00:00 1970 Return-Path: Received: from mails.dpdk.org (mails.dpdk.org [217.70.189.124]) by inbox.dpdk.org (Postfix) with ESMTP id 1E84348888 for ; Thu, 2 Oct 2025 02:11:56 +0200 (CEST) Received: from mails.dpdk.org (localhost [127.0.0.1]) by mails.dpdk.org (Postfix) with ESMTP id F3DD04027F; Thu, 2 Oct 2025 02:11:55 +0200 (CEST) Received: from mail-oa1-f98.google.com (mail-oa1-f98.google.com [209.85.160.98]) by mails.dpdk.org (Postfix) with ESMTP id BC7DB4027F for ; Thu, 2 Oct 2025 02:11:54 +0200 (CEST) Received: by mail-oa1-f98.google.com with SMTP id 586e51a60fabf-30cce50dfb4so334278fac.0 for ; Wed, 01 Oct 2025 17:11:54 -0700 (PDT) DKIM-Signature: v=1; a=rsa-sha256; c=relaxed/relaxed; d=iol.unh.edu; s=unh-iol; t=1759363914; x=1759968714; darn=dpdk.org; h=references:in-reply-to:cc:to:from:subject:message-id:date:from:to :cc:subject:date:message-id:reply-to; bh=IY91wRrMKyBUlErJIIp4gcAF1qyktmJFjulQenhZCaw=; b=UmkElORp3LX0rVrN7iH1vDHDvvdt2IcSW8OYqRPzN8aDvmwhV3+gvstPH6dcBP4Ndc Vy+OIXIiFeheTN2L7J0z8siHbirrAhnGIoJ5Qx07XMBhFH9R+usLBay7EE342H4TnMry 8NQAw/7ciBCDaddoUoBYqvyHg/Y6JxW0V8GuM= X-Google-DKIM-Signature: v=1; a=rsa-sha256; c=relaxed/relaxed; d=1e100.net; s=20230601; t=1759363914; x=1759968714; h=references:in-reply-to:cc:to:from:subject:message-id:date :x-gm-message-state:from:to:cc:subject:date:message-id:reply-to; bh=IY91wRrMKyBUlErJIIp4gcAF1qyktmJFjulQenhZCaw=; b=QgJuDvqIJgBMTJ1VSdbYSWN8pkO7z/OJWyB003gsks3WlUnXp13OemeRHPwjdoaWxu i4etolYYr9T5G/dQXtbnEMG12+qVAzTLxx4qAhyNhRZR0XlsTjmDK44HFImgwsd83egX ysrXsyjxqWqmcT8q8/NoANmwG6ySrdAS9L3QVGGAFyZV5vHB7bRFjZud2mVG9BeqiUG3 SecRGHtWnYcMmdxLYBkqpJS7LoDDOqVklaZESQFX83u03HzeehtvtMqEkKMKNNLw2qd5 V92CmIMxItOwAARRNEluQGfvL8WLTVfw+CmQ1Cbd2qgXOZr3L612Be4jPVEJxZv5Eyuo aNiQ== X-Gm-Message-State: AOJu0YyI9U44UzdB5p7vk2iccjtAiPXYrLPlP6do2Bmk/ksQ1E+WHdzj 3tOhFHz94+sOdlg/BeRasLQwz6XA1CH/hCE7rpnA93bM/p+nwtDDFJcMvF4CffIt++rTpOgl6am 55udCbbOuhFrNIzNkNdZrArItrZg3Y37ryVj4V5qRa7WhozHRI8qIqrPka+a1 X-Gm-Gg: ASbGnctDlLntUS0yrHgTAhYBc28Ax5fvuu9BhColzy/iSlY16PYuhQxYArSZha2GdJn 31ymWhu3Wl5hEsJKhSK41a2L9N4+70HJ5G+tSzo/0z0eM/kMalA6c+5BFaRiw/EFL7B6ukJ87xV 95e894MFvZLnH7GX6MKq0PW/XChSzgkXkaiSfZqvkGoVVVYKMHfHB66+pDAK/G2Yrdi7I3lu/uL ZaPB/93rhPzhh8A2auPK4q/nHCZkGauzJWae/yVvkOv7J7qJN+MEmCL+/CIiFzz3MrWf2zKtPi/ tXJTXEd9aDO+i7IfWK+TjD4ijRZjvcHUuT1F7Wx88XmIDZUvWmE/aks= X-Google-Smtp-Source: AGHT+IGQ4iCcSBaqWzirtuqxI4ePFv3zrSPiX0vReP5Km1geA7fV1ONU2rVnWTeQr8dytqWlmdqtR6tg7s1F X-Received: by 2002:a05:6870:f211:b0:315:7456:1ec2 with SMTP id 586e51a60fabf-39bba205414mr2876709fac.24.1759363914011; Wed, 01 Oct 2025 17:11:54 -0700 (PDT) Received: from postal.iol.unh.edu (postal.iol.unh.edu. [2606:4100:3880:1234::84]) by smtp-relay.gmail.com with ESMTPS id 586e51a60fabf-3ab79f515d9sm85936fac.5.2025.10.01.17.11.53 (version=TLS1_2 cipher=ECDHE-ECDSA-AES128-GCM-SHA256 bits=128/128); Wed, 01 Oct 2025 17:11:54 -0700 (PDT) X-Relaying-Domain: iol.unh.edu Date: Wed, 01 Oct 2025 17:11:54 -0700 (PDT) Message-ID: <68ddc34a.050a0220.f54d.61dcSMTPIN_ADDED_MISSING@mx.google.com> Received: from [172.21.0.3] (unknown [172.18.0.240]) by postal.iol.unh.edu (Postfix) with ESMTP id 19FF86051830; Wed, 1 Oct 2025 20:11:53 -0400 (EDT) Subject: |FAILURE| pw157202-157204 [PATCH] [v4,3/3] dts: add performance test From: dpdklab@iol.unh.edu To: Test Report Cc: dpdk-test-reports@iol.unh.edu, Patrick Robb In-Reply-To: <20251001231659.2297751-4-probb@iol.unh.edu> References: <20251001231659.2297751-4-probb@iol.unh.edu> Content-Type: text/plain X-BeenThere: test-report@dpdk.org X-Mailman-Version: 2.1.29 Precedence: list List-Id: automatic DPDK test reports List-Unsubscribe: , List-Archive: List-Post: List-Help: List-Subscribe: , Errors-To: test-report-bounces@dpdk.org Test-Label: iol-unit-amd64-testing Test-Status: FAILURE http://dpdk.org/patch/157204 _Testing issues_ Submitter: Patrick Robb Date: Wednesday, October 01 2025 23:16:59 DPDK git baseline: Repo:dpdk-next-dts Branch: master CommitID:b71d7bdf2b663f9fedc1d344b81a8cf65518026c 157202-157204 --> testing issues Upstream job id: Generic-Unit-Test-DPDK#377739 Test environment and result as below: +-------------------------------+----------------+ | Environment | dpdk_unit_test | +===============================+================+ | CentOS Stream 10 | PASS | +-------------------------------+----------------+ | CentOS Stream 9 | PASS | +-------------------------------+----------------+ | Debian GNU/Linux 12 | PASS | +-------------------------------+----------------+ | Fedora Linux 40 | PASS | +-------------------------------+----------------+ | Windows Server 2022 | FAIL | +-------------------------------+----------------+ | Fedora Linux 41 | PASS | +-------------------------------+----------------+ | Fedora Linux 42 | PASS | +-------------------------------+----------------+ | Red Hat Enterprise Linux 8.10 | PEND | +-------------------------------+----------------+ | Ubuntu 22.04 | PEND | +-------------------------------+----------------+ | Ubuntu 20.04 | PEND | +-------------------------------+----------------+ | Red Hat Enterprise Linux 9.5 | PEND | +-------------------------------+----------------+ | Ubuntu 24.04 | PEND | +-------------------------------+----------------+ ==== Unit test summary for Windows Server 2022 (dpdk_unit_test): ==== Failed to get the unit test results. Displaying the unit test results is not supported for some environments, such as our aarch32 testing, where meson is not used to run the tests. Download the logs available on our CI site. ==== End log output ==== CentOS Stream 10 Kernel: 5.15 Compiler: gcc gcc (GCC) 14.2.1 20250110 (Red Hat 14.2.1-8) CentOS Stream 9 Kernel: 5.15 Compiler: gcc gcc (GCC) 11.5.0 20240719 (Red Hat 11.5.0-11) Debian GNU/Linux 12 Kernel: 5.15 Compiler: gcc gcc (Debian 12.2.0-14+deb12u1) 12.2.0 Fedora Linux 40 Kernel: 5.15 Compiler: gcc gcc (GCC) 14.2.1 20240912 (Red Hat 14.2.1-3) Windows Server 2022 Kernel: 10.0.20348.2031 Compiler: clang 15.0.7, gcc 14.1.0 (MinGW), and MSVC VS 19.39.33521 Fedora Linux 41 Kernel: 5.15 Compiler: clang gcc (GCC) 14.3.1 20250523 (Red Hat 14.3.1-1) Fedora Linux 42 Kernel: 5.15 Compiler: gcc gcc (GCC) 15.2.1 20250808 (Red Hat 15.2.1-1) Red Hat Enterprise Linux 8.10 Kernel: 5.15 Compiler: gcc gcc (GCC) 8.5.0 20210514 (Red Hat 8.5.0-22) Ubuntu 22.04 Kernel: 5.15 Compiler: gcc gcc (Ubuntu 11.4.0-1ubuntu1~22.04) 11.4.0 Ubuntu 20.04 Kernel: 5.15 Compiler: gcc gcc (Ubuntu 9.4.0-1ubuntu1~20.04.2) 9.4.0 Red Hat Enterprise Linux 9.5 Kernel: 5.15 Compiler: gcc gcc (GCC) 11.5.0 20240719 (Red Hat 11.5.0-2) Ubuntu 24.04 Kernel: 5.15 Compiler: gcc gcc (Ubuntu 13.3.0-6ubuntu2~24.04) 13.3.0 To view detailed results, visit: https://lab.dpdk.org/results/dashboard/patchsets/34197/ UNH-IOL DPDK Community Lab To manage your email subscriptions, visit: https://lab.dpdk.org/results/dashboard/preferences/subscriptions/