From mboxrd@z Thu Jan 1 00:00:00 1970 Return-Path: Received: from mails.dpdk.org (mails.dpdk.org [217.70.189.124]) by inbox.dpdk.org (Postfix) with ESMTP id 3079748888 for ; Thu, 2 Oct 2025 02:12:08 +0200 (CEST) Received: from mails.dpdk.org (localhost [127.0.0.1]) by mails.dpdk.org (Postfix) with ESMTP id 229F24027F; Thu, 2 Oct 2025 02:12:08 +0200 (CEST) Received: from mail-pg1-f226.google.com (mail-pg1-f226.google.com [209.85.215.226]) by mails.dpdk.org (Postfix) with ESMTP id 159C14027F for ; Thu, 2 Oct 2025 02:12:07 +0200 (CEST) Received: by mail-pg1-f226.google.com with SMTP id 41be03b00d2f7-b5515eaefceso389564a12.2 for ; Wed, 01 Oct 2025 17:12:07 -0700 (PDT) DKIM-Signature: v=1; a=rsa-sha256; c=relaxed/relaxed; d=iol.unh.edu; s=unh-iol; t=1759363926; x=1759968726; darn=dpdk.org; h=references:in-reply-to:cc:to:from:subject:message-id:date:from:to :cc:subject:date:message-id:reply-to; bh=eyJKpoyIy5Veoj6ChqaX02JI63EZV2+0N97dbGDlegI=; b=FSfqEluEXU1cy/WMwrND52R1SIOCTRIj66V0MnZCVsZaqsZg0HISKhOGlwwt8fXrXR jh6FT+BftBTHDTrZyiHLMxfpGcvxo5i0E7qWyWE2xeF6VJHHOVH7qvzE8LXv78fHsFtf lBNO+XkfLVerEkiJxhfxIStsoafl+0jizzVtA= X-Google-DKIM-Signature: v=1; a=rsa-sha256; c=relaxed/relaxed; d=1e100.net; s=20230601; t=1759363926; x=1759968726; h=references:in-reply-to:cc:to:from:subject:message-id:date :x-gm-message-state:from:to:cc:subject:date:message-id:reply-to; bh=eyJKpoyIy5Veoj6ChqaX02JI63EZV2+0N97dbGDlegI=; b=qJ2WM4vgSnr2DKu/iZISzhC2VTFoE59vpRtPswXJmlzqhCEgBYD8JfKyhT1begJuML Z7XURLreT1c7aUyCFYgIwJyUXkzdQqaUto7prD4/INbUMrZwyDaZs3v5YSFKhzZgTHjg CmaxHYp6X7xxzIXAgSlJ0FDmgCmTO3RWxJ82f7BReKczOMZ3HXd2px4BIF6NNh/vlDYs BxWKOPHNoh23yT0ka9W6YAZab9WRirh/1TizQvzSv8dpsfgFyz/t1kmJ2iEWjzzUx2X3 rxrIFlQAS7bEbRtN/Bxb+8bQjBvp1WQAZqVZ2+Avh96ljoQblzgw1hhX/1HfZD1POup5 erEA== X-Gm-Message-State: AOJu0Yx9TPiN8okS+fF9IAM4LQmTiwuo3wpuhGth4cjuFwdLVNqAUZKF Qb9wN95gIYzV+rnzm0WmJcYZcWDu/o++SSlOwpKmJxX+MbpQ++fGfjMU4b6qwuCI+5tY84i1Yoz lUtgMREUECQLTIv1mZWdbBVoXvERIUGbmhik+6W/B7ksh X-Gm-Gg: ASbGnct5xAfGKM0jJhV8y8BIbD570pJPwesOFMhU50tHeKUrnAiWCCrShlT30IWaovM y0KfwCsHycoJOmf6+zFK7/wXqkuUiOhoApI6qKpAPEMrFekh/1gRthmvpwFcW4nbBlmFyUL/tgh AmFSaaJZXS/WNluB4gDZbLSpDD26gY7h8rbJailOXCaM3b7o5RVziBUmQ+gh/JCYTKju/dgkN2H 3XgL7lw1LiHdDP3rfjUxxW5uMm3BxPkM0kQl5KQYCfSsKqL/8Qg11DYQ8fD0+5Uu8A/i9pJuuZ1 hp9f6yWYXyqAJjCUGZilPC/+8SNUGlKksZZDsYFltMmEgmTVaMcqzVjaEFIgzo3AaT0/H0VHVEL YGQ== X-Google-Smtp-Source: AGHT+IHMZEeQ7Xe3ZQd1T7I9Fg9EX8Xr06BOvGc9c9JOaLqS95s1ao4nY+OTL024e33LX4TJi2IQFBs8CrEU X-Received: by 2002:a17:903:3d07:b0:27e:f201:ec94 with SMTP id d9443c01a7336-28e7f2a2fa2mr62004965ad.18.1759363926176; Wed, 01 Oct 2025 17:12:06 -0700 (PDT) Received: from postal.iol.unh.edu (postal.iol.unh.edu. [132.177.123.84]) by smtp-relay.gmail.com with ESMTPS id d9443c01a7336-28e8d19c89esm637025ad.62.2025.10.01.17.12.06 (version=TLS1_2 cipher=ECDHE-ECDSA-AES128-GCM-SHA256 bits=128/128); Wed, 01 Oct 2025 17:12:06 -0700 (PDT) X-Relaying-Domain: iol.unh.edu Date: Wed, 01 Oct 2025 17:12:06 -0700 (PDT) Message-ID: <68ddc356.170a0220.31a972.4263SMTPIN_ADDED_MISSING@mx.google.com> Received: from [172.21.0.3] (unknown [172.18.0.240]) by postal.iol.unh.edu (Postfix) with ESMTP id 705946051830; Wed, 1 Oct 2025 20:12:05 -0400 (EDT) Subject: |FAILURE| pw157202-157204 [PATCH] [v4,3/3] dts: add performance test From: dpdklab@iol.unh.edu To: Test Report Cc: dpdk-test-reports@iol.unh.edu, Patrick Robb In-Reply-To: <20251001231659.2297751-4-probb@iol.unh.edu> References: <20251001231659.2297751-4-probb@iol.unh.edu> Content-Type: text/plain X-BeenThere: test-report@dpdk.org X-Mailman-Version: 2.1.29 Precedence: list List-Id: automatic DPDK test reports List-Unsubscribe: , List-Archive: List-Post: List-Help: List-Subscribe: , Errors-To: test-report-bounces@dpdk.org Test-Label: iol-unit-amd64-testing Test-Status: FAILURE http://dpdk.org/patch/157204 _Testing issues_ Submitter: Patrick Robb Date: Wednesday, October 01 2025 23:16:59 DPDK git baseline: Repo:dpdk-next-dts Branch: master CommitID:b71d7bdf2b663f9fedc1d344b81a8cf65518026c 157202-157204 --> testing issues Upstream job id: Generic-VM-Unit-Test-DPDK#31534 Test environment and result as below: +-------------------------------+----------------+ | Environment | dpdk_unit_test | +===============================+================+ | CentOS Stream 10 | PASS | +-------------------------------+----------------+ | CentOS Stream 9 | PASS | +-------------------------------+----------------+ | Debian GNU/Linux 12 | PASS | +-------------------------------+----------------+ | Fedora Linux 40 | PASS | +-------------------------------+----------------+ | Windows Server 2022 | FAIL | +-------------------------------+----------------+ | Fedora Linux 41 | PASS | +-------------------------------+----------------+ | Fedora Linux 42 | PASS | +-------------------------------+----------------+ | Red Hat Enterprise Linux 8.10 | PEND | +-------------------------------+----------------+ | Ubuntu 22.04 | PEND | +-------------------------------+----------------+ | Ubuntu 20.04 | PEND | +-------------------------------+----------------+ | Red Hat Enterprise Linux 9.5 | PEND | +-------------------------------+----------------+ | Ubuntu 24.04 | PEND | +-------------------------------+----------------+ ==== Unit test summary for Windows Server 2022 (dpdk_unit_test): ==== Failed to get the unit test results. Displaying the unit test results is not supported for some environments, such as our aarch32 testing, where meson is not used to run the tests. Download the logs available on our CI site. ==== End log output ==== CentOS Stream 10 Kernel: 5.15 Compiler: gcc gcc (GCC) 14.2.1 20250110 (Red Hat 14.2.1-8) CentOS Stream 9 Kernel: 5.15 Compiler: gcc gcc (GCC) 11.5.0 20240719 (Red Hat 11.5.0-11) Debian GNU/Linux 12 Kernel: 5.15 Compiler: gcc gcc (Debian 12.2.0-14+deb12u1) 12.2.0 Fedora Linux 40 Kernel: 5.15 Compiler: gcc gcc (GCC) 14.2.1 20240912 (Red Hat 14.2.1-3) Windows Server 2022 Kernel: 10.0.20348.2031 Compiler: clang 15.0.7, gcc 14.1.0 (MinGW), and MSVC VS 19.39.33521 Fedora Linux 41 Kernel: 5.15 Compiler: clang gcc (GCC) 14.3.1 20250523 (Red Hat 14.3.1-1) Fedora Linux 42 Kernel: 5.15 Compiler: gcc gcc (GCC) 15.2.1 20250808 (Red Hat 15.2.1-1) Red Hat Enterprise Linux 8.10 Kernel: 5.15 Compiler: gcc gcc (GCC) 8.5.0 20210514 (Red Hat 8.5.0-22) Ubuntu 22.04 Kernel: 5.15 Compiler: gcc gcc (Ubuntu 11.4.0-1ubuntu1~22.04) 11.4.0 Ubuntu 20.04 Kernel: 5.15 Compiler: gcc gcc (Ubuntu 9.4.0-1ubuntu1~20.04.2) 9.4.0 Red Hat Enterprise Linux 9.5 Kernel: 5.15 Compiler: gcc gcc (GCC) 11.5.0 20240719 (Red Hat 11.5.0-2) Ubuntu 24.04 Kernel: 5.15 Compiler: gcc gcc (Ubuntu 13.3.0-6ubuntu2~24.04) 13.3.0 To view detailed results, visit: https://lab.dpdk.org/results/dashboard/patchsets/34197/ UNH-IOL DPDK Community Lab To manage your email subscriptions, visit: https://lab.dpdk.org/results/dashboard/preferences/subscriptions/