From mboxrd@z Thu Jan 1 00:00:00 1970 Return-Path: Received: from mails.dpdk.org (mails.dpdk.org [217.70.189.124]) by inbox.dpdk.org (Postfix) with ESMTP id 69B4548888 for ; Thu, 2 Oct 2025 02:24:23 +0200 (CEST) Received: from mails.dpdk.org (localhost [127.0.0.1]) by mails.dpdk.org (Postfix) with ESMTP id 5E0CE4027F; Thu, 2 Oct 2025 02:24:23 +0200 (CEST) Received: from mail-qv1-f98.google.com (mail-qv1-f98.google.com [209.85.219.98]) by mails.dpdk.org (Postfix) with ESMTP id BFB7F4027F for ; Thu, 2 Oct 2025 02:24:21 +0200 (CEST) Received: by mail-qv1-f98.google.com with SMTP id 6a1803df08f44-78e9f48da30so4591106d6.1 for ; Wed, 01 Oct 2025 17:24:21 -0700 (PDT) DKIM-Signature: v=1; a=rsa-sha256; c=relaxed/relaxed; d=iol.unh.edu; s=unh-iol; t=1759364661; x=1759969461; darn=dpdk.org; h=references:in-reply-to:cc:to:from:subject:message-id:date:from:to :cc:subject:date:message-id:reply-to; bh=xN9d4ZSYDWH6mzbbNX0b9C/txlGkAKcmQBdmEq8WP6Q=; b=OqsoDAKebWjPVdJhAAUj875KB8rOI0BUuk3hSLDurwsbBn6ovDtOJ8RNKDO9yV+yBG 6GQRtBhvdp5kOzfwot7s6l6PWYQdlI+ffm51o8l0yrZV9cwVxOa2+pwaL6wCCb6v2Whb Y4N4OdxXkl1AUR/vip4H+CaVL0tGZ8oDVi59Y= X-Google-DKIM-Signature: v=1; a=rsa-sha256; c=relaxed/relaxed; d=1e100.net; s=20230601; t=1759364661; x=1759969461; h=references:in-reply-to:cc:to:from:subject:message-id:date :x-gm-message-state:from:to:cc:subject:date:message-id:reply-to; bh=xN9d4ZSYDWH6mzbbNX0b9C/txlGkAKcmQBdmEq8WP6Q=; b=a0+Jhfi0ZdtRI2ot8TF3L1q34uc4W+wBUwGEAuJzV56NP1hbYRf+dP9Id8nZqrLMkw Lkb48p4dCNYGHO+u0Kkf2MH/Y1jdyb4VED1NcvuI3izxJzUDbew+lNxiwW+Udk4dGU9m 3sTvnz8YeYXnXb83hdo7RLoI+O/YEqy2dsW52gO/3GnpgJ6/D0gvuhAp8BcW8TaFE0hV G2qbkj/YzoapTScqrgX/htpzeHJ3VkUd76tI+A/PB5W1I8femOFMlCnwmFcCgOI3uAqJ DmIzvdzxwMltTdFv/FHaoOx9S7s1R28P+N4n0Cu/nQXKfQ5KA1wnNOVcIH9JfnEVUUxv 5Erg== X-Gm-Message-State: AOJu0Yx4WGDNGIrCm1ZAH6A6yzeHRHNwNJXYAV6bUZCfLS98PAelwN3O uUew7rN1tsVcmU2wcbOX3CrziqLQBBa4yg6kBvF5TcjcGZPW+TJCuDhcvNvBiuxHGbT+ZNfTDhS c+jAU0AH1wJN0mLxWRKM2lKO9z1KaLwwgovagUz3bqtO1 X-Gm-Gg: ASbGncsQrcitR9RkIG74YWVZS1ayy1vrsf6n3BS2WK1tADm570N5Iw7Nb9FqprKsLvp pMm+DgjnpqP/QBT2jhBhm1IgUXbAx2u8ZVvVNOmvvJauGTWR3HOhtExEBhdp4tqXn2/3HnJ/rrK yCJ1rj68EOgQCkMdXu6fW8Dth42lkG+5RvBliR+SV1hv+zaBoUFKr5xMH7lrAUCpSdrEnmir5uL rR9tg4/A9Xri4yPjtlY3izalzOekZyM5nKe0NPSFSSKhVEgSijXW7cbwrDmbA3/wdvjp+1F1iuc iNcaOKk9aR8mz7b4nXXbQReyep4CY10xklgLyuypzWt7KzO+LPDMA4eqDKITzYZXOWJFkYxyruI TAg== X-Google-Smtp-Source: AGHT+IH6oQhdGkAIe9pFMZQQTEycrOPIFJEovNO2TYVsqSBR2WhtdapepIXy961Am0XPGBqvXf7Qyvc240B7 X-Received: by 2002:a05:6214:570a:b0:822:4bfd:ab with SMTP id 6a1803df08f44-873a0130514mr73693486d6.28.1759364660042; Wed, 01 Oct 2025 17:24:20 -0700 (PDT) Received: from postal.iol.unh.edu (postal.iol.unh.edu. [132.177.123.84]) by smtp-relay.gmail.com with ESMTPS id 6a1803df08f44-878bda73819sm689296d6.25.2025.10.01.17.24.19 (version=TLS1_2 cipher=ECDHE-ECDSA-AES128-GCM-SHA256 bits=128/128); Wed, 01 Oct 2025 17:24:20 -0700 (PDT) X-Relaying-Domain: iol.unh.edu Date: Wed, 01 Oct 2025 17:24:20 -0700 (PDT) Message-ID: <68ddc634.d40a0220.fe7ba.4903SMTPIN_ADDED_MISSING@mx.google.com> Received: from [172.21.0.4] (unknown [172.18.0.240]) by postal.iol.unh.edu (Postfix) with ESMTP id AA8A86051830; Wed, 1 Oct 2025 20:24:19 -0400 (EDT) Subject: |FAILURE| pw157202-157204 [PATCH] [v4,3/3] dts: add performance test From: dpdklab@iol.unh.edu To: Test Report Cc: dpdk-test-reports@iol.unh.edu, Patrick Robb In-Reply-To: <20251001231659.2297751-4-probb@iol.unh.edu> References: <20251001231659.2297751-4-probb@iol.unh.edu> Content-Type: text/plain X-BeenThere: test-report@dpdk.org X-Mailman-Version: 2.1.29 Precedence: list List-Id: automatic DPDK test reports List-Unsubscribe: , List-Archive: List-Post: List-Help: List-Subscribe: , Errors-To: test-report-bounces@dpdk.org Test-Label: iol-unit-amd64-testing Test-Status: FAILURE http://dpdk.org/patch/157204 _Testing issues_ Submitter: Patrick Robb Date: Wednesday, October 01 2025 23:16:59 DPDK git baseline: Repo:dpdk-next-dts Branch: master CommitID:b71d7bdf2b663f9fedc1d344b81a8cf65518026c 157202-157204 --> testing issues Upstream job id: Generic-Unit-Test-DPDK#377750 Test environment and result as below: +-------------------------------+----------------+ | Environment | dpdk_unit_test | +===============================+================+ | CentOS Stream 10 | PASS | +-------------------------------+----------------+ | CentOS Stream 9 | PASS | +-------------------------------+----------------+ | Debian GNU/Linux 12 | PASS | +-------------------------------+----------------+ | Fedora Linux 40 | PASS | +-------------------------------+----------------+ | Windows Server 2022 | FAIL | +-------------------------------+----------------+ | Fedora Linux 41 | PASS | +-------------------------------+----------------+ | Fedora Linux 42 | PASS | +-------------------------------+----------------+ | Red Hat Enterprise Linux 8.10 | PASS | +-------------------------------+----------------+ | Ubuntu 22.04 | PASS | +-------------------------------+----------------+ | Ubuntu 20.04 | PASS | +-------------------------------+----------------+ | Red Hat Enterprise Linux 9.5 | PASS | +-------------------------------+----------------+ | Ubuntu 24.04 | PASS | +-------------------------------+----------------+ ==== Unit test summary for Windows Server 2022 (dpdk_unit_test): ==== Failed to get the unit test results. Displaying the unit test results is not supported for some environments, such as our aarch32 testing, where meson is not used to run the tests. Download the logs available on our CI site. ==== End log output ==== CentOS Stream 10 Kernel: 5.15 Compiler: gcc gcc (GCC) 14.2.1 20250110 (Red Hat 14.2.1-8) CentOS Stream 9 Kernel: 5.15 Compiler: gcc gcc (GCC) 11.5.0 20240719 (Red Hat 11.5.0-11) Debian GNU/Linux 12 Kernel: 5.15 Compiler: gcc gcc (Debian 12.2.0-14+deb12u1) 12.2.0 Fedora Linux 40 Kernel: 5.15 Compiler: gcc gcc (GCC) 14.2.1 20240912 (Red Hat 14.2.1-3) Windows Server 2022 Kernel: 10.0.20348.2031 Compiler: clang 15.0.7, gcc 14.1.0 (MinGW), and MSVC VS 19.39.33521 Fedora Linux 41 Kernel: 5.15 Compiler: clang gcc (GCC) 14.3.1 20250523 (Red Hat 14.3.1-1) Fedora Linux 42 Kernel: 5.15 Compiler: gcc gcc (GCC) 15.2.1 20250808 (Red Hat 15.2.1-1) Red Hat Enterprise Linux 8.10 Kernel: 5.15 Compiler: gcc gcc (GCC) 8.5.0 20210514 (Red Hat 8.5.0-22) Ubuntu 22.04 Kernel: 5.15 Compiler: gcc gcc (Ubuntu 11.4.0-1ubuntu1~22.04) 11.4.0 Ubuntu 20.04 Kernel: 5.15 Compiler: gcc gcc (Ubuntu 9.4.0-1ubuntu1~20.04.2) 9.4.0 Red Hat Enterprise Linux 9.5 Kernel: 5.15 Compiler: gcc gcc (GCC) 11.5.0 20240719 (Red Hat 11.5.0-2) Ubuntu 24.04 Kernel: 5.15 Compiler: gcc gcc (Ubuntu 13.3.0-6ubuntu2~24.04) 13.3.0 To view detailed results, visit: https://lab.dpdk.org/results/dashboard/patchsets/34197/ UNH-IOL DPDK Community Lab To manage your email subscriptions, visit: https://lab.dpdk.org/results/dashboard/preferences/subscriptions/