From mboxrd@z Thu Jan 1 00:00:00 1970 Return-Path: Received: from mails.dpdk.org (mails.dpdk.org [217.70.189.124]) by inbox.dpdk.org (Postfix) with ESMTP id 2028A48889 for ; Thu, 2 Oct 2025 06:28:10 +0200 (CEST) Received: from mails.dpdk.org (localhost [127.0.0.1]) by mails.dpdk.org (Postfix) with ESMTP id EB79E4068A; Thu, 2 Oct 2025 06:28:09 +0200 (CEST) Received: from mail-yw1-f228.google.com (mail-yw1-f228.google.com [209.85.128.228]) by mails.dpdk.org (Postfix) with ESMTP id CEEE24068A for ; Thu, 2 Oct 2025 06:28:08 +0200 (CEST) Received: by mail-yw1-f228.google.com with SMTP id 00721157ae682-77636fb28f6so6110567b3.1 for ; Wed, 01 Oct 2025 21:28:08 -0700 (PDT) DKIM-Signature: v=1; a=rsa-sha256; c=relaxed/relaxed; d=iol.unh.edu; s=unh-iol; t=1759379288; x=1759984088; darn=dpdk.org; h=cc:to:from:subject:message-id:date:from:to:cc:subject:date :message-id:reply-to; bh=JAkZqjL1rTENK6H6irX7tjsGgbBfCEm4mU/MQk42OCE=; b=ggDWFeiNK8VJCaf23agrGcUT6vGQNl5iR5jw6sWWRNhdJmzjqgA7uBfwJCZgkU/5XX rxROKwZl4PuxlSlY3b8wMH3P4wyn70FjRE6lW7aXj0RoVUM5A/Z/PYbkqZyZ8uqHCfCR Kx6ifl1pbEHF9hxcmINcH9ETNFmb1imGGmv2Q= X-Google-DKIM-Signature: v=1; a=rsa-sha256; c=relaxed/relaxed; d=1e100.net; s=20230601; t=1759379288; x=1759984088; h=cc:to:from:subject:message-id:date:x-gm-message-state:from:to:cc :subject:date:message-id:reply-to; bh=JAkZqjL1rTENK6H6irX7tjsGgbBfCEm4mU/MQk42OCE=; b=Q0riKjiA6sqA3H/zb7ROwzVGTXJX3NfuTEzvgfs1ydwD3I+pkLWjSqjdV9v0dUinUU zBXnwX1BADEbHDeowFFnQxFNI5Nha+1a97fFH0LqVPe828XyF2VJg/gvETuQzUkdkkwG 5SN6EVRG8tYR1N9vpZkAfOSrnpYJZAr62y9XJe0cJIv4qelpTzim6egaAlSLaoLrhO1F lsuJKSFzKeePQbVCWygifuLCXJSk2fQ1fWol/ybLoBtiKE/WSm6WiC2zANp29s1yDuD5 rnmNfaLL5OidrsjPYdrDZBxCHvnmclG0chvR9jeX/MPHJrMsGkD/tzqhAplHgjNG+dx/ vA9A== X-Gm-Message-State: AOJu0YyrBvBWqPnoEnvuzMdq2Hiq2lSLcSCGj9LIPhmwG4CDjdBvfCkW q97nrJ4PrDU5FeuN8Gt8yBLmeCMhbSPH5VagGpHKbcS8V5+ifCAwGcrDHORPobFKhDsSZiIxv90 fNUG19DNFvmVkBfqhF1cN6+Qc8rC0zXMuktBtUMcbj+bmcMA3KtiQ X-Gm-Gg: ASbGncs31emL/dZC8TxIY6pHAqsA4xHDXjVu02YVwnma9RY/SAEQqZLifQDnb8O2vfC Gmo2tnozcPRqbLVFIQ0GyiYTYBh4d+Ct9Vz/WdSqLwBCSQBHVST4jxrSjeQrCOlMN8Zp15VcUOM ObaM/rBcaX1ybaelfxqGJ5nRsMVZVDxRyvX4nEviASg0VDy8bXGamXea4bOo8Rw7/ft0hGTdfPS BJf0sdI6CVz/DriQfbQB4hrmJbk/r8Cn6mcTOuaw0cJsj1bE+CEnoXlzqzkrneyuOhnTv9rb5/8 InTNs5HRMJQKzJqCsrbYxNVS3hXd1qnqyi7XP3iS1rmbCruQFXvxug4= X-Google-Smtp-Source: AGHT+IH0faR1ers8HGGFZ2tFkjih/EtePZGaqaOeDeTvKIX9ogtlazEnrS9bF8VoNK0e6e0YaEwKfAFCHV2J X-Received: by 2002:a05:690c:698e:b0:77f:7108:bd88 with SMTP id 00721157ae682-77f7108e7b1mr64253057b3.32.1759379288077; Wed, 01 Oct 2025 21:28:08 -0700 (PDT) Received: from postal.iol.unh.edu (postal.iol.unh.edu. [2606:4100:3880:1234::84]) by smtp-relay.gmail.com with ESMTPS id 00721157ae682-77f81d03f6bsm697517b3.22.2025.10.01.21.28.08 (version=TLS1_2 cipher=ECDHE-ECDSA-AES128-GCM-SHA256 bits=128/128); Wed, 01 Oct 2025 21:28:08 -0700 (PDT) X-Relaying-Domain: iol.unh.edu Date: Wed, 01 Oct 2025 21:28:08 -0700 (PDT) Message-ID: <68ddff58.050a0220.20ca6d.456cSMTPIN_ADDED_MISSING@mx.google.com> Received: from [172.21.0.2] (unknown [172.18.0.240]) by postal.iol.unh.edu (Postfix) with ESMTP id 8F2086051830; Thu, 2 Oct 2025 00:28:07 -0400 (EDT) Subject: |FAILURE| [GIT MASTER] 62f583c49bf67dd4d6733ece14e55fe6839e66d1 From: dpdklab@iol.unh.edu To: Test Report Cc: dpdk-test-reports@iol.unh.edu, Xueming Li , Christian Ehrhardt , Kevin Traynor , Luca Boccassi Content-Type: text/plain X-BeenThere: test-report@dpdk.org X-Mailman-Version: 2.1.29 Precedence: list List-Id: automatic DPDK test reports List-Unsubscribe: , List-Archive: List-Post: List-Help: List-Subscribe: , Errors-To: test-report-bounces@dpdk.org _Testing issues_ Branch: tags/v23.11 62f583c49bf67dd4d6733ece14e55fe6839e66d1 --> testing issues Upstream job id: Windows-Compile-DPDK-Native#31373 Test environment and result as below: +---------------------+--------------------+-------------------+-------------------------+ | Environment | dpdk_meson_compile | dpdk_msvc_compile | dpdk_llvm_clang_compile | +=====================+====================+===================+=========================+ | Ubuntu 20.04 | PASS | SKIPPED | SKIPPED | +---------------------+--------------------+-------------------+-------------------------+ | FreeBSD 14.2 | PASS | SKIPPED | SKIPPED | +---------------------+--------------------+-------------------+-------------------------+ | Windows Server 2022 | SKIPPED | PASS | FAIL | +---------------------+--------------------+-------------------+-------------------------+ ==== 20 line log output for Windows Server 2022 (dpdk_llvm_clang_compile): ==== Compiler for C supports arguments -mavx512f: YES (cached) Compiler for C supports arguments -mavx512bw: YES (cached) Compiler for C supports arguments -mavx512dq: YES (cached) Compiler for C supports arguments -march=skylake-avx512: YES Message: drivers/common/idpf: Defining dependency "common_idpf" Message: drivers/bus/auxiliary: Defining dependency "bus_auxiliary" Compiler for C supports arguments -Wno-cast-qual: YES (cached) Compiler for C supports arguments -Wno-pointer-arith: YES (cached) Message: drivers/bus/pci: Defining dependency "bus_pci" Message: drivers/bus/vdev: Defining dependency "bus_vdev" Compiler for C supports arguments -std=c11: YES Compiler for C supports arguments -Wno-strict-prototypes: YES Compiler for C supports arguments -D_BSD_SOURCE: YES Compiler for C supports arguments -D_DEFAULT_SOURCE: YES Compiler for C supports arguments -D_XOPEN_SOURCE=600: YES Has header "mlx5devx.h" : YES drivers\common\mlx5\windows\meson.build:10:13: ERROR: C shared or static library 'mlx5devx' not found A full log can be found at C:\Users\builder\jenkins\workspace\Windows-Compile-DPDK-Native\dpdk\build\meson-logs\meson-log.txt ==== End log output ==== Ubuntu 20.04 Kernel: 4.19 Compiler: gcc gcc (Ubuntu 9.4.0-1ubuntu1~20.04.2) 9.4.0 FreeBSD 14.2 Kernel: 14.2-RELEASE Compiler: clang 18.1.6 Windows Server 2022 Kernel: 10.0.20348.2031 Compiler: clang 15.0.7, gcc 14.1.0 (MinGW), and MSVC VS 19.39.33521 To view detailed results, visit: https://lab.dpdk.org/results/dashboard/tarballs/35084/ UNH-IOL DPDK Community Lab To manage your email subscriptions, visit: https://lab.dpdk.org/results/dashboard/preferences/subscriptions/