From mboxrd@z Thu Jan 1 00:00:00 1970 Return-Path: Received: from mails.dpdk.org (mails.dpdk.org [217.70.189.124]) by inbox.dpdk.org (Postfix) with ESMTP id 9611648886 for ; Thu, 2 Oct 2025 06:32:29 +0200 (CEST) Received: from mails.dpdk.org (localhost [127.0.0.1]) by mails.dpdk.org (Postfix) with ESMTP id 918624068A; Thu, 2 Oct 2025 06:32:29 +0200 (CEST) Received: from mail-vs1-f100.google.com (mail-vs1-f100.google.com [209.85.217.100]) by mails.dpdk.org (Postfix) with ESMTP id 179514068A for ; Thu, 2 Oct 2025 06:32:29 +0200 (CEST) Received: by mail-vs1-f100.google.com with SMTP id ada2fe7eead31-574d36a8c11so275955137.1 for ; Wed, 01 Oct 2025 21:32:29 -0700 (PDT) DKIM-Signature: v=1; a=rsa-sha256; c=relaxed/relaxed; d=iol.unh.edu; s=unh-iol; t=1759379548; x=1759984348; darn=dpdk.org; h=cc:to:from:subject:message-id:date:from:to:cc:subject:date :message-id:reply-to; bh=aO6PM/tzVluvA3W22KU3Or/hVzm+wli2Jd1G661yEYE=; b=ADbFnFOjeQKOgTOI5/cstFJRTlTuyx0O0T/oIyBqXAj0CqGswA6CCKulIBtOTv91Jp P7w0iR5qcf88QsMBQPb4NmLavyX2ycfGe944iY+o7/Zv7FiOcCKZFLshjU1j2fU782mu PVl5r+63TqGGqG/8onRF2sHJ/nRR9upipTU5E= X-Google-DKIM-Signature: v=1; a=rsa-sha256; c=relaxed/relaxed; d=1e100.net; s=20230601; t=1759379548; x=1759984348; h=cc:to:from:subject:message-id:date:x-gm-message-state:from:to:cc :subject:date:message-id:reply-to; bh=aO6PM/tzVluvA3W22KU3Or/hVzm+wli2Jd1G661yEYE=; b=XeQHw90LWdwSed03A12bYcCWrMjlxgXKzqnaqw2QI1X/DpSObG7h2tfyDda5Y3Tlj3 5xM5NB6ow/vobGrDvsKUKRrHHmdHSH5XDioF3Q7zKVnEAqqHz2lzWPI+MqTzQmB6Nq+L KdGTmq1eJgUsjmFigEyRy/t5k+hOWzYlOfzuYF60LNzXVlND0k4wc63NYs0DD1Ts0bw8 T3/xwehYap3T92fpToYog7xR5SBfBWedUEBU4evR1EeMhx5J+77Tux2kndfZRsFJWOb4 UWpzpTOkNwDXB90PFIa6zMjrkJRhTNw/BJcCEaAbql5ZP0AOV0J/FFSF3MiP9+HPXl+s TW1w== X-Gm-Message-State: AOJu0YxsW2xXMK7qI+hALFMFBSXpeaaXcPyuh8Auz1luB3U35P4gWcpB 6ImEnUvYE3ja4O3Mg42+efJxRnZk2JNP/Cd4o/CPpKNDzMT1K2Mt69tCk7w/VQvaxFI41+MtOpU 1pLWsBWWhKpwsacW1yJc6ltU51KxV7EokZQ38 X-Gm-Gg: ASbGncvD8rwkpbGxtUH/22NVdOcmKctZ4hBNckNInY83b8Ddqr7iybeTM5X5J0HKElA tIRpTo/EGmRWxN4H0jGuz/B8qD3DDYDkb41BHlb3Erk2Pia9pn9BnJ6yFgbMjFJkMkK2Wt+w75O LSaH3w6z3cKgTd3R9n6/M4CUOyKKt65I5GyaCpwh01rhPHqZiTA6ihezpcMKYxyVVREpzmlnZal +fSo5tzQWxxJ7jfMed0ajrw7L67UZ1yq5vgDKqwGdxDeDNxyOZsWVizxq5wI5l4vZ8Om+TM+uJT vrVERxKUbJ72HwjYsU9B5h2sKKciYBlOjySlX/pwAyXehrkxSbj3EjNQwsBQvRV4lhjF/Qi4vOP TOg== X-Google-Smtp-Source: AGHT+IHLdeHlmnK7TcdBRhao+dOlrkv6mQdd0FuS6IfBBKEPPlniyR1PHoSK7RATnXZhkAaJE9YZBifpm+15 X-Received: by 2002:a05:6102:161e:b0:4fd:35ca:6df5 with SMTP id ada2fe7eead31-5d3fe514b9emr2315034137.7.1759379548386; Wed, 01 Oct 2025 21:32:28 -0700 (PDT) Received: from postal.iol.unh.edu (postal.iol.unh.edu. [132.177.123.84]) by smtp-relay.gmail.com with ESMTPS id ada2fe7eead31-5d40c8658a0sm122044137.3.2025.10.01.21.32.28 (version=TLS1_2 cipher=ECDHE-ECDSA-AES128-GCM-SHA256 bits=128/128); Wed, 01 Oct 2025 21:32:28 -0700 (PDT) X-Relaying-Domain: iol.unh.edu Date: Wed, 01 Oct 2025 21:32:28 -0700 (PDT) Message-ID: <68de005c.050a0220.1ee648.7b7eSMTPIN_ADDED_MISSING@mx.google.com> Received: from [172.21.0.2] (unknown [172.18.0.240]) by postal.iol.unh.edu (Postfix) with ESMTP id D68396051830; Thu, 2 Oct 2025 00:32:27 -0400 (EDT) Subject: |FAILURE| [GIT MASTER] 62f583c49bf67dd4d6733ece14e55fe6839e66d1 From: dpdklab@iol.unh.edu To: Test Report Cc: dpdk-test-reports@iol.unh.edu, Xueming Li , Christian Ehrhardt , Kevin Traynor , Luca Boccassi Content-Type: text/plain X-BeenThere: test-report@dpdk.org X-Mailman-Version: 2.1.29 Precedence: list List-Id: automatic DPDK test reports List-Unsubscribe: , List-Archive: List-Post: List-Help: List-Subscribe: , Errors-To: test-report-bounces@dpdk.org _Testing issues_ Branch: tags/v23.11 62f583c49bf67dd4d6733ece14e55fe6839e66d1 --> testing issues Upstream job id: Windows-Compile-DPDK-Native#31374 Test environment and result as below: +---------------------+--------------------+-------------------+-------------------------+----------------------+ | Environment | dpdk_meson_compile | dpdk_msvc_compile | dpdk_llvm_clang_compile | dpdk_mingw64_compile | +=====================+====================+===================+=========================+======================+ | Ubuntu 20.04 | PASS | SKIPPED | SKIPPED | SKIPPED | +---------------------+--------------------+-------------------+-------------------------+----------------------+ | FreeBSD 14.2 | PASS | SKIPPED | SKIPPED | SKIPPED | +---------------------+--------------------+-------------------+-------------------------+----------------------+ | Windows Server 2022 | SKIPPED | PASS | FAIL | PASS | +---------------------+--------------------+-------------------+-------------------------+----------------------+ ==== 20 line log output for Windows Server 2022 (dpdk_llvm_clang_compile): ==== Compiler for C supports arguments -mavx512f: YES (cached) Compiler for C supports arguments -mavx512bw: YES (cached) Compiler for C supports arguments -mavx512dq: YES (cached) Compiler for C supports arguments -march=skylake-avx512: YES Message: drivers/common/idpf: Defining dependency "common_idpf" Message: drivers/bus/auxiliary: Defining dependency "bus_auxiliary" Compiler for C supports arguments -Wno-cast-qual: YES (cached) Compiler for C supports arguments -Wno-pointer-arith: YES (cached) Message: drivers/bus/pci: Defining dependency "bus_pci" Message: drivers/bus/vdev: Defining dependency "bus_vdev" Compiler for C supports arguments -std=c11: YES Compiler for C supports arguments -Wno-strict-prototypes: YES Compiler for C supports arguments -D_BSD_SOURCE: YES Compiler for C supports arguments -D_DEFAULT_SOURCE: YES Compiler for C supports arguments -D_XOPEN_SOURCE=600: YES Has header "mlx5devx.h" : YES drivers\common\mlx5\windows\meson.build:10:13: ERROR: C shared or static library 'mlx5devx' not found A full log can be found at C:\Users\builder\jenkins\workspace\Windows-Compile-DPDK-Native\dpdk\build\meson-logs\meson-log.txt ==== End log output ==== Ubuntu 20.04 Kernel: 4.19 Compiler: gcc gcc (Ubuntu 9.4.0-1ubuntu1~20.04.2) 9.4.0 FreeBSD 14.2 Kernel: 14.2-RELEASE Compiler: clang 18.1.6 Windows Server 2022 Kernel: 10.0.20348.2031 Compiler: clang 15.0.7, gcc 14.1.0 (MinGW), and MSVC VS 19.39.33521 To view detailed results, visit: https://lab.dpdk.org/results/dashboard/tarballs/35084/ UNH-IOL DPDK Community Lab To manage your email subscriptions, visit: https://lab.dpdk.org/results/dashboard/preferences/subscriptions/