From mboxrd@z Thu Jan 1 00:00:00 1970 Return-Path: Received: from mails.dpdk.org (mails.dpdk.org [217.70.189.124]) by inbox.dpdk.org (Postfix) with ESMTP id 2A7FE48889 for ; Thu, 2 Oct 2025 07:05:06 +0200 (CEST) Received: from mails.dpdk.org (localhost [127.0.0.1]) by mails.dpdk.org (Postfix) with ESMTP id 006BD4068A; Thu, 2 Oct 2025 07:05:06 +0200 (CEST) Received: from mail-pf1-f227.google.com (mail-pf1-f227.google.com [209.85.210.227]) by mails.dpdk.org (Postfix) with ESMTP id C2D524068A for ; Thu, 2 Oct 2025 07:05:04 +0200 (CEST) Received: by mail-pf1-f227.google.com with SMTP id d2e1a72fcca58-781251eec51so658051b3a.3 for ; Wed, 01 Oct 2025 22:05:04 -0700 (PDT) DKIM-Signature: v=1; a=rsa-sha256; c=relaxed/relaxed; d=iol.unh.edu; s=unh-iol; t=1759381504; x=1759986304; darn=dpdk.org; h=cc:to:from:subject:message-id:date:from:to:cc:subject:date :message-id:reply-to; bh=kgdY7+GubhvvXlO3I7Y6mBTI6SK8MJjP+oLYDITonps=; b=IuWuOIL4uGHK+sj4GvmyyMQKFUHApGgvwzIEwkvlf49Sf2l913rCnzHmTKeK4ijp3I 2BgrD2MYR7fxpTCf/FfUGP1PsRNZSpouAkI5gZXU7dhyctLT9AD2O59MNPsyzVLVSY/y NgF3zOobTD0MqLPPmciT9QO1a4+9sXg/j5S1k= X-Google-DKIM-Signature: v=1; a=rsa-sha256; c=relaxed/relaxed; d=1e100.net; s=20230601; t=1759381504; x=1759986304; h=cc:to:from:subject:message-id:date:x-gm-message-state:from:to:cc :subject:date:message-id:reply-to; bh=kgdY7+GubhvvXlO3I7Y6mBTI6SK8MJjP+oLYDITonps=; b=lS+sURlP9OK8VBPHdWtePwj+Toqa4Urfxy5/l282/hc1vs+f1VlloM8f4bfypUxm3q skKIIfefWidWCVqYxjidwsc+PF7RDZZsxLwJaLx+tcI0uAr2vRYlXZXlF1Y8lZZTjFVt ALSRfRqwb4hsWACOMPVwIq28a/Azxu5XenvZWgS6seY/qUAZhyyUWq0z5/cRysk+0Tm8 +IdA2tdXvZ2Ji2OtlTu5EsQSeUQMmxiJ8CKoRRCFxR9m6kTgcNhyu1OOe1TKl3zfugnI Z0AMk8EIrMDT+EkbgmAaXE8fdHMIEspYKKwLHj8SHWdaP9DqJ2XehBkn7EZW0OIMbfnl KTdQ== X-Gm-Message-State: AOJu0YxwTtBdRkPd6l8bJnLvdp8wIbNGbB1J/vcyzqg0C743n1glap2a zPVpKEuzNInS0p2fsVrWzrtQqMSRQwyP+SZ8oDNhgyFmqL+KmIh8ZGme1oIQ7fPoszqzFZEPJ5d XFOnSeT0lo2M/yO2XokxVqPwrFBN5NztHhQy7fXfkDCCkmmeT/7Hv X-Gm-Gg: ASbGncuXKDBgiptVcJnwOs3nw+lpzaRnx/Ve0s69y10BFDeLotHktoedQEpLW0dwP+p DnaaQXzgFJ7isd1yz1OVMG0ZKf1Pyo0S6DucP0DUvAhZqaU7wPnPPupFF3OaD5V9jNdARSzs69B SGghnFEsRXbLJnU/9l4b/V9Qu4s3TSWKuv0zlPWZ68dl41L/0155CsgmF90a2NGTQde2xba+2Pz jxsUzXDBPq7K6P5jc54+CDSyVn+JPpyhukGI3Gv3SGaqVgTZx8etaMwDx6NCZRFha5RWp6sxYPn 7AdFtkD3pI4/+HiPJyJYjjqd2cMgHsU+c8kZzVEK79jAKIiawcPF8r0= X-Google-Smtp-Source: AGHT+IGI4pJ3O22+OP0lIOXRXN2EIAIKlA524ny+2WgVdlG+/3IyPG+17jUKLOHew5pTYsExZKVMKID0vew1 X-Received: by 2002:a17:902:f687:b0:271:479d:3dcb with SMTP id d9443c01a7336-28e7f2f618cmr80573065ad.6.1759381503369; Wed, 01 Oct 2025 22:05:03 -0700 (PDT) Received: from postal.iol.unh.edu (postal.iol.unh.edu. [2606:4100:3880:1234::84]) by smtp-relay.gmail.com with ESMTPS id 98e67ed59e1d1-339b4f2291esm119438a91.5.2025.10.01.22.05.03 (version=TLS1_2 cipher=ECDHE-ECDSA-AES128-GCM-SHA256 bits=128/128); Wed, 01 Oct 2025 22:05:03 -0700 (PDT) X-Relaying-Domain: iol.unh.edu Date: Wed, 01 Oct 2025 22:05:03 -0700 (PDT) Message-ID: <68de07ff.170a0220.11642c.789aSMTPIN_ADDED_MISSING@mx.google.com> Received: from [172.21.0.2] (unknown [172.18.0.240]) by postal.iol.unh.edu (Postfix) with ESMTP id A12CC6051830; Thu, 2 Oct 2025 01:05:02 -0400 (EDT) Subject: |FAILURE| [GIT MASTER] 62f583c49bf67dd4d6733ece14e55fe6839e66d1 From: dpdklab@iol.unh.edu To: Test Report Cc: dpdk-test-reports@iol.unh.edu, Xueming Li , Christian Ehrhardt , Kevin Traynor , Luca Boccassi Content-Type: text/plain X-BeenThere: test-report@dpdk.org X-Mailman-Version: 2.1.29 Precedence: list List-Id: automatic DPDK test reports List-Unsubscribe: , List-Archive: List-Post: List-Help: List-Subscribe: , Errors-To: test-report-bounces@dpdk.org _Testing issues_ Branch: tags/v23.11 62f583c49bf67dd4d6733ece14e55fe6839e66d1 --> testing issues Upstream job id: Generic-VM-Unit-Test-DPDK#31542 Test environment and result as below: +-------------------------------+----------------+ | Environment | dpdk_unit_test | +===============================+================+ | CentOS Stream 9 | PASS | +-------------------------------+----------------+ | CentOS Stream 10 | PASS | +-------------------------------+----------------+ | Fedora Linux 40 | PEND | +-------------------------------+----------------+ | Debian GNU/Linux 12 | PASS | +-------------------------------+----------------+ | Fedora Linux 41 | PEND | +-------------------------------+----------------+ | Fedora Linux 42 | PEND | +-------------------------------+----------------+ | Red Hat Enterprise Linux 8.10 | PEND | +-------------------------------+----------------+ | Red Hat Enterprise Linux 9.5 | PEND | +-------------------------------+----------------+ | Ubuntu 20.04 | PEND | +-------------------------------+----------------+ | Ubuntu 22.04 | PEND | +-------------------------------+----------------+ | Ubuntu 24.04 | PEND | +-------------------------------+----------------+ | Windows Server 2022 | FAIL | +-------------------------------+----------------+ ==== Unit test summary for Windows Server 2022 (dpdk_unit_test): ==== Failed to get the unit test results. Displaying the unit test results is not supported for some environments, such as our aarch32 testing, where meson is not used to run the tests. Download the logs available on our CI site. ==== End log output ==== CentOS Stream 9 Kernel: 5.15 Compiler: gcc gcc (GCC) 11.5.0 20240719 (Red Hat 11.5.0-11) CentOS Stream 10 Kernel: 5.15 Compiler: gcc gcc (GCC) 14.2.1 20250110 (Red Hat 14.2.1-8) Fedora Linux 40 Kernel: 5.15 Compiler: gcc gcc (GCC) 14.2.1 20240912 (Red Hat 14.2.1-3) Debian GNU/Linux 12 Kernel: 5.15 Compiler: gcc gcc (Debian 12.2.0-14+deb12u1) 12.2.0 Fedora Linux 41 Kernel: 5.15 Compiler: gcc gcc (GCC) 14.3.1 20250523 (Red Hat 14.3.1-1) Fedora Linux 42 Kernel: 5.15 Compiler: gcc gcc (GCC) 15.2.1 20250808 (Red Hat 15.2.1-1) Red Hat Enterprise Linux 8.10 Kernel: 5.15 Compiler: gcc gcc (GCC) 8.5.0 20210514 (Red Hat 8.5.0-22) Red Hat Enterprise Linux 9.5 Kernel: 5.15 Compiler: gcc gcc (GCC) 11.5.0 20240719 (Red Hat 11.5.0-2) Ubuntu 20.04 Kernel: 5.15 Compiler: gcc gcc (Ubuntu 9.4.0-1ubuntu1~20.04.2) 9.4.0 Ubuntu 22.04 Kernel: 5.15 Compiler: gcc gcc (Ubuntu 11.4.0-1ubuntu1~22.04) 11.4.0 Ubuntu 24.04 Kernel: 5.15 Compiler: gcc gcc (Ubuntu 13.3.0-6ubuntu2~24.04) 13.3.0 Windows Server 2022 Kernel: 10.0.20348.2031 Compiler: clang 15.0.7, gcc 14.1.0 (MinGW), and MSVC VS 19.39.33521 To view detailed results, visit: https://lab.dpdk.org/results/dashboard/tarballs/35084/ UNH-IOL DPDK Community Lab To manage your email subscriptions, visit: https://lab.dpdk.org/results/dashboard/preferences/subscriptions/