From mboxrd@z Thu Jan 1 00:00:00 1970 Return-Path: Received: from mails.dpdk.org (mails.dpdk.org [217.70.189.124]) by inbox.dpdk.org (Postfix) with ESMTP id 1D8A94888D for ; Thu, 2 Oct 2025 08:09:50 +0200 (CEST) Received: from mails.dpdk.org (localhost [127.0.0.1]) by mails.dpdk.org (Postfix) with ESMTP id EF8094068A; Thu, 2 Oct 2025 08:09:49 +0200 (CEST) Received: from mail-oa1-f100.google.com (mail-oa1-f100.google.com [209.85.160.100]) by mails.dpdk.org (Postfix) with ESMTP id 5D9E44068A for ; Thu, 2 Oct 2025 08:09:49 +0200 (CEST) Received: by mail-oa1-f100.google.com with SMTP id 586e51a60fabf-31d8778ce02so1442097fac.1 for ; Wed, 01 Oct 2025 23:09:49 -0700 (PDT) DKIM-Signature: v=1; a=rsa-sha256; c=relaxed/relaxed; d=iol.unh.edu; s=unh-iol; t=1759385388; x=1759990188; darn=dpdk.org; h=cc:to:from:subject:message-id:date:from:to:cc:subject:date :message-id:reply-to; bh=gOWDplZXARgTyM50m3bGIK8GhK0xuaSBU/harzazTPE=; b=GtHTU/Vhfo3hZL9PqIFifUR7g/zBfdXC21lzWiCg/UvKg6VhQGmnfsLAe1lnhrCWkS DhTyjci61NPzM4TzmuRakn9EcCHvNmeqE734WpoZarVPjknUhVNf560emv3hC2x3b/uH JuzhSbD6d7UUV7R4zWGHH6EUWMu/6xKGeE7a0= X-Google-DKIM-Signature: v=1; a=rsa-sha256; c=relaxed/relaxed; d=1e100.net; s=20230601; t=1759385388; x=1759990188; h=cc:to:from:subject:message-id:date:x-gm-message-state:from:to:cc :subject:date:message-id:reply-to; bh=gOWDplZXARgTyM50m3bGIK8GhK0xuaSBU/harzazTPE=; b=YhtjFtIaP601o0+53+4zRiq9WGxmpR2VTKiaiUqoV1s5JB13X8nSUXyvhpjDHxJAdV VMo/UWYAIqpToVYBY5I/w+upBCK7k11blOSxeMmSoQVVz5XGiZAJv2zrJ60OhQE50t9c 1lOhDBAtcjr/9oYXbI3VcZydvWKZ35yMAQr/YJJdUteKL6yLTcHl3U9Rp7cSnw7DWQq4 0pdfaFezvNvOVwZTOa0oBIsp9z7GWGdkwFp8dY5XG0uppjCsQg1yJHoqEtDorWwXA8xV /QvF5DFe3eaZVp7fn+Ax82jzgSpsZQ+HyZfGrPfLPDW/r0PHo8J4S4fpqyq959ra/eZ5 LYjA== X-Gm-Message-State: AOJu0YzzJXZc0hQPYaIPKkDaOIQehgA+1CZeciyV8UzbmUW5c2567wTc PZCk6cH4tCTKwppm4qVzjIlUmHo4MJge5ZANoJtXCfxve5t5ufqo/ZAcNxKSTxs9UF4LiKAvMQ3 G0IL7XlA9r9wf8yd3W0HJTib8GhMGm6RoaxbVYhuVJQdmOz3KU7H+ X-Gm-Gg: ASbGnctoQfL520seyjn/Ih0ikajJWfJKGfqCz2wJ497rZfgLzh54mFlcTwUhxJ0E8q+ OV3WaVydL4sAniNnIxdlDRapGHlWZrH3mi5iyGW0nx8Hgt56cFcyuGbGoWaN5bDcsToLd1VJCs2 yTjvdzhLzyZjMSlnqyBi2BMcB1/xovanWdd6zjX5gZRSWpr7FiYvd/2X3ntp0iUfPUIje60d2bN XVcJGt7Q1MUX1ZXLikRuRnJbBxuEVi7wPeRtZekNWpzJ1P6pAMQ5EV1lBvInNGKSKguQWOINvyG xxZhBzkG4JfcWH4AP6ThxpAhrfSlEteKtu4xuymLy8n+oqOOh2wpQZs= X-Google-Smtp-Source: AGHT+IHaub7JpvHUeuDLIdAK+qbI1y1BisqEgUezEJeek4yPjKjEgWlk7cQwXUG0i0JBV8sY/ugsTjR6CyXo X-Received: by 2002:a05:6870:15c7:b0:345:ee86:3565 with SMTP id 586e51a60fabf-3abc84d4747mr1387561fac.4.1759385388431; Wed, 01 Oct 2025 23:09:48 -0700 (PDT) Received: from postal.iol.unh.edu (postal.iol.unh.edu. [2606:4100:3880:1234::84]) by smtp-relay.gmail.com with ESMTPS id 586e51a60fabf-3ab7dad1276sm135912fac.6.2025.10.01.23.09.48 (version=TLS1_2 cipher=ECDHE-ECDSA-AES128-GCM-SHA256 bits=128/128); Wed, 01 Oct 2025 23:09:48 -0700 (PDT) X-Relaying-Domain: iol.unh.edu Date: Wed, 01 Oct 2025 23:09:48 -0700 (PDT) Message-ID: <68de172c.050a0220.c6f53.8972SMTPIN_ADDED_MISSING@mx.google.com> Received: from [172.21.0.2] (unknown [172.18.0.240]) by postal.iol.unh.edu (Postfix) with ESMTP id CF5646051830; Thu, 2 Oct 2025 02:09:47 -0400 (EDT) Subject: |FAILURE| [GIT MASTER] 62f583c49bf67dd4d6733ece14e55fe6839e66d1 From: dpdklab@iol.unh.edu To: Test Report Cc: dpdk-test-reports@iol.unh.edu, Xueming Li , Christian Ehrhardt , Kevin Traynor , Luca Boccassi Content-Type: text/plain X-BeenThere: test-report@dpdk.org X-Mailman-Version: 2.1.29 Precedence: list List-Id: automatic DPDK test reports List-Unsubscribe: , List-Archive: List-Post: List-Help: List-Subscribe: , Errors-To: test-report-bounces@dpdk.org _Testing issues_ Branch: tags/v23.11 62f583c49bf67dd4d6733ece14e55fe6839e66d1 --> testing issues Upstream job id: Generic-Unit-Test-DPDK#377853 Test environment and result as below: +-------------------------------+----------------+ | Environment | dpdk_unit_test | +===============================+================+ | CentOS Stream 9 | PASS | +-------------------------------+----------------+ | CentOS Stream 10 | PASS | +-------------------------------+----------------+ | Fedora Linux 40 | PASS | +-------------------------------+----------------+ | Debian GNU/Linux 12 | PASS | +-------------------------------+----------------+ | Fedora Linux 41 | PASS | +-------------------------------+----------------+ | Fedora Linux 42 | PASS | +-------------------------------+----------------+ | Red Hat Enterprise Linux 8.10 | PASS | +-------------------------------+----------------+ | Red Hat Enterprise Linux 9.5 | PASS | +-------------------------------+----------------+ | Ubuntu 20.04 | PASS | +-------------------------------+----------------+ | Ubuntu 22.04 | PASS | +-------------------------------+----------------+ | Ubuntu 24.04 | PASS | +-------------------------------+----------------+ | Windows Server 2022 | FAIL | +-------------------------------+----------------+ ==== Unit test summary for Windows Server 2022 (dpdk_unit_test): ==== Failed to get the unit test results. Displaying the unit test results is not supported for some environments, such as our aarch32 testing, where meson is not used to run the tests. Download the logs available on our CI site. ==== End log output ==== CentOS Stream 9 Kernel: 5.15 Compiler: gcc gcc (GCC) 11.5.0 20240719 (Red Hat 11.5.0-11) CentOS Stream 10 Kernel: 5.15 Compiler: gcc gcc (GCC) 14.2.1 20250110 (Red Hat 14.2.1-8) Fedora Linux 40 Kernel: 5.15 Compiler: gcc gcc (GCC) 14.2.1 20240912 (Red Hat 14.2.1-3) Debian GNU/Linux 12 Kernel: 5.15 Compiler: gcc gcc (Debian 12.2.0-14+deb12u1) 12.2.0 Fedora Linux 41 Kernel: 5.15 Compiler: gcc gcc (GCC) 14.3.1 20250523 (Red Hat 14.3.1-1) Fedora Linux 42 Kernel: 5.15 Compiler: gcc gcc (GCC) 15.2.1 20250808 (Red Hat 15.2.1-1) Red Hat Enterprise Linux 8.10 Kernel: 5.15 Compiler: gcc gcc (GCC) 8.5.0 20210514 (Red Hat 8.5.0-22) Red Hat Enterprise Linux 9.5 Kernel: 5.15 Compiler: gcc gcc (GCC) 11.5.0 20240719 (Red Hat 11.5.0-2) Ubuntu 20.04 Kernel: 5.15 Compiler: gcc gcc (Ubuntu 9.4.0-1ubuntu1~20.04.2) 9.4.0 Ubuntu 22.04 Kernel: 5.15 Compiler: gcc gcc (Ubuntu 11.4.0-1ubuntu1~22.04) 11.4.0 Ubuntu 24.04 Kernel: 5.15 Compiler: gcc gcc (Ubuntu 13.3.0-6ubuntu2~24.04) 13.3.0 Windows Server 2022 Kernel: 10.0.20348.2031 Compiler: clang 15.0.7, gcc 14.1.0 (MinGW), and MSVC VS 19.39.33521 To view detailed results, visit: https://lab.dpdk.org/results/dashboard/tarballs/35084/ UNH-IOL DPDK Community Lab To manage your email subscriptions, visit: https://lab.dpdk.org/results/dashboard/preferences/subscriptions/