From mboxrd@z Thu Jan 1 00:00:00 1970 Return-Path: Received: from mails.dpdk.org (mails.dpdk.org [217.70.189.124]) by inbox.dpdk.org (Postfix) with ESMTP id 15F784888F for ; Thu, 2 Oct 2025 10:10:52 +0200 (CEST) Received: from mails.dpdk.org (localhost [127.0.0.1]) by mails.dpdk.org (Postfix) with ESMTP id 1079740DDE; Thu, 2 Oct 2025 10:10:52 +0200 (CEST) Received: from mail-qk1-f227.google.com (mail-qk1-f227.google.com [209.85.222.227]) by mails.dpdk.org (Postfix) with ESMTP id 4549F40DDE for ; Thu, 2 Oct 2025 10:10:50 +0200 (CEST) Received: by mail-qk1-f227.google.com with SMTP id af79cd13be357-86278558cdeso93641685a.1 for ; Thu, 02 Oct 2025 01:10:50 -0700 (PDT) DKIM-Signature: v=1; a=rsa-sha256; c=relaxed/relaxed; d=iol.unh.edu; s=unh-iol; t=1759392649; x=1759997449; darn=dpdk.org; h=references:in-reply-to:cc:to:from:subject:message-id:date:from:to :cc:subject:date:message-id:reply-to; bh=6W0+PWY4cTTpOMRKaNHpZ6m4QKzEeOHP34P7l5Vf76w=; b=ZNBsRFnxVGfuLW3f1pgXjvmakJkJdkJwSW+P6RGG9wk9UdKMXHibee6BZw69PquGtT sFtziI6K0YYrdtXHez8ogJEOfjH3DhTLRsJ3Lox1kZ08s37t+eov/F8iiq8sYO9KFgRM wFLW37jniXqNH+HfTaLcu8PU8pUb7xt7kU3sk= X-Google-DKIM-Signature: v=1; a=rsa-sha256; c=relaxed/relaxed; d=1e100.net; s=20230601; t=1759392649; x=1759997449; h=references:in-reply-to:cc:to:from:subject:message-id:date :x-gm-message-state:from:to:cc:subject:date:message-id:reply-to; bh=6W0+PWY4cTTpOMRKaNHpZ6m4QKzEeOHP34P7l5Vf76w=; b=IbWvTWxWO0wMPkXtiF83lBS9lPXqFvLsxUyAFkKcOqk6mo414v0aZa4BU9nkdhBATz zZ/4ODgmitBkph4IxU2VBNAYGwnQ3KUFlbJSjSOkhO5dqm0XWKrkja6zqsSj49kFpmxu 7sZRWYsGObkJHf/B+ZUDqWGeqvyLrQlB7gX1mCRuHyUUmVPW8cQS53jbmkFIDlPcVN3N QutJUO2QOKIbFMmlNHzQeKN5BbZTSQ+cmwPdotB80hvKAhyWtJ6kyea+12FAU/tKwj2X N3zcQS9C21XEYp25XRHPDnJxMw7IaXPJiLhbTRaqUpCbfIEeA+zbqWZfORiNmfCfx+oT cbjg== X-Gm-Message-State: AOJu0YzJdcXpGuZ3oDb8bBbbOnKLrnYMr8Zm2RMc7+nOinLkst+rRo1l 25WchfyRGxJ4BQ3D6Js5IenM21OWR6k/yRRIVmV6yZQe8sNQS021Rr/L3vUUunYZjzLrcjdxkqp QAMhn1X5Aiqb8T42SkwftQ4UvuUt91bE3IJ4z2UqHOdi6 X-Gm-Gg: ASbGncvIPCU3hdDsr8uqUEOVYTSCrIf7UxHWVvnQhFj89i9PIno/ah2QKj8hQ/VgQQY jhy0jnjFk0/npqEtnlJ9OMfCPdQxaSeihYXQFJOrHP58gPR40i73K+CloH7vmTpK8ylNzXtMN/4 5lS13pzwVwV2ilAjyl1VHs8fS8TwoDAoPYx5Q2Q7w735e8yeeOdlsA8DGZcDw+yYDaikIY2YJS7 2XUdf0tvTMrj8rRJp/wRCTfxXShOf6D25HQkkZFTrxCXZfHfNKDeNLUCpGgS+7PcJyEdimG2qyl TGT2IR2s+Subxg2dHcyTexq8gmIFP+JrnVUTY63d8wJaAH+QK6A5dNIRUJnWZw2WMaECPSxVlQN 43w== X-Google-Smtp-Source: AGHT+IGL4dhOuEbQlX+rIGpYsaU1xAp6sOWo601xt3FhYPSDGhN7xpDKTCo4c5skh2w+JGnCpA9DP+vfYsmA X-Received: by 2002:a05:6214:4d08:b0:878:c2cb:7a68 with SMTP id 6a1803df08f44-878c2cb7afamr29405996d6.43.1759392649448; Thu, 02 Oct 2025 01:10:49 -0700 (PDT) Received: from postal.iol.unh.edu (postal.iol.unh.edu. [132.177.123.84]) by smtp-relay.gmail.com with ESMTPS id 6a1803df08f44-878bda73485sm1258356d6.20.2025.10.02.01.10.49 (version=TLS1_2 cipher=ECDHE-ECDSA-AES128-GCM-SHA256 bits=128/128); Thu, 02 Oct 2025 01:10:49 -0700 (PDT) X-Relaying-Domain: iol.unh.edu Date: Thu, 02 Oct 2025 01:10:49 -0700 (PDT) Message-ID: <68de3389.050a0220.384592.78e3SMTPIN_ADDED_MISSING@mx.google.com> Received: from [172.21.0.2] (unknown [172.18.0.240]) by postal.iol.unh.edu (Postfix) with ESMTP id 1A9916051830; Thu, 2 Oct 2025 04:10:49 -0400 (EDT) Subject: |FAILURE| pw157168-157169 [PATCH] [v5,2/2] net/idpf: enable AVX2 for From: dpdklab@iol.unh.edu To: Test Report Cc: dpdk-test-reports@iol.unh.edu, Bruce Richardson , Shaiq Wani In-Reply-To: <20251001075609.2608021-3-shaiq.wani@intel.com> References: <20251001075609.2608021-3-shaiq.wani@intel.com> Content-Type: text/plain X-BeenThere: test-report@dpdk.org X-Mailman-Version: 2.1.29 Precedence: list List-Id: automatic DPDK test reports List-Unsubscribe: , List-Archive: List-Post: List-Help: List-Subscribe: , Errors-To: test-report-bounces@dpdk.org Test-Label: iol-unit-arm64-testing Test-Status: FAILURE http://dpdk.org/patch/157169 _Testing issues_ Submitter: Shaiq Wani Date: Wednesday, October 01 2025 07:56:09 DPDK git baseline: Repo:dpdk-next-net-intel Branch: master CommitID:9845e5848bbe337306fb6ae2a6b1ce5e6ab5b714 157168-157169 --> testing issues Upstream job id: Generic-Unit-Test-DPDK#377484 Test environment and result as below: +------------------------------+----------------+---------------------------+------------------------------+--------------+ | Environment | dpdk_unit_test | cryptodev_sw_zuc_autotest | cryptodev_sw_snow3g_autotest | lpm_autotest | +==============================+================+===========================+==============================+==============+ | Ubuntu 22.04 | PEND | SKIPPED | SKIPPED | SKIPPED | +------------------------------+----------------+---------------------------+------------------------------+--------------+ | CentOS Stream 9 | WARN | SKIPPED | SKIPPED | SKIPPED | +------------------------------+----------------+---------------------------+------------------------------+--------------+ | CentOS Stream 10 | PEND | SKIPPED | SKIPPED | SKIPPED | +------------------------------+----------------+---------------------------+------------------------------+--------------+ | Fedora Linux 40 | PEND | SKIPPED | SKIPPED | SKIPPED | +------------------------------+----------------+---------------------------+------------------------------+--------------+ | Debian GNU/Linux 12 | PEND | SKIPPED | SKIPPED | SKIPPED | +------------------------------+----------------+---------------------------+------------------------------+--------------+ | Fedora Linux 41 | PEND | SKIPPED | SKIPPED | SKIPPED | +------------------------------+----------------+---------------------------+------------------------------+--------------+ | Fedora Linux 42 | PEND | SKIPPED | SKIPPED | SKIPPED | +------------------------------+----------------+---------------------------+------------------------------+--------------+ | Red Hat Enterprise Linux 9.5 | PEND | SKIPPED | SKIPPED | SKIPPED | +------------------------------+----------------+---------------------------+------------------------------+--------------+ | Ubuntu 20.04 | PEND | SKIPPED | SKIPPED | PASS | +------------------------------+----------------+---------------------------+------------------------------+--------------+ | Ubuntu 24.04 | PEND | SKIPPED | SKIPPED | SKIPPED | +------------------------------+----------------+---------------------------+------------------------------+--------------+ | Debian 12 (arm) | SKIPPED | WARN | PEND | SKIPPED | +------------------------------+----------------+---------------------------+------------------------------+--------------+ ==== 20 line log output for Debian 12 (arm) (cryptodev_sw_zuc_autotest): ==== ../lib/eal/include/rte_common.h:593:35: note: in definition of macro 'RTE_CAST_PTR' 593 | #define RTE_CAST_PTR(type, ptr) ((type)(uintptr_t)(ptr)) | ^~~~ ../drivers/net/intel/idpf/idpf_common_rxtx.c:276:62: note: each undeclared identifier is reported only once for each function it appears in 276 | _mm_store_si128(RTE_CAST_PTR(__m128i *, &rxdp[i]), | ^~~~~~~ ../lib/eal/include/rte_common.h:593:35: note: in definition of macro 'RTE_CAST_PTR' 593 | #define RTE_CAST_PTR(type, ptr) ((type)(uintptr_t)(ptr)) | ^~~~ ../lib/eal/include/rte_common.h:593:39: error: expected expression before ')' token 593 | #define RTE_CAST_PTR(type, ptr) ((type)(uintptr_t)(ptr)) | ^ ../drivers/net/intel/idpf/idpf_common_rxtx.c:276:49: note: in expansion of macro 'RTE_CAST_PTR' 276 | _mm_store_si128(RTE_CAST_PTR(__m128i *, &rxdp[i]), | ^~~~~~~~~~~~ cc1: all warnings being treated as errors [2013/3763] Generating rte_net_ixgbe_map with a custom command [2014/3763] Generating rte_net_ixgbe.pmd.c with a custom command [2015/3763] Compiling C object drivers/libtmp_rte_net_cpfl.a.p/net_intel_cpfl_cpfl_ethdev.c.o ninja: build stopped: subcommand failed. ==== End log output ==== Ubuntu 22.04 Kernel: 5.15 Compiler: gcc gcc (Ubuntu 11.4.0-1ubuntu1~22.04.2) 11.4.0 CentOS Stream 9 Kernel: 5.4 Compiler: gcc gcc (GCC) 11.5.0 20240719 (Red Hat 11.5.0-11) CentOS Stream 10 Kernel: 5.4 Compiler: gcc gcc (GCC) 14.2.1 20250110 (Red Hat 14.2.1-8) Fedora Linux 40 Kernel: 5.4 Compiler: gcc gcc (GCC) 14.2.1 20240912 (Red Hat 14.2.1-3) Debian GNU/Linux 12 Kernel: 5.4 Compiler: gcc gcc (Debian 12.2.0-14+deb12u1) 12.2.0 Fedora Linux 41 Kernel: 5.4 Compiler: gcc gcc (GCC) 14.3.1 20250523 (Red Hat 14.3.1-1) Fedora Linux 42 Kernel: 5.4 Compiler: gcc gcc (GCC) 15.2.1 20250808 (Red Hat 15.2.1-1) Red Hat Enterprise Linux 9.5 Kernel: 5.4 Compiler: gcc gcc (GCC) 11.5.0 20240719 (Red Hat 11.5.0-2) Ubuntu 20.04 Kernel: 5.4 Compiler: gcc gcc (Ubuntu 9.4.0-1ubuntu1~20.04.2) 9.4.0 Ubuntu 24.04 Kernel: 5.4 Compiler: gcc gcc (Ubuntu 13.3.0-6ubuntu2~24.04) 13.3.0 Debian 12 (arm) Kernel: Depends on container host Compiler: gcc (Debian 12.2.0-14) 12.2.0 To view detailed results, visit: https://lab.dpdk.org/results/dashboard/patchsets/34190/ UNH-IOL DPDK Community Lab To manage your email subscriptions, visit: https://lab.dpdk.org/results/dashboard/preferences/subscriptions/