From mboxrd@z Thu Jan 1 00:00:00 1970 Return-Path: Received: from mails.dpdk.org (mails.dpdk.org [217.70.189.124]) by inbox.dpdk.org (Postfix) with ESMTP id 3C8D24888F for ; Thu, 2 Oct 2025 10:11:39 +0200 (CEST) Received: from mails.dpdk.org (localhost [127.0.0.1]) by mails.dpdk.org (Postfix) with ESMTP id 30CA740DDE; Thu, 2 Oct 2025 10:11:39 +0200 (CEST) Received: from mail-ua1-f97.google.com (mail-ua1-f97.google.com [209.85.222.97]) by mails.dpdk.org (Postfix) with ESMTP id BD2DE40DDE for ; Thu, 2 Oct 2025 10:11:37 +0200 (CEST) Received: by mail-ua1-f97.google.com with SMTP id a1e0cc1a2514c-8e3eaa30c71so765958241.0 for ; Thu, 02 Oct 2025 01:11:37 -0700 (PDT) DKIM-Signature: v=1; a=rsa-sha256; c=relaxed/relaxed; d=iol.unh.edu; s=unh-iol; t=1759392697; x=1759997497; darn=dpdk.org; h=references:in-reply-to:cc:to:from:subject:message-id:date:from:to :cc:subject:date:message-id:reply-to; bh=8gPc062yBz1Jl3/GvxTil5sEBABhl2/abEbUXTgYrsY=; b=NghKhw5fotgb2QVZqhjk1S6S+2NaOZZQ4dmr+fNXGGKm7Hzmc850y9cFDu646DMvlA xYKgos7L8+vQYPKitzExBgGOH9FOYt1oxYKAOy/pwdg4uyjI0MWu5Fa5y+aLnSvVbl+z zXIhawHgkdCNKybwPmRzVbcsvIdARSDRN2y1w= X-Google-DKIM-Signature: v=1; a=rsa-sha256; c=relaxed/relaxed; d=1e100.net; s=20230601; t=1759392697; x=1759997497; h=references:in-reply-to:cc:to:from:subject:message-id:date :x-gm-message-state:from:to:cc:subject:date:message-id:reply-to; bh=8gPc062yBz1Jl3/GvxTil5sEBABhl2/abEbUXTgYrsY=; b=LZ/L+BVDb0q2iwIBVunKDNrCtCnOhUKL0NG1Rozeetva51z3eYvFVscWJmHuXihnUh b3hMGJCfnJMd/34PvTi5zGPZzoKDI+oa0svzuCZpGjyZ6bXtlytHaxSY4LABbegocZZ4 eI3TQLIhWysuBYJjgpCK2Vcr+vEvb5lVyomwzLTl7R3KVQqDwkTcEqnDU60J8w8v4FT6 /IXMY/C0xt+iMIZqPKwC9xQa1RbxE2MYDEK7P2Ou5WDo8AuTFeJ+Ph/tpFka1wTwioj7 VUSwrrYcFBtBooLhhRR4EQUAt4aoIUNY8e0gRvu+jM0OPpoB0rEtZ7Yg6ozJ29FeajdQ yImw== X-Gm-Message-State: AOJu0YznqrFTq3qCAtLDP/Zk3KjODue3YY7piSAyGnZpSF/XpyOuPZYr E81XbcrTthfc1B70CX01pfvpDf7hTvlwOWnN/N7lyAcK8s5cGKI+kyPs75lEndsEmn29dYqAZsf NVk2wroGa9hm8rMgIP3V+cteo+edUlOK5CmkNY/Pz7qM/SS8OlvqMtRYKwWnk X-Gm-Gg: ASbGncthXjBIm2sBZyPND5YOtrQKIeE+Nlmn+yeOTlCeSbjWvHe3y5QTfixq09zwpo8 ne/AOkn0sOkXOYuI2ZI+tVqOpz4MMAjNKA1fNkM8kZPAvA8ZPwYPZjHSawEudiWAYa8Gde44tPX I6VmxAxppTpmHajpoDQmZCC7TkLqrGLPpxJYHLCG7hxh1PbwkbV9s73FKua9/mVS1vFcvX78oMQ uNT9qUl6B+tVG5Br72YpnyJMIRL1eUOPkZAHCRj8GF6oAU854qq66hRVmsVrKwkbqdZr/CjRIiE LYKIRdrWwgH+MnEJ6svqJQxZmeCjRSfX79kMI0W0F6WrkeB+BMEZlBk= X-Google-Smtp-Source: AGHT+IGN8Lx1uS7zLNK5oV3NIMe6i8lNmo2tPahSapZ9jAvGZ9GfARYkyxzfQR/3t8hcP2KvDMzv4jPhkTxc X-Received: by 2002:a05:6122:2189:b0:539:44bc:78f1 with SMTP id 71dfb90a1353d-5522d341cadmr3003029e0c.5.1759392697125; Thu, 02 Oct 2025 01:11:37 -0700 (PDT) Received: from postal.iol.unh.edu (postal.iol.unh.edu. [2606:4100:3880:1234::84]) by smtp-relay.gmail.com with ESMTPS id 71dfb90a1353d-5523cdb9f69sm146858e0c.0.2025.10.02.01.11.37 (version=TLS1_2 cipher=ECDHE-ECDSA-AES128-GCM-SHA256 bits=128/128); Thu, 02 Oct 2025 01:11:37 -0700 (PDT) X-Relaying-Domain: iol.unh.edu Date: Thu, 02 Oct 2025 01:11:37 -0700 (PDT) Message-ID: <68de33b9.050a0220.3143b2.8f3bSMTPIN_ADDED_MISSING@mx.google.com> Received: from [172.21.0.2] (unknown [172.18.0.240]) by postal.iol.unh.edu (Postfix) with ESMTP id CDC3B6051830; Thu, 2 Oct 2025 04:11:36 -0400 (EDT) Subject: |FAILURE| pw157168-157169 [PATCH] [v5,2/2] net/idpf: enable AVX2 for From: dpdklab@iol.unh.edu To: Test Report Cc: dpdk-test-reports@iol.unh.edu, Bruce Richardson , Shaiq Wani In-Reply-To: <20251001075609.2608021-3-shaiq.wani@intel.com> References: <20251001075609.2608021-3-shaiq.wani@intel.com> Content-Type: text/plain X-BeenThere: test-report@dpdk.org X-Mailman-Version: 2.1.29 Precedence: list List-Id: automatic DPDK test reports List-Unsubscribe: , List-Archive: List-Post: List-Help: List-Subscribe: , Errors-To: test-report-bounces@dpdk.org Test-Label: iol-unit-arm64-testing Test-Status: FAILURE http://dpdk.org/patch/157169 _Testing issues_ Submitter: Shaiq Wani Date: Wednesday, October 01 2025 07:56:09 DPDK git baseline: Repo:dpdk-next-net-intel Branch: master CommitID:9845e5848bbe337306fb6ae2a6b1ce5e6ab5b714 157168-157169 --> testing issues Upstream job id: Generic-Unit-Test-DPDK#377486 Test environment and result as below: +------------------------------+----------------+---------------------------+------------------------------+--------------+ | Environment | dpdk_unit_test | cryptodev_sw_zuc_autotest | cryptodev_sw_snow3g_autotest | lpm_autotest | +==============================+================+===========================+==============================+==============+ | Ubuntu 22.04 | PEND | SKIPPED | SKIPPED | SKIPPED | +------------------------------+----------------+---------------------------+------------------------------+--------------+ | CentOS Stream 9 | WARN | SKIPPED | SKIPPED | SKIPPED | +------------------------------+----------------+---------------------------+------------------------------+--------------+ | CentOS Stream 10 | WARN | SKIPPED | SKIPPED | SKIPPED | +------------------------------+----------------+---------------------------+------------------------------+--------------+ | Fedora Linux 40 | PEND | SKIPPED | SKIPPED | SKIPPED | +------------------------------+----------------+---------------------------+------------------------------+--------------+ | Debian GNU/Linux 12 | PEND | SKIPPED | SKIPPED | SKIPPED | +------------------------------+----------------+---------------------------+------------------------------+--------------+ | Fedora Linux 41 | PEND | SKIPPED | SKIPPED | SKIPPED | +------------------------------+----------------+---------------------------+------------------------------+--------------+ | Fedora Linux 42 | PEND | SKIPPED | SKIPPED | SKIPPED | +------------------------------+----------------+---------------------------+------------------------------+--------------+ | Red Hat Enterprise Linux 9.5 | PEND | SKIPPED | SKIPPED | SKIPPED | +------------------------------+----------------+---------------------------+------------------------------+--------------+ | Ubuntu 20.04 | PEND | SKIPPED | SKIPPED | PASS | +------------------------------+----------------+---------------------------+------------------------------+--------------+ | Ubuntu 24.04 | PEND | SKIPPED | SKIPPED | SKIPPED | +------------------------------+----------------+---------------------------+------------------------------+--------------+ | Debian 12 (arm) | SKIPPED | WARN | PEND | SKIPPED | +------------------------------+----------------+---------------------------+------------------------------+--------------+ ==== 20 line log output for Debian 12 (arm) (cryptodev_sw_zuc_autotest): ==== ../lib/eal/include/rte_common.h:593:35: note: in definition of macro 'RTE_CAST_PTR' 593 | #define RTE_CAST_PTR(type, ptr) ((type)(uintptr_t)(ptr)) | ^~~~ ../drivers/net/intel/idpf/idpf_common_rxtx.c:276:62: note: each undeclared identifier is reported only once for each function it appears in 276 | _mm_store_si128(RTE_CAST_PTR(__m128i *, &rxdp[i]), | ^~~~~~~ ../lib/eal/include/rte_common.h:593:35: note: in definition of macro 'RTE_CAST_PTR' 593 | #define RTE_CAST_PTR(type, ptr) ((type)(uintptr_t)(ptr)) | ^~~~ ../lib/eal/include/rte_common.h:593:39: error: expected expression before ')' token 593 | #define RTE_CAST_PTR(type, ptr) ((type)(uintptr_t)(ptr)) | ^ ../drivers/net/intel/idpf/idpf_common_rxtx.c:276:49: note: in expansion of macro 'RTE_CAST_PTR' 276 | _mm_store_si128(RTE_CAST_PTR(__m128i *, &rxdp[i]), | ^~~~~~~~~~~~ cc1: all warnings being treated as errors [2013/3763] Generating rte_net_ixgbe_map with a custom command [2014/3763] Generating rte_net_ixgbe.pmd.c with a custom command [2015/3763] Compiling C object drivers/libtmp_rte_net_cpfl.a.p/net_intel_cpfl_cpfl_ethdev.c.o ninja: build stopped: subcommand failed. ==== End log output ==== Ubuntu 22.04 Kernel: 5.15 Compiler: gcc gcc (Ubuntu 11.4.0-1ubuntu1~22.04.2) 11.4.0 CentOS Stream 9 Kernel: 5.4 Compiler: gcc gcc (GCC) 11.5.0 20240719 (Red Hat 11.5.0-11) CentOS Stream 10 Kernel: 5.4 Compiler: gcc gcc (GCC) 14.2.1 20250110 (Red Hat 14.2.1-8) Fedora Linux 40 Kernel: 5.4 Compiler: gcc gcc (GCC) 14.2.1 20240912 (Red Hat 14.2.1-3) Debian GNU/Linux 12 Kernel: 5.4 Compiler: gcc gcc (Debian 12.2.0-14+deb12u1) 12.2.0 Fedora Linux 41 Kernel: 5.4 Compiler: gcc gcc (GCC) 14.3.1 20250523 (Red Hat 14.3.1-1) Fedora Linux 42 Kernel: 5.4 Compiler: gcc gcc (GCC) 15.2.1 20250808 (Red Hat 15.2.1-1) Red Hat Enterprise Linux 9.5 Kernel: 5.4 Compiler: gcc gcc (GCC) 11.5.0 20240719 (Red Hat 11.5.0-2) Ubuntu 20.04 Kernel: 5.4 Compiler: gcc gcc (Ubuntu 9.4.0-1ubuntu1~20.04.2) 9.4.0 Ubuntu 24.04 Kernel: 5.4 Compiler: gcc gcc (Ubuntu 13.3.0-6ubuntu2~24.04) 13.3.0 Debian 12 (arm) Kernel: Depends on container host Compiler: gcc (Debian 12.2.0-14) 12.2.0 To view detailed results, visit: https://lab.dpdk.org/results/dashboard/patchsets/34190/ UNH-IOL DPDK Community Lab To manage your email subscriptions, visit: https://lab.dpdk.org/results/dashboard/preferences/subscriptions/