From mboxrd@z Thu Jan 1 00:00:00 1970 Return-Path: Received: from mails.dpdk.org (mails.dpdk.org [217.70.189.124]) by inbox.dpdk.org (Postfix) with ESMTP id A6F2A4888F for ; Thu, 2 Oct 2025 10:14:20 +0200 (CEST) Received: from mails.dpdk.org (localhost [127.0.0.1]) by mails.dpdk.org (Postfix) with ESMTP id 72D9B40DDE; Thu, 2 Oct 2025 10:14:20 +0200 (CEST) Received: from mail-pf1-f227.google.com (mail-pf1-f227.google.com [209.85.210.227]) by mails.dpdk.org (Postfix) with ESMTP id 637AA40DDE for ; Thu, 2 Oct 2025 10:14:18 +0200 (CEST) Received: by mail-pf1-f227.google.com with SMTP id d2e1a72fcca58-77f343231fcso497826b3a.3 for ; Thu, 02 Oct 2025 01:14:18 -0700 (PDT) DKIM-Signature: v=1; a=rsa-sha256; c=relaxed/relaxed; d=iol.unh.edu; s=unh-iol; t=1759392857; x=1759997657; darn=dpdk.org; h=references:in-reply-to:cc:to:from:subject:message-id:date:from:to :cc:subject:date:message-id:reply-to; bh=pd2ARdPscONDxy8Y5wb9714OlZENoNrLbkxYUm4NAzQ=; b=jKW73REcrAEF5WaMxZK2lkLg+Ke/wVi/XrPIZ5Oh/dPsenSOvvN5wx7JfgDdYi4dEk j9sEzjVMaVsNNFcetd0K0g1KB7npUe5Ud5NJgOHmiza7sqOmyTwXow7CpUBQ+KOOpyD/ H3Lw7i5ta8lRJ4FqfvddZAc0ga59rSyz+9r1U= X-Google-DKIM-Signature: v=1; a=rsa-sha256; c=relaxed/relaxed; d=1e100.net; s=20230601; t=1759392857; x=1759997657; h=references:in-reply-to:cc:to:from:subject:message-id:date :x-gm-message-state:from:to:cc:subject:date:message-id:reply-to; bh=pd2ARdPscONDxy8Y5wb9714OlZENoNrLbkxYUm4NAzQ=; b=Y8g7XyCFCAAEG/o/BA4OjiWlxfLYspu/HQGhQTFFRZn5/N/h3QPg2iNMYvpip7nslL wCow6KvaFKT3jD4YeUgarjs1W7NNjsVwlvY4UYCKwzEZh1F4VZhnyEgclvYZEKotdV9q dcDI2lr6VQ2DZ+tFLBmiXS0O68kZoUVUeho/hlPArzHEpTxu3hD+DS0eEkgtQmsTDg3b Oup6UULkoDWhURk7+AVYMURI3VkL2Jf9YON8NDKS1FOP3RnSoZSTz7m1DL6lkASpmcvf n6H+lg+uddjMMr8519JUvyara5TJEK5MQQ/kpWGRwAPTRntV2xbLUI4047idcAfBJGa7 DsaA== X-Gm-Message-State: AOJu0YxHYyIynUpkaeMeSQOJesrCTYVX34Re0x2Xg74r1t7XMmf9z5zI C3g2udEprCuzpfmzBbXawrEBiGc/Dukdd0yyIdXAGVW2CHG+2XnKS2d6PZ/hqyoaH60XBRv4Q+J 2WD4xxqEi5zkYQMUGLYAyQCiZG22ftp1+ZlsSbiprsLTK X-Gm-Gg: ASbGnctK3L2q4KdLX6oqPOr4vWPs45CvdFxRHvAOdMxB5H/8MmMpbuX5UsAn4hYgnZB P3Vzbsc/xLD2v/FDDResltNBHn5hNWku/CXBA1i2HdWs8S1EN9K5Cf2uV0qCbo4Sb45Igcphtug FkzPeyy9LqVcWvMV8FB+0FYcgTLMHiEw9nJpeNa01qeY3tDdofivYIRMZ5I+w7UEUFYT+a2AhZo VAopJkh3yxSvsEeuA/HiFRRct03wVn7PytxxVIajTC8JqfkBPuURGj+EBdHyeMsqUIWKfMi1JNv 3h/VhYyzvCHXava03SqPDGRscCd9BYulR8lDbDjg2JBGgnxbjftiuSNFunORBvqQVs7C95wnCU8 DXQ== X-Google-Smtp-Source: AGHT+IEXrpCzDC8ku2j3BGJQbCB0pmSCrNLtUJb6fQcRXi65OQ5P2SLu+Ly5xGZU8vFuFTJueXFrW7ET5/HO X-Received: by 2002:a05:6300:6e1c:b0:324:b245:bb8e with SMTP id adf61e73a8af0-324b245bcbamr5471145637.26.1759392857428; Thu, 02 Oct 2025 01:14:17 -0700 (PDT) Received: from postal.iol.unh.edu (postal.iol.unh.edu. [132.177.123.84]) by smtp-relay.gmail.com with ESMTPS id d2e1a72fcca58-78b01fa6c58sm141846b3a.6.2025.10.02.01.14.17 (version=TLS1_2 cipher=ECDHE-ECDSA-AES128-GCM-SHA256 bits=128/128); Thu, 02 Oct 2025 01:14:17 -0700 (PDT) X-Relaying-Domain: iol.unh.edu Date: Thu, 02 Oct 2025 01:14:17 -0700 (PDT) Message-ID: <68de3459.050a0220.320ce3.8bb6SMTPIN_ADDED_MISSING@mx.google.com> Received: from [172.21.0.2] (unknown [172.18.0.240]) by postal.iol.unh.edu (Postfix) with ESMTP id A22436051830; Thu, 2 Oct 2025 04:14:16 -0400 (EDT) Subject: |FAILURE| pw157168-157169 [PATCH] [v5,2/2] net/idpf: enable AVX2 for From: dpdklab@iol.unh.edu To: Test Report Cc: dpdk-test-reports@iol.unh.edu, Bruce Richardson , Shaiq Wani In-Reply-To: <20251001075609.2608021-3-shaiq.wani@intel.com> References: <20251001075609.2608021-3-shaiq.wani@intel.com> Content-Type: text/plain X-BeenThere: test-report@dpdk.org X-Mailman-Version: 2.1.29 Precedence: list List-Id: automatic DPDK test reports List-Unsubscribe: , List-Archive: List-Post: List-Help: List-Subscribe: , Errors-To: test-report-bounces@dpdk.org Test-Label: iol-unit-arm64-testing Test-Status: FAILURE http://dpdk.org/patch/157169 _Testing issues_ Submitter: Shaiq Wani Date: Wednesday, October 01 2025 07:56:09 DPDK git baseline: Repo:dpdk-next-net-intel Branch: master CommitID:9845e5848bbe337306fb6ae2a6b1ce5e6ab5b714 157168-157169 --> testing issues Upstream job id: Generic-Unit-Test-DPDK#377491 Test environment and result as below: +------------------------------+----------------+---------------------------+------------------------------+--------------+ | Environment | dpdk_unit_test | cryptodev_sw_zuc_autotest | cryptodev_sw_snow3g_autotest | lpm_autotest | +==============================+================+===========================+==============================+==============+ | Ubuntu 22.04 | PEND | SKIPPED | SKIPPED | SKIPPED | +------------------------------+----------------+---------------------------+------------------------------+--------------+ | CentOS Stream 9 | WARN | SKIPPED | SKIPPED | SKIPPED | +------------------------------+----------------+---------------------------+------------------------------+--------------+ | CentOS Stream 10 | WARN | SKIPPED | SKIPPED | SKIPPED | +------------------------------+----------------+---------------------------+------------------------------+--------------+ | Fedora Linux 40 | PEND | SKIPPED | SKIPPED | SKIPPED | +------------------------------+----------------+---------------------------+------------------------------+--------------+ | Debian GNU/Linux 12 | PEND | SKIPPED | SKIPPED | SKIPPED | +------------------------------+----------------+---------------------------+------------------------------+--------------+ | Fedora Linux 41 | PEND | SKIPPED | SKIPPED | SKIPPED | +------------------------------+----------------+---------------------------+------------------------------+--------------+ | Fedora Linux 42 | PEND | SKIPPED | SKIPPED | SKIPPED | +------------------------------+----------------+---------------------------+------------------------------+--------------+ | Red Hat Enterprise Linux 9.5 | PEND | SKIPPED | SKIPPED | SKIPPED | +------------------------------+----------------+---------------------------+------------------------------+--------------+ | Ubuntu 20.04 | PEND | SKIPPED | SKIPPED | PASS | +------------------------------+----------------+---------------------------+------------------------------+--------------+ | Ubuntu 24.04 | PEND | SKIPPED | SKIPPED | SKIPPED | +------------------------------+----------------+---------------------------+------------------------------+--------------+ | Debian 12 (arm) | SKIPPED | WARN | PEND | SKIPPED | +------------------------------+----------------+---------------------------+------------------------------+--------------+ ==== 20 line log output for Debian 12 (arm) (cryptodev_sw_zuc_autotest): ==== ../lib/eal/include/rte_common.h:593:35: note: in definition of macro 'RTE_CAST_PTR' 593 | #define RTE_CAST_PTR(type, ptr) ((type)(uintptr_t)(ptr)) | ^~~~ ../drivers/net/intel/idpf/idpf_common_rxtx.c:276:62: note: each undeclared identifier is reported only once for each function it appears in 276 | _mm_store_si128(RTE_CAST_PTR(__m128i *, &rxdp[i]), | ^~~~~~~ ../lib/eal/include/rte_common.h:593:35: note: in definition of macro 'RTE_CAST_PTR' 593 | #define RTE_CAST_PTR(type, ptr) ((type)(uintptr_t)(ptr)) | ^~~~ ../lib/eal/include/rte_common.h:593:39: error: expected expression before ')' token 593 | #define RTE_CAST_PTR(type, ptr) ((type)(uintptr_t)(ptr)) | ^ ../drivers/net/intel/idpf/idpf_common_rxtx.c:276:49: note: in expansion of macro 'RTE_CAST_PTR' 276 | _mm_store_si128(RTE_CAST_PTR(__m128i *, &rxdp[i]), | ^~~~~~~~~~~~ cc1: all warnings being treated as errors [2013/3763] Generating rte_net_ixgbe_map with a custom command [2014/3763] Generating rte_net_ixgbe.pmd.c with a custom command [2015/3763] Compiling C object drivers/libtmp_rte_net_cpfl.a.p/net_intel_cpfl_cpfl_ethdev.c.o ninja: build stopped: subcommand failed. ==== End log output ==== Ubuntu 22.04 Kernel: 5.15 Compiler: gcc gcc (Ubuntu 11.4.0-1ubuntu1~22.04.2) 11.4.0 CentOS Stream 9 Kernel: 5.4 Compiler: gcc gcc (GCC) 11.5.0 20240719 (Red Hat 11.5.0-11) CentOS Stream 10 Kernel: 5.4 Compiler: gcc gcc (GCC) 14.2.1 20250110 (Red Hat 14.2.1-8) Fedora Linux 40 Kernel: 5.4 Compiler: gcc gcc (GCC) 14.2.1 20240912 (Red Hat 14.2.1-3) Debian GNU/Linux 12 Kernel: 5.4 Compiler: gcc gcc (Debian 12.2.0-14+deb12u1) 12.2.0 Fedora Linux 41 Kernel: 5.4 Compiler: gcc gcc (GCC) 14.3.1 20250523 (Red Hat 14.3.1-1) Fedora Linux 42 Kernel: 5.4 Compiler: gcc gcc (GCC) 15.2.1 20250808 (Red Hat 15.2.1-1) Red Hat Enterprise Linux 9.5 Kernel: 5.4 Compiler: gcc gcc (GCC) 11.5.0 20240719 (Red Hat 11.5.0-2) Ubuntu 20.04 Kernel: 5.4 Compiler: gcc gcc (Ubuntu 9.4.0-1ubuntu1~20.04.2) 9.4.0 Ubuntu 24.04 Kernel: 5.4 Compiler: gcc gcc (Ubuntu 13.3.0-6ubuntu2~24.04) 13.3.0 Debian 12 (arm) Kernel: Depends on container host Compiler: gcc (Debian 12.2.0-14) 12.2.0 To view detailed results, visit: https://lab.dpdk.org/results/dashboard/patchsets/34190/ UNH-IOL DPDK Community Lab To manage your email subscriptions, visit: https://lab.dpdk.org/results/dashboard/preferences/subscriptions/