From mboxrd@z Thu Jan 1 00:00:00 1970 Return-Path: Received: from mails.dpdk.org (mails.dpdk.org [217.70.189.124]) by inbox.dpdk.org (Postfix) with ESMTP id F24D84888F for ; Thu, 2 Oct 2025 10:17:52 +0200 (CEST) Received: from mails.dpdk.org (localhost [127.0.0.1]) by mails.dpdk.org (Postfix) with ESMTP id C7569400D6; Thu, 2 Oct 2025 10:17:52 +0200 (CEST) Received: from mail-io1-f99.google.com (mail-io1-f99.google.com [209.85.166.99]) by mails.dpdk.org (Postfix) with ESMTP id 3483C400D6 for ; Thu, 2 Oct 2025 10:17:51 +0200 (CEST) Received: by mail-io1-f99.google.com with SMTP id ca18e2360f4ac-92cebee95a8so31010539f.0 for ; Thu, 02 Oct 2025 01:17:51 -0700 (PDT) DKIM-Signature: v=1; a=rsa-sha256; c=relaxed/relaxed; d=iol.unh.edu; s=unh-iol; t=1759393070; x=1759997870; darn=dpdk.org; h=references:in-reply-to:cc:to:from:subject:message-id:date:from:to :cc:subject:date:message-id:reply-to; bh=1+zVtuounlNp+frVfS53YFsSQYXRVrqb1PinPUDNkos=; b=OUJazRh/nAv/RYx1Fef6xeVVRVapAn1/vCn1FtYR3Rovi1gb1k9JF/2CUDmcaS9mHG W8YLpE703+dMskElkGv2N0BbkH3Dtm0330hadZbouwR88MZ9Bq82UhFK2mhzCaqMgFPJ +/cU5z923BlW/gxwXpR3WNqFVaIhGAaxgO4+c= X-Google-DKIM-Signature: v=1; a=rsa-sha256; c=relaxed/relaxed; d=1e100.net; s=20230601; t=1759393070; x=1759997870; h=references:in-reply-to:cc:to:from:subject:message-id:date :x-gm-message-state:from:to:cc:subject:date:message-id:reply-to; bh=1+zVtuounlNp+frVfS53YFsSQYXRVrqb1PinPUDNkos=; b=T9ZI7YLra+4QwDuZGCxzBltVpEBOs04d+BFuJFx+qkE1W1E3GwZVYTICgahwCMY8dM sgiKMnO/NL+2MdDhUA+SKK6c/lXoD+rLKYRWTFu8tVfSXYpYYCdtH+MipeET4STK7LXE Qw25lDIBCxB7Jppyx9/5cs17hk1yXgcKYcDEGvLyatSPLflU2zLEoy0EQJl93YODtV4F 3q8gkQPoP3+lfcNJme6sPOaXeG7jtAGKiKhO370uckfxePIx0M6JqNPvpBVsFBbcGX+o AnOeS1TGrb4xbPWPf55/l/Y2lRnodeGSb/s2y+bysaWNh+lk4NwArnL22deWlphTFtBy QESw== X-Gm-Message-State: AOJu0YxiWn9YGZOYWoxfCieeMs5/a8Qfry9Jm8VuN33k58mRIYJhoaDx zXAZRd516AXRU8vZJ1vVHxlMMP/XMNL62NFdvO6Dvjyr3urxyucy439hF9AsZxE/G2h1meWdB4R II+4FHqj5MtMBjiUdxbQ3o4tebpztWzefBl1kYwxT6FIAjiCrJ8WrYlIlnfdK X-Gm-Gg: ASbGnctHeNUcTyUz/fTk99uewknZrQj7NLmCgpSNzzKamMquzj4c2dHjMy8M2tqOiEQ 3P7XuaRXoGeopd+CPL2QQXMtVWqCQvn9wnNeR95PXoOz9BXmjA5cCm8Mfs9oqv8yDfX+AJpyJg1 UcSz/JDaEo9WZn//E8fvRuyvRzT7VD2I6sgX/Vej0zhgTiZQoTmqlagfH+a9j2Jt/fawZWO8/IU neoDLDXvoh1DO+rF5Bu+ybdhY22YcU7HXVHF/MNVHHcpQEhUoa2mhceJDiaurj/1Q/vp2HIqXwd dsBUzwOprrwSuxGcyjeus6lud1RLqbkzyV93PUKjaXc3uQdYgVpqrqo= X-Google-Smtp-Source: AGHT+IEU3n6/TsziGByxHLCFOKaA87sPmpoL0BfFGBYqiS8JRIvWWTgjk+G5FH5qqsqz0kqsCqocZdBaYuX2 X-Received: by 2002:a05:6e02:1486:b0:427:a3b1:316f with SMTP id e9e14a558f8ab-42d81612602mr85721785ab.13.1759393070009; Thu, 02 Oct 2025 01:17:50 -0700 (PDT) Received: from postal.iol.unh.edu (postal.iol.unh.edu. [2606:4100:3880:1234::84]) by smtp-relay.gmail.com with ESMTPS id 8926c6da1cb9f-57b5eb02709sm125380173.18.2025.10.02.01.17.49 (version=TLS1_2 cipher=ECDHE-ECDSA-AES128-GCM-SHA256 bits=128/128); Thu, 02 Oct 2025 01:17:50 -0700 (PDT) X-Relaying-Domain: iol.unh.edu Date: Thu, 02 Oct 2025 01:17:50 -0700 (PDT) Message-ID: <68de352e.050a0220.1ac8bf.80c3SMTPIN_ADDED_MISSING@mx.google.com> Received: from [172.21.0.2] (unknown [172.18.0.240]) by postal.iol.unh.edu (Postfix) with ESMTP id 8D5A96051830; Thu, 2 Oct 2025 04:17:49 -0400 (EDT) Subject: |FAILURE| pw157168-157169 [PATCH] [v5,2/2] net/idpf: enable AVX2 for From: dpdklab@iol.unh.edu To: Test Report Cc: dpdk-test-reports@iol.unh.edu, Bruce Richardson , Shaiq Wani In-Reply-To: <20251001075609.2608021-3-shaiq.wani@intel.com> References: <20251001075609.2608021-3-shaiq.wani@intel.com> Content-Type: text/plain X-BeenThere: test-report@dpdk.org X-Mailman-Version: 2.1.29 Precedence: list List-Id: automatic DPDK test reports List-Unsubscribe: , List-Archive: List-Post: List-Help: List-Subscribe: , Errors-To: test-report-bounces@dpdk.org Test-Label: iol-unit-arm64-testing Test-Status: FAILURE http://dpdk.org/patch/157169 _Testing issues_ Submitter: Shaiq Wani Date: Wednesday, October 01 2025 07:56:09 DPDK git baseline: Repo:dpdk-next-net-intel Branch: master CommitID:9845e5848bbe337306fb6ae2a6b1ce5e6ab5b714 157168-157169 --> testing issues Upstream job id: Generic-Unit-Test-DPDK#377489 Test environment and result as below: +------------------------------+----------------+---------------------------+------------------------------+--------------+ | Environment | dpdk_unit_test | cryptodev_sw_zuc_autotest | cryptodev_sw_snow3g_autotest | lpm_autotest | +==============================+================+===========================+==============================+==============+ | Ubuntu 22.04 | PEND | SKIPPED | SKIPPED | SKIPPED | +------------------------------+----------------+---------------------------+------------------------------+--------------+ | CentOS Stream 9 | WARN | SKIPPED | SKIPPED | SKIPPED | +------------------------------+----------------+---------------------------+------------------------------+--------------+ | CentOS Stream 10 | WARN | SKIPPED | SKIPPED | SKIPPED | +------------------------------+----------------+---------------------------+------------------------------+--------------+ | Fedora Linux 40 | PEND | SKIPPED | SKIPPED | SKIPPED | +------------------------------+----------------+---------------------------+------------------------------+--------------+ | Debian GNU/Linux 12 | WARN | SKIPPED | SKIPPED | SKIPPED | +------------------------------+----------------+---------------------------+------------------------------+--------------+ | Fedora Linux 41 | PEND | SKIPPED | SKIPPED | SKIPPED | +------------------------------+----------------+---------------------------+------------------------------+--------------+ | Fedora Linux 42 | PEND | SKIPPED | SKIPPED | SKIPPED | +------------------------------+----------------+---------------------------+------------------------------+--------------+ | Red Hat Enterprise Linux 9.5 | PEND | SKIPPED | SKIPPED | SKIPPED | +------------------------------+----------------+---------------------------+------------------------------+--------------+ | Ubuntu 20.04 | PEND | SKIPPED | SKIPPED | PASS | +------------------------------+----------------+---------------------------+------------------------------+--------------+ | Ubuntu 24.04 | PEND | SKIPPED | SKIPPED | SKIPPED | +------------------------------+----------------+---------------------------+------------------------------+--------------+ | Debian 12 (arm) | SKIPPED | WARN | PEND | SKIPPED | +------------------------------+----------------+---------------------------+------------------------------+--------------+ ==== 20 line log output for Debian 12 (arm) (cryptodev_sw_zuc_autotest): ==== ../lib/eal/include/rte_common.h:593:35: note: in definition of macro 'RTE_CAST_PTR' 593 | #define RTE_CAST_PTR(type, ptr) ((type)(uintptr_t)(ptr)) | ^~~~ ../drivers/net/intel/idpf/idpf_common_rxtx.c:276:62: note: each undeclared identifier is reported only once for each function it appears in 276 | _mm_store_si128(RTE_CAST_PTR(__m128i *, &rxdp[i]), | ^~~~~~~ ../lib/eal/include/rte_common.h:593:35: note: in definition of macro 'RTE_CAST_PTR' 593 | #define RTE_CAST_PTR(type, ptr) ((type)(uintptr_t)(ptr)) | ^~~~ ../lib/eal/include/rte_common.h:593:39: error: expected expression before ')' token 593 | #define RTE_CAST_PTR(type, ptr) ((type)(uintptr_t)(ptr)) | ^ ../drivers/net/intel/idpf/idpf_common_rxtx.c:276:49: note: in expansion of macro 'RTE_CAST_PTR' 276 | _mm_store_si128(RTE_CAST_PTR(__m128i *, &rxdp[i]), | ^~~~~~~~~~~~ cc1: all warnings being treated as errors [2013/3763] Generating rte_net_ixgbe_map with a custom command [2014/3763] Generating rte_net_ixgbe.pmd.c with a custom command [2015/3763] Compiling C object drivers/libtmp_rte_net_cpfl.a.p/net_intel_cpfl_cpfl_ethdev.c.o ninja: build stopped: subcommand failed. ==== End log output ==== Ubuntu 22.04 Kernel: 5.15 Compiler: gcc gcc (Ubuntu 11.4.0-1ubuntu1~22.04.2) 11.4.0 CentOS Stream 9 Kernel: 5.4 Compiler: gcc gcc (GCC) 11.5.0 20240719 (Red Hat 11.5.0-11) CentOS Stream 10 Kernel: 5.4 Compiler: gcc gcc (GCC) 14.2.1 20250110 (Red Hat 14.2.1-8) Fedora Linux 40 Kernel: 5.4 Compiler: gcc gcc (GCC) 14.2.1 20240912 (Red Hat 14.2.1-3) Debian GNU/Linux 12 Kernel: 5.4 Compiler: gcc gcc (Debian 12.2.0-14+deb12u1) 12.2.0 Fedora Linux 41 Kernel: 5.4 Compiler: gcc gcc (GCC) 14.3.1 20250523 (Red Hat 14.3.1-1) Fedora Linux 42 Kernel: 5.4 Compiler: gcc gcc (GCC) 15.2.1 20250808 (Red Hat 15.2.1-1) Red Hat Enterprise Linux 9.5 Kernel: 5.4 Compiler: gcc gcc (GCC) 11.5.0 20240719 (Red Hat 11.5.0-2) Ubuntu 20.04 Kernel: 5.4 Compiler: gcc gcc (Ubuntu 9.4.0-1ubuntu1~20.04.2) 9.4.0 Ubuntu 24.04 Kernel: 5.4 Compiler: gcc gcc (Ubuntu 13.3.0-6ubuntu2~24.04) 13.3.0 Debian 12 (arm) Kernel: Depends on container host Compiler: gcc (Debian 12.2.0-14) 12.2.0 To view detailed results, visit: https://lab.dpdk.org/results/dashboard/patchsets/34190/ UNH-IOL DPDK Community Lab To manage your email subscriptions, visit: https://lab.dpdk.org/results/dashboard/preferences/subscriptions/